138.195.76.2 - - [14/Nov/2011:17:22:51 +0100] "GET /quiz/images/close.gif HTTP/1.1" 304 - "https://manager.itsquizz.com/quiz/pilot?service=showQuestionnaire&id=158&quizName=Identification&quizType=I&quizOnline=Y" "Mozilla/4.0 (compatible; MSIE 8.0; Windows NT 6.1; WOW64; Trident/4.0; SLCC2; .NET CLR 2.0.50727; .NET CLR 3.5.30729; .NET CLR 3.0.30729; Media Center PC 6.0; MDDR; .NET4.0C)"
138.195.76.2 - - [14/Nov/2011:17:22:51 +0100] "GET /quiz/images/envoyer.gif HTTP/1.1" 304 - "https://manager.itsquizz.com/quiz/pilot?service=showQuestionnaire&id=158&quizName=Identification&quizType=I&quizOnline=Y" "Mozilla/4.0 (compatible; MSIE 8.0; Windows NT 6.1; WOW64; Trident/4.0; SLCC2; .NET CLR 2.0.50727; .NET CLR 3.5.30729; .NET CLR 3.0.30729; Media Center PC 6.0; MDDR; .NET4.0C)"
138.195.76.2 - - [14/Nov/2011:17:22:57 +0100] "GET /quiz/pilot?service=dataExploitation&idQuiz=158&nbPages=3&idPanel=110 HTTP/1.1" 200 5137 "https://manager.itsquizz.com/quiz/pilot?service=showQuestionnaire&id=158&quizName=Identification&quizType=I&quizOnline=Y" "Mozilla/4.0 (compatible; MSIE 8.0; Windows NT 6.1; WOW64; Trident/4.0; SLCC2; .NET CLR 2.0.50727; .NET CLR 3.5.30729; .NET CLR 3.0.30729; Media Center PC 6.0; MDDR; .NET4.0C)"
138.195.76.2 - - [14/Nov/2011:17:22:58 +0100] "GET /quiz/scripts/statistics.js HTTP/1.1" 304 - "https://manager.itsquizz.com/quiz/pilot?service=dataExploitation&idQuiz=158&nbPages=3&idPanel=110" "Mozilla/4.0 (compatible; MSIE 8.0; Windows NT 6.1; WOW64; Trident/4.0; SLCC2; .NET CLR 2.0.50727; .NET CLR 3.5.30729; .NET CLR 3.0.30729; Media Center PC 6.0; MDDR; .NET4.0C)"
138.195.76.2 - - [14/Nov/2011:17:23:22 +0100] "POST /quiz/pilot?service=exportExcel HTTP/1.1" 200 365056 "https://manager.itsquizz.com/quiz/pilot?service=dataExploitation&idQuiz=158&nbPages=3&idPanel=110" "Mozilla/4.0 (compatible; MSIE 8.0; Windows NT 6.1; WOW64; Trident/4.0; SLCC2; .NET CLR 2.0.50727; .NET CLR 3.5.30729; .NET CLR 3.0.30729; Media Center PC 6.0; MDDR; .NET4.0C)"
138.195.76.2 - - [14/Nov/2011:17:24:10 +0100] "GET /quiz/pilot?service=unLog HTTP/1.1" 200 755 "https://manager.itsquizz.com/quiz/pilot?service=dataExploitation&idQuiz=158&nbPages=3&idPanel=110" "Mozilla/4.0 (compatible; MSIE 8.0; Windows NT 6.1; WOW64; Trident/4.0; SLCC2; .NET CLR 2.0.50727; .NET CLR 3.5.30729; .NET CLR 3.0.30729; Media Center PC 6.0; MDDR; .NET4.0C)"
123.125.71.35 - - [14/Nov/2011:17:50:23 +0100] "GET / HTTP/1.1" 302 400 "-" "Mozilla/5.0 (compatible; Baiduspider/2.0; +http://www.baidu.com/search/spider.html)"
220.181.108.77 - - [14/Nov/2011:17:51:13 +0100] "GET / HTTP/1.1" 302 400 "-" "Mozilla/5.0 (compatible; Baiduspider/2.0; +http://www.baidu.com/search/spider.html)"
188.165.98.77 - - [14/Nov/2011:18:05:16 +0100] "GET /quiz/pilot?service=accessApplication&idAppli=2&key=0145204178 HTTP/1.1" 200 1565 "-" "Mozilla/5.0 (Windows; U; Windows NT 5.1; fr; rv:1.9.2.20) Gecko/20110803 Firefox/3.6.20 ( .NET CLR 3.5.30729)"
188.165.98.77 - - [14/Nov/2011:18:05:17 +0100] "GET /quiz/pilot?service=getElementForBasicApplication&idAppli=2&context=random&overwrite=true&_net_date_=1321290523477 HTTP/1.1" 200 861 "https://manager.itsquizz.com/quiz/pilot?service=accessApplication&idAppli=2&key=0145204178" "Mozilla/5.0 (Windows; U; Windows NT 5.1; fr; rv:1.9.2.20) Gecko/20110803 Firefox/3.6.20 ( .NET CLR 3.5.30729)"
123.125.71.100 - - [14/Nov/2011:18:24:24 +0100] "GET / HTTP/1.1" 200 5198 "-" "Mozilla/5.0 (compatible; Baiduspider/2.0; +http://www.baidu.com/search/spider.html)"
220.181.108.182 - - [14/Nov/2011:18:24:26 +0100] "GET / HTTP/1.1" 200 5198 "-" "Mozilla/5.0 (compatible; Baiduspider/2.0; +http://www.baidu.com/search/spider.html)"
82.246.25.104 - - [14/Nov/2011:18:33:08 +0100] "GET /quiz/pilot?service=accessQuestionnaire&idQuiz=19 HTTP/1.1" 200 480 "-" "Mozilla/5.0 (Windows NT 6.0) AppleWebKit/535.2 (KHTML, like Gecko) Chrome/15.0.874.120 Safari/535.2"
82.246.25.104 - - [14/Nov/2011:18:33:09 +0100] "GET /quiz/css/exec.css HTTP/1.1" 200 2943 "http://manager.itsquizz.com/quiz/pilot?service=accessQuestionnaire&idQuiz=19" "Mozilla/5.0 (Windows NT 6.0) AppleWebKit/535.2 (KHTML, like Gecko) Chrome/15.0.874.120 Safari/535.2"
82.246.25.104 - - [14/Nov/2011:18:33:09 +0100] "GET /quiz/scripts/timer.js HTTP/1.1" 200 255 "http://manager.itsquizz.com/quiz/pilot?service=accessQuestionnaire&idQuiz=19" "Mozilla/5.0 (Windows NT 6.0) AppleWebKit/535.2 (KHTML, like Gecko) Chrome/15.0.874.120 Safari/535.2"
82.246.25.104 - - [14/Nov/2011:18:33:09 +0100] "GET /quiz/images/logo.gif HTTP/1.1" 200 1781 "http://manager.itsquizz.com/quiz/pilot?service=accessQuestionnaire&idQuiz=19" "Mozilla/5.0 (Windows NT 6.0) AppleWebKit/535.2 (KHTML, like Gecko) Chrome/15.0.874.120 Safari/535.2"
82.246.25.104 - - [14/Nov/2011:18:33:09 +0100] "GET /favicon.ico HTTP/1.1" 404 312 "-" "Mozilla/5.0 (Windows NT 6.0) AppleWebKit/535.2 (KHTML, like Gecko) Chrome/15.0.874.120 Safari/535.2"
138.195.76.2 - - [14/Nov/2011:18:34:34 +0100] "GET /quiz/pilot?service=unLog HTTP/1.1" 200 755 "https://manager.itsquizz.com/quiz/pilot?service=dataExploitation&idQuiz=158&nbPages=3&idPanel=110" "Mozilla/4.0 (compatible; MSIE 8.0; Windows NT 6.1; WOW64; Trident/4.0; SLCC2; .NET CLR 2.0.50727; .NET CLR 3.5.30729; .NET CLR 3.0.30729; Media Center PC 6.0; MDDR; .NET4.0C)"
138.195.76.2 - - [14/Nov/2011:18:34:34 +0100] "GET /quiz/css/main.css HTTP/1.1" 304 - "https://manager.itsquizz.com/quiz/pilot?service=unLog" "Mozilla/4.0 (compatible; MSIE 8.0; Windows NT 6.1; WOW64; Trident/4.0; SLCC2; .NET CLR 2.0.50727; .NET CLR 3.5.30729; .NET CLR 3.0.30729; Media Center PC 6.0; MDDR; .NET4.0C)"
138.195.76.2 - - [14/Nov/2011:18:34:34 +0100] "GET /quiz/css/login.css HTTP/1.1" 304 - "https://manager.itsquizz.com/quiz/pilot?service=unLog" "Mozilla/4.0 (compatible; MSIE 8.0; Windows NT 6.1; WOW64; Trident/4.0; SLCC2; .NET CLR 2.0.50727; .NET CLR 3.5.30729; .NET CLR 3.0.30729; Media Center PC 6.0; MDDR; .NET4.0C)"
138.195.76.2 - - [14/Nov/2011:18:34:34 +0100] "GET /quiz/css/content.css HTTP/1.1" 304 - "https://manager.itsquizz.com/quiz/pilot?service=unLog" "Mozilla/4.0 (compatible; MSIE 8.0; Windows NT 6.1; WOW64; Trident/4.0; SLCC2; .NET CLR 2.0.50727; .NET CLR 3.5.30729; .NET CLR 3.0.30729; Media Center PC 6.0; MDDR; .NET4.0C)"
138.195.76.2 - - [14/Nov/2011:18:34:34 +0100] "GET /quiz/images/bt_ok_off.gif HTTP/1.1" 304 - "https://manager.itsquizz.com/quiz/pilot?service=unLog" "Mozilla/4.0 (compatible; MSIE 8.0; Windows NT 6.1; WOW64; Trident/4.0; SLCC2; .NET CLR 2.0.50727; .NET CLR 3.5.30729; .NET CLR 3.0.30729; Media Center PC 6.0; MDDR; .NET4.0C)"
138.195.76.2 - - [14/Nov/2011:18:34:34 +0100] "GET /quiz/images/login-bg.jpg HTTP/1.1" 304 - "https://manager.itsquizz.com/quiz/pilot?service=unLog" "Mozilla/4.0 (compatible; MSIE 8.0; Windows NT 6.1; WOW64; Trident/4.0; SLCC2; .NET CLR 2.0.50727; .NET CLR 3.5.30729; .NET CLR 3.0.30729; Media Center PC 6.0; MDDR; .NET4.0C)"
119.63.196.12 - - [14/Nov/2011:18:37:35 +0100] "GET /robots.txt HTTP/1.1" 404 312 "-" "Baiduspider+(+http://www.baidu.com/search/spider.htm)"
220.181.108.91 - - [14/Nov/2011:18:37:43 +0100] "GET / HTTP/1.1" 302 400 "-" "Mozilla/5.0 (compatible; Baiduspider/2.0; +http://www.baidu.com/search/spider.html)"
207.46.12.108 - - [14/Nov/2011:18:38:22 +0100] "GET / HTTP/1.1" 200 3725 "-" "Mozilla/4.0 (compatible; MSIE 7.0; Windows NT 5.2; SLCC1; .NET CLR 1.1.4322; .NET CLR 2.0.40607; .NET CLR 3.0.30729; .NET CLR 3.5.30707)"
207.46.12.108 - - [14/Nov/2011:18:38:24 +0100] "GET /css/mm_lodging1.css HTTP/1.1" 200 5074 "http://www.itssauquet.com/" "Mozilla/4.0 (compatible; MSIE 7.0; Windows NT 5.2; SLCC1; .NET CLR 1.1.4322; .NET CLR 2.0.40607; .NET CLR 3.0.30729; .NET CLR 3.5.30707)"
123.125.71.31 - - [14/Nov/2011:18:39:43 +0100] "GET / HTTP/1.1" 302 400 "-" "Mozilla/5.0 (compatible; Baiduspider/2.0; +http://www.baidu.com/search/spider.html)"
188.165.98.77 - - [14/Nov/2011:18:46:52 +0100] "GET /quiz/pilot?service=accessApplication&idAppli=2&key=0145204178 HTTP/1.1" 200 1565 "-" "Mozilla/5.0 (Windows; U; Windows NT 5.1; fr; rv:1.9.2.20) Gecko/20110803 Firefox/3.6.20 ( .NET CLR 3.5.30729)"
188.165.98.77 - - [14/Nov/2011:18:46:53 +0100] "GET /quiz/pilot?service=getElementForBasicApplication&idAppli=2&context=random&overwrite=true&_net_date_=1321293019148 HTTP/1.1" 200 861 "https://manager.itsquizz.com/quiz/pilot?service=accessApplication&idAppli=2&key=0145204178" "Mozilla/5.0 (Windows; U; Windows NT 5.1; fr; rv:1.9.2.20) Gecko/20110803 Firefox/3.6.20 ( .NET CLR 3.5.30729)"
220.181.108.151 - - [14/Nov/2011:18:56:38 +0100] "GET /icons/blank.gif HTTP/1.1" 200 148 "-" "Baiduspider-image+(+http://www.baidu.com/search/spider.htm)"
157.55.107.141 - - [14/Nov/2011:18:58:10 +0100] "GET /robots.txt HTTP/1.1" 404 386 "-" "Mozilla/5.0 (compatible; bingbot/2.0; +http://www.bing.com/bingbot.htm)"
123.125.71.113 - - [14/Nov/2011:19:22:09 +0100] "GET / HTTP/1.1" 200 5198 "-" "Mozilla/5.0 (compatible; Baiduspider/2.0; +http://www.baidu.com/search/spider.html)"
220.181.108.185 - - [14/Nov/2011:19:22:11 +0100] "GET / HTTP/1.1" 200 5198 "-" "Mozilla/5.0 (compatible; Baiduspider/2.0; +http://www.baidu.com/search/spider.html)"
95.108.245.253 - - [14/Nov/2011:19:27:01 +0100] "GET /robots.txt HTTP/1.1" 404 386 "-" "Mozilla/5.0 (compatible; YandexBot/3.0; +http://yandex.com/bots)"
220.181.108.96 - - [14/Nov/2011:19:35:03 +0100] "GET / HTTP/1.1" 302 400 "-" "Mozilla/5.0 (compatible; Baiduspider/2.0; +http://www.baidu.com/search/spider.html)"
123.125.71.13 - - [14/Nov/2011:19:35:44 +0100] "GET / HTTP/1.1" 302 400 "-" "Mozilla/5.0 (compatible; Baiduspider/2.0; +http://www.baidu.com/search/spider.html)"
88.198.66.216 - - [14/Nov/2011:19:38:49 +0100] "GET / HTTP/1.1" 200 5198 "-" "Mozilla/5.0 (compatible; MSIE 7.0; Windows NT 6.0; en-US)"
88.198.66.216 - - [14/Nov/2011:19:38:49 +0100] "GET /index-9x.jsp HTTP/1.1" 404 388 "-" "Mozilla/5.0 (compatible; MSIE 7.0; Windows NT 6.0; en-US)"
88.198.66.216 - - [14/Nov/2011:19:38:49 +0100] "GET / HTTP/1.1" 200 5198 "-" "Mozilla/5.0 (compatible; MSIE 7.0; Windows NT 6.0; en-US)"
95.108.245.253 - - [14/Nov/2011:20:18:52 +0100] "GET /robots.txt HTTP/1.1" 200 24 "-" "Mozilla/5.0 (compatible; YandexBot/3.0; +http://yandex.com/bots)"
220.181.108.80 - - [14/Nov/2011:20:40:03 +0100] "GET / HTTP/1.1" 302 400 "-" "Mozilla/5.0 (compatible; Baiduspider/2.0; +http://www.baidu.com/search/spider.html)"
123.125.71.25 - - [14/Nov/2011:20:40:26 +0100] "GET / HTTP/1.1" 302 400 "-" "Mozilla/5.0 (compatible; Baiduspider/2.0; +http://www.baidu.com/search/spider.html)"
66.249.71.208 - - [14/Nov/2011:20:51:40 +0100] "GET /robots.txt HTTP/1.1" 404 312 "-" "Mozilla/5.0 (compatible; Googlebot/2.1; +http://www.google.com/bot.html)"
66.249.71.208 - - [14/Nov/2011:20:51:40 +0100] "GET /quiz/images/company/itsok/demo/slideshow2/image4.jpg HTTP/1.1" 304 - "-" "Googlebot-Image/1.0"
220.181.108.96 - - [14/Nov/2011:21:39:05 +0100] "GET / HTTP/1.1" 302 400 "-" "Mozilla/5.0 (compatible; Baiduspider/2.0; +http://www.baidu.com/search/spider.html)"
123.125.71.31 - - [14/Nov/2011:21:39:44 +0100] "GET / HTTP/1.1" 302 400 "-" "Mozilla/5.0 (compatible; Baiduspider/2.0; +http://www.baidu.com/search/spider.html)"
66.249.71.208 - - [14/Nov/2011:22:00:58 +0100] "GET /quiz/images/company/itsok/demo/slideshow2/image3.jpg HTTP/1.1" 304 - "-" "Googlebot-Image/1.0"
207.46.199.53 - - [14/Nov/2011:22:31:23 +0100] "GET /robots.txt HTTP/1.1" 200 24 "-" "Mozilla/5.0 (compatible; bingbot/2.0; +http://www.bing.com/bingbot.htm)"
207.46.199.53 - - [14/Nov/2011:22:32:28 +0100] "GET /pg_log_pyc.htm HTTP/1.1" 200 2209 "-" "Mozilla/5.0 (compatible; bingbot/2.0; +http://www.bing.com/bingbot.htm)"
220.181.108.84 - - [14/Nov/2011:22:40:15 +0100] "GET / HTTP/1.1" 302 400 "-" "Mozilla/5.0 (compatible; Baiduspider/2.0; +http://www.baidu.com/search/spider.html)"
123.125.71.22 - - [14/Nov/2011:22:41:44 +0100] "GET / HTTP/1.1" 302 400 "-" "Mozilla/5.0 (compatible; Baiduspider/2.0; +http://www.baidu.com/search/spider.html)"
95.108.245.253 - - [14/Nov/2011:22:54:22 +0100] "GET / HTTP/1.1" 200 2069 "-" "Mozilla/5.0 (compatible; YandexBot/3.0; +http://yandex.com/bots)"
91.121.157.132 - - [14/Nov/2011:23:00:31 +0100] "GET / HTTP/1.1" 302 394 "-" "Mozilla/5.0 (X11; U; Linux i686; en-US;rv:1.7.8) Gecko/20050524 Fedora/1.5 Firefox/1.5"
91.121.157.132 - - [14/Nov/2011:23:00:31 +0100] "GET /enquete/ HTTP/1.1" 200 10284 "-" "Mozilla/5.0 (X11; U; Linux i686; en-US;rv:1.7.8) Gecko/20050524 Fedora/1.5 Firefox/1.5"
66.249.71.208 - - [14/Nov/2011:23:16:16 +0100] "GET /quiz/images/company/itsok/demo/slideshow2/image2.jpg HTTP/1.1" 304 - "-" "Googlebot-Image/1.0"
220.181.108.84 - - [14/Nov/2011:23:33:48 +0100] "GET / HTTP/1.1" 302 400 "-" "Mozilla/5.0 (compatible; Baiduspider/2.0; +http://www.baidu.com/search/spider.html)"
123.125.71.21 - - [14/Nov/2011:23:34:33 +0100] "GET / HTTP/1.1" 302 400 "-" "Mozilla/5.0 (compatible; Baiduspider/2.0; +http://www.baidu.com/search/spider.html)"
69.28.58.17 - - [14/Nov/2011:23:40:12 +0100] "GET /robots.txt HTTP/1.0" 404 390 "http://manager.itsquizz.com/robots.txt" "HuaweiSymantecSpider/1.0+DSE-support@huaweisymantec.com+(compatible; MSIE 7.0; Windows NT 5.1; Trident/4.0; .NET CLR 2.0.50727; .NET CLR 3.0.4506.2152; .NET CLR ; http://www.huaweisymantec.com/en/IRL/spider)"
81.249.3.73 - - [14/Nov/2011:23:58:39 +0100] "GET /quiz/ HTTP/1.1" 200 755 "-" "Mozilla/5.0 (Windows NT 6.1; WOW64; rv:6.0.2) Gecko/20100101 Firefox/6.0.2"
81.249.3.73 - - [14/Nov/2011:23:58:46 +0100] "POST /quiz/pilot HTTP/1.1" 200 802 "https://manager.itsquizz.com/quiz/" "Mozilla/5.0 (Windows NT 6.1; WOW64; rv:6.0.2) Gecko/20100101 Firefox/6.0.2"
81.249.3.73 - - [14/Nov/2011:23:58:53 +0100] "POST /quiz/pilot HTTP/1.1" 200 977 "https://manager.itsquizz.com/quiz/pilot" "Mozilla/5.0 (Windows NT 6.1; WOW64; rv:6.0.2) Gecko/20100101 Firefox/6.0.2"
81.249.3.73 - - [14/Nov/2011:23:58:55 +0100] "GET /quiz/pilot?service=getQuestionnaires HTTP/1.1" 200 1342 "https://manager.itsquizz.com/quiz/pilot" "Mozilla/5.0 (Windows NT 6.1; WOW64; rv:6.0.2) Gecko/20100101 Firefox/6.0.2"
81.249.3.73 - - [14/Nov/2011:23:59:00 +0100] "GET /quiz/pilot?service=showQuestionnaire&id=158&quizName=Identification&quizType=I&quizOnline=Y HTTP/1.1" 200 3517 "https://manager.itsquizz.com/quiz/pilot?service=getQuestionnaires" "Mozilla/5.0 (Windows NT 6.1; WOW64; rv:6.0.2) Gecko/20100101 Firefox/6.0.2"
81.249.3.73 - - [14/Nov/2011:23:59:02 +0100] "GET /quiz/pilot?service=initShowAnswer&idQuiz=158&nbPages=3&idPanel=110 HTTP/1.1" 200 2702 "https://manager.itsquizz.com/quiz/pilot?service=showQuestionnaire&id=158&quizName=Identification&quizType=I&quizOnline=Y" "Mozilla/5.0 (Windows NT 6.1; WOW64; rv:6.0.2) Gecko/20100101 Firefox/6.0.2"
81.249.3.73 - - [14/Nov/2011:23:59:02 +0100] "GET /quiz/scripts/statistics.js HTTP/1.1" 304 - "https://manager.itsquizz.com/quiz/pilot?service=initShowAnswer&idQuiz=158&nbPages=3&idPanel=110" "Mozilla/5.0 (Windows NT 6.1; WOW64; rv:6.0.2) Gecko/20100101 Firefox/6.0.2"
81.249.3.73 - - [14/Nov/2011:23:59:04 +0100] "POST /quiz/pilot?service=showAnswer HTTP/1.1" 200 2093 "https://manager.itsquizz.com/quiz/pilot?service=initShowAnswer&idQuiz=158&nbPages=3&idPanel=110" "Mozilla/5.0 (Windows NT 6.1; WOW64; rv:6.0.2) Gecko/20100101 Firefox/6.0.2"
81.249.3.73 - - [14/Nov/2011:23:59:04 +0100] "GET /quiz/scripts/net.js HTTP/1.1" 304 - "https://manager.itsquizz.com/quiz/pilot?service=showAnswer" "Mozilla/5.0 (Windows NT 6.1; WOW64; rv:6.0.2) Gecko/20100101 Firefox/6.0.2"
81.249.3.73 - - [14/Nov/2011:23:59:04 +0100] "GET /quiz/scripts/ajaxRequests.js HTTP/1.1" 304 - "https://manager.itsquizz.com/quiz/pilot?service=showAnswer" "Mozilla/5.0 (Windows NT 6.1; WOW64; rv:6.0.2) Gecko/20100101 Firefox/6.0.2"
81.249.3.73 - - [14/Nov/2011:23:59:04 +0100] "GET /quiz/scripts/ajaxRequestsTools.js HTTP/1.1" 304 - "https://manager.itsquizz.com/quiz/pilot?service=showAnswer" "Mozilla/5.0 (Windows NT 6.1; WOW64; rv:6.0.2) Gecko/20100101 Firefox/6.0.2"
81.249.3.73 - - [14/Nov/2011:23:59:07 +0100] "GET /quiz/pilot?service=showAnswerOne&idQuiz=158&action=last&id=517&first=26&last=517 HTTP/1.1" 200 2113 "https://manager.itsquizz.com/quiz/pilot?service=showAnswer" "Mozilla/5.0 (Windows NT 6.1; WOW64; rv:6.0.2) Gecko/20100101 Firefox/6.0.2"
81.249.3.73 - - [14/Nov/2011:23:59:16 +0100] "GET /quiz/pilot?service=unLog HTTP/1.1" 200 755 "https://manager.itsquizz.com/quiz/pilot?service=initShowAnswer&idQuiz=158&nbPages=3&idPanel=110" "Mozilla/5.0 (Windows NT 6.1; WOW64; rv:6.0.2) Gecko/20100101 Firefox/6.0.2"
66.249.71.208 - - [15/Nov/2011:00:31:27 +0100] "GET /quiz/images/company/pasteur/icon_pdf.gif HTTP/1.1" 304 - "-" "Googlebot-Image/1.0"
193.252.118.173 - - [15/Nov/2011:00:34:37 +0100] "GET / HTTP/1.1" 302 312 "-" "Mozilla/5.0 (Windows; U; Windows NT 5.1; fr; rv:1.8.1) VoilaBot BETA 1.2 (support.voilabot@orange-ftgroup.com)"
220.181.108.81 - - [15/Nov/2011:00:37:04 +0100] "GET / HTTP/1.1" 302 400 "-" "Mozilla/5.0 (compatible; Baiduspider/2.0; +http://www.baidu.com/search/spider.html)"
95.108.245.253 - - [15/Nov/2011:00:38:02 +0100] "GET / HTTP/1.1" 200 3725 "-" "Mozilla/5.0 (compatible; YandexBot/3.0; +http://yandex.com/bots)"
123.125.71.30 - - [15/Nov/2011:00:38:35 +0100] "GET / HTTP/1.1" 302 400 "-" "Mozilla/5.0 (compatible; Baiduspider/2.0; +http://www.baidu.com/search/spider.html)"
84.97.247.103 - - [15/Nov/2011:00:38:37 +0100] "GET /quiz/pilot?service=accessQuestionnaire&idQuiz=198&key=6307859303 HTTP/1.1" 200 2561 "-" "Mozilla/5.0 (Macintosh; U; Intel Mac OS X 10.6; fr; rv:1.9.1.5) Gecko/20091102 Firefox/3.5.5"
84.97.247.103 - - [15/Nov/2011:00:38:37 +0100] "GET /quiz/scripts/util.js HTTP/1.1" 200 9080 "http://manager.itsquizz.com/quiz/pilot?service=accessQuestionnaire&idQuiz=198&key=6307859303" "Mozilla/5.0 (Macintosh; U; Intel Mac OS X 10.6; fr; rv:1.9.1.5) Gecko/20091102 Firefox/3.5.5"
84.97.247.103 - - [15/Nov/2011:00:38:37 +0100] "GET /quiz/css/company/ecp/exec_1.css HTTP/1.1" 200 1985 "http://manager.itsquizz.com/quiz/pilot?service=accessQuestionnaire&idQuiz=198&key=6307859303" "Mozilla/5.0 (Macintosh; U; Intel Mac OS X 10.6; fr; rv:1.9.1.5) Gecko/20091102 Firefox/3.5.5"
84.97.247.103 - - [15/Nov/2011:00:38:37 +0100] "GET /quiz/css/calendar/xc2_default.css HTTP/1.1" 200 6787 "http://manager.itsquizz.com/quiz/pilot?service=accessQuestionnaire&idQuiz=198&key=6307859303" "Mozilla/5.0 (Macintosh; U; Intel Mac OS X 10.6; fr; rv:1.9.1.5) Gecko/20091102 Firefox/3.5.5"
84.97.247.103 - - [15/Nov/2011:00:38:37 +0100] "GET /quiz/scripts/calendar/xc2_default_fr.js HTTP/1.1" 200 7889 "http://manager.itsquizz.com/quiz/pilot?service=accessQuestionnaire&idQuiz=198&key=6307859303" "Mozilla/5.0 (Macintosh; U; Intel Mac OS X 10.6; fr; rv:1.9.1.5) Gecko/20091102 Firefox/3.5.5"
84.97.247.103 - - [15/Nov/2011:00:38:37 +0100] "GET /quiz/scripts/labelSubmit_fr.js HTTP/1.1" 200 585 "http://manager.itsquizz.com/quiz/pilot?service=accessQuestionnaire&idQuiz=198&key=6307859303" "Mozilla/5.0 (Macintosh; U; Intel Mac OS X 10.6; fr; rv:1.9.1.5) Gecko/20091102 Firefox/3.5.5"
84.97.247.103 - - [15/Nov/2011:00:38:37 +0100] "GET /quiz/scripts/itsok_date.js HTTP/1.1" 200 1192 "http://manager.itsquizz.com/quiz/pilot?service=accessQuestionnaire&idQuiz=198&key=6307859303" "Mozilla/5.0 (Macintosh; U; Intel Mac OS X 10.6; fr; rv:1.9.1.5) Gecko/20091102 Firefox/3.5.5"
84.97.247.103 - - [15/Nov/2011:00:38:37 +0100] "GET /quiz/scripts/dhtmlgoodies_slider.js HTTP/1.1" 200 5330 "http://manager.itsquizz.com/quiz/pilot?service=accessQuestionnaire&idQuiz=198&key=6307859303" "Mozilla/5.0 (Macintosh; U; Intel Mac OS X 10.6; fr; rv:1.9.1.5) Gecko/20091102 Firefox/3.5.5"
84.97.247.103 - - [15/Nov/2011:00:38:37 +0100] "GET /quiz/scripts/itsok_form.js HTTP/1.1" 200 26467 "http://manager.itsquizz.com/quiz/pilot?service=accessQuestionnaire&idQuiz=198&key=6307859303" "Mozilla/5.0 (Macintosh; U; Intel Mac OS X 10.6; fr; rv:1.9.1.5) Gecko/20091102 Firefox/3.5.5"
84.97.247.103 - - [15/Nov/2011:00:38:37 +0100] "GET /quiz/scripts/conditions.js HTTP/1.1" 200 20246 "http://manager.itsquizz.com/quiz/pilot?service=accessQuestionnaire&idQuiz=198&key=6307859303" "Mozilla/5.0 (Macintosh; U; Intel Mac OS X 10.6; fr; rv:1.9.1.5) Gecko/20091102 Firefox/3.5.5"
84.97.247.103 - - [15/Nov/2011:00:38:37 +0100] "GET /quiz/scripts/calendar/xc2_inpage.js HTTP/1.1" 200 23111 "http://manager.itsquizz.com/quiz/pilot?service=accessQuestionnaire&idQuiz=198&key=6307859303" "Mozilla/5.0 (Macintosh; U; Intel Mac OS X 10.6; fr; rv:1.9.1.5) Gecko/20091102 Firefox/3.5.5"
84.97.247.103 - - [15/Nov/2011:00:38:37 +0100] "GET /quiz/scripts/wz_tooltip.js HTTP/1.1" 200 16560 "http://manager.itsquizz.com/quiz/pilot?service=accessQuestionnaire&idQuiz=198&key=6307859303" "Mozilla/5.0 (Macintosh; U; Intel Mac OS X 10.6; fr; rv:1.9.1.5) Gecko/20091102 Firefox/3.5.5"
84.97.247.103 - - [15/Nov/2011:00:38:37 +0100] "GET /quiz/scripts/calendar/mod_time.js HTTP/1.1" 200 3188 "http://manager.itsquizz.com/quiz/pilot?service=accessQuestionnaire&idQuiz=198&key=6307859303" "Mozilla/5.0 (Macintosh; U; Intel Mac OS X 10.6; fr; rv:1.9.1.5) Gecko/20091102 Firefox/3.5.5"
84.97.247.103 - - [15/Nov/2011:00:38:37 +0100] "GET /favicon.ico HTTP/1.1" 404 312 "-" "Mozilla/5.0 (Macintosh; U; Intel Mac OS X 10.6; fr; rv:1.9.1.5) Gecko/20091102 Firefox/3.5.5"
84.97.247.103 - - [15/Nov/2011:00:38:37 +0100] "GET /quiz/images/button-bg.jpg HTTP/1.1" 200 797 "http://manager.itsquizz.com/quiz/css/company/ecp/exec_1.css" "Mozilla/5.0 (Macintosh; U; Intel Mac OS X 10.6; fr; rv:1.9.1.5) Gecko/20091102 Firefox/3.5.5"
84.97.247.103 - - [15/Nov/2011:00:39:31 +0100] "POST /quiz/pilot?service=fillQuestionnaire&directory=generated&language=fr HTTP/1.1" 200 477 "http://manager.itsquizz.com/quiz/pilot?service=accessQuestionnaire&idQuiz=198&key=6307859303" "Mozilla/5.0 (Macintosh; U; Intel Mac OS X 10.6; fr; rv:1.9.1.5) Gecko/20091102 Firefox/3.5.5"
84.97.247.103 - - [15/Nov/2011:00:39:31 +0100] "GET /quiz/scripts/timer.js HTTP/1.1" 200 255 "http://manager.itsquizz.com/quiz/pilot?service=fillQuestionnaire&directory=generated&language=fr" "Mozilla/5.0 (Macintosh; U; Intel Mac OS X 10.6; fr; rv:1.9.1.5) Gecko/20091102 Firefox/3.5.5"
84.97.247.103 - - [15/Nov/2011:00:39:31 +0100] "GET /favicon.ico HTTP/1.1" 404 312 "-" "Mozilla/5.0 (Macintosh; U; Intel Mac OS X 10.6; fr; rv:1.9.1.5) Gecko/20091102 Firefox/3.5.5"
81.52.143.33 - - [15/Nov/2011:00:42:58 +0100] "GET / HTTP/1.1" 200 3725 "-" "Mozilla/5.0 (Windows; U; Windows NT 5.1; fr; rv:1.8.1) VoilaBot BETA 1.2 (support.voilabot@orange-ftgroup.com)"
93.158.147.8 - - [15/Nov/2011:00:44:20 +0100] "GET /robots.txt HTTP/1.1" 404 386 "-" "Mozilla/5.0 (compatible; YandexBot/3.0; +http://yandex.com/bots)"
93.158.147.8 - - [15/Nov/2011:00:44:21 +0100] "GET / HTTP/1.1" 302 312 "-" "Mozilla/5.0 (compatible; YandexBot/3.0; +http://yandex.com/bots)"
93.158.147.8 - - [15/Nov/2011:00:44:22 +0100] "GET /enquete/ HTTP/1.1" 200 2864 "-" "Mozilla/5.0 (compatible; YandexBot/3.0; +http://yandex.com/bots)"
93.158.147.8 - - [15/Nov/2011:00:44:23 +0100] "GET /enquete/ HTTP/1.1" 200 2863 "-" "Mozilla/5.0 (compatible; YandexBot/3.0; +http://yandex.com/bots)"
81.52.143.26 - - [15/Nov/2011:00:59:47 +0100] "GET / HTTP/1.1" 302 312 "-" "Mozilla/5.0 (Windows; U; Windows NT 5.1; fr; rv:1.8.1) VoilaBot BETA 1.2 (support.voilabot@orange-ftgroup.com)"
95.108.245.253 - - [15/Nov/2011:01:29:53 +0100] "GET /enquete/ HTTP/1.1" 200 2864 "-" "Mozilla/5.0 (compatible; YandexBot/3.0; +http://yandex.com/bots)"
220.181.108.86 - - [15/Nov/2011:01:35:32 +0100] "GET / HTTP/1.1" 302 400 "-" "Mozilla/5.0 (compatible; Baiduspider/2.0; +http://www.baidu.com/search/spider.html)"
220.181.108.166 - - [15/Nov/2011:01:35:47 +0100] "GET / HTTP/1.1" 301 410 "-" "Mozilla/5.0 (compatible; Baiduspider/2.0; +http://www.baidu.com/search/spider.html)"
123.125.71.18 - - [15/Nov/2011:01:36:07 +0100] "GET / HTTP/1.1" 302 400 "-" "Mozilla/5.0 (compatible; Baiduspider/2.0; +http://www.baidu.com/search/spider.html)"
123.125.71.109 - - [15/Nov/2011:01:37:00 +0100] "GET / HTTP/1.1" 301 410 "-" "Mozilla/5.0 (compatible; Baiduspider/2.0; +http://www.baidu.com/search/spider.html)"
66.249.71.208 - - [15/Nov/2011:01:46:34 +0100] "GET /quiz/images/company/itsok/demo/images/marker_top.gif HTTP/1.1" 304 - "-" "Googlebot-Image/1.0"
81.52.143.33 - - [15/Nov/2011:01:51:53 +0100] "GET /pg_outils.htm HTTP/1.1" 200 1686 "-" "Mozilla/5.0 (Windows; U; Windows NT 5.1; fr; rv:1.8.1) VoilaBot BETA 1.2 (support.voilabot@orange-ftgroup.com)"
66.249.72.213 - - [15/Nov/2011:02:09:01 +0100] "GET /robots.txt HTTP/1.1" 404 310 "-" "Mozilla/5.0 (compatible; Googlebot/2.1; +http://www.google.com/bot.html)"
66.249.72.213 - - [15/Nov/2011:02:09:01 +0100] "GET / HTTP/1.1" 302 312 "-" "DoCoMo/2.0 N905i(c100;TB;W24H16) (compatible; Googlebot-Mobile/2.1; +http://www.google.com/bot.html)"
66.249.72.213 - - [15/Nov/2011:02:09:02 +0100] "GET /enquete/ HTTP/1.1" 200 2864 "-" "DoCoMo/2.0 N905i(c100;TB;W24H16) (compatible; Googlebot-Mobile/2.1; +http://www.google.com/bot.html)"
95.108.245.253 - - [15/Nov/2011:02:12:49 +0100] "GET /enquete/quizz?service=quizz&d=contact HTTP/1.1" 200 2368 "-" "Mozilla/5.0 (compatible; YandexBot/3.0; +http://yandex.com/bots)"
95.108.245.253 - - [15/Nov/2011:02:12:51 +0100] "GET /pg_log_iquizz.htm HTTP/1.1" 304 - "-" "Mozilla/5.0 (compatible; YandexBot/3.0; +http://yandex.com/bots)"
95.108.245.253 - - [15/Nov/2011:02:12:51 +0100] "GET /enquete/quizz?service=quizz&d=index HTTP/1.1" 200 2864 "-" "Mozilla/5.0 (compatible; YandexBot/3.0; +http://yandex.com/bots)"
157.55.50.77 - - [15/Nov/2011:02:26:57 +0100] "GET /robots.txt HTTP/1.1" 404 390 "-" "Mozilla/5.0 (compatible; bingbot/2.0; +http://www.bing.com/bingbot.htm)"
208.80.194.31 - - [15/Nov/2011:02:33:05 +0100] "GET / HTTP/1.0" 302 394 "-" "Mozilla/4.0 (compatible; MSIE 7.0; Windows NT 5.1; Creative ZENcast v1.02.11)"
208.80.194.31 - - [15/Nov/2011:02:33:06 +0100] "GET /enquete/ HTTP/1.0" 200 10289 "-" "Mozilla/4.0 (compatible; MSIE 6.0; Windows NT 5.1; sbcydsl 3.11; YComp 5.0.0.0; SV1; yplus 3.01)"
220.181.108.77 - - [15/Nov/2011:02:41:51 +0100] "GET / HTTP/1.1" 302 400 "-" "Mozilla/5.0 (compatible; Baiduspider/2.0; +http://www.baidu.com/search/spider.html)"
123.125.71.29 - - [15/Nov/2011:02:44:54 +0100] "GET / HTTP/1.1" 302 400 "-" "Mozilla/5.0 (compatible; Baiduspider/2.0; +http://www.baidu.com/search/spider.html)"
66.249.71.208 - - [15/Nov/2011:03:01:54 +0100] "GET /quiz/images/company/itsok/demo/images/marker_bottom.gif HTTP/1.1" 304 - "-" "Googlebot-Image/1.0"
220.181.108.90 - - [15/Nov/2011:03:33:38 +0100] "GET / HTTP/1.1" 302 400 "-" "Mozilla/5.0 (compatible; Baiduspider/2.0; +http://www.baidu.com/search/spider.html)"
123.125.71.15 - - [15/Nov/2011:03:36:44 +0100] "GET / HTTP/1.1" 302 400 "-" "Mozilla/5.0 (compatible; Baiduspider/2.0; +http://www.baidu.com/search/spider.html)"
119.63.196.53 - - [15/Nov/2011:04:04:52 +0100] "GET /robots.txt HTTP/1.1" 404 310 "-" "Baiduspider+(+http://www.baidu.com/search/spider.htm)"
81.52.143.29 - - [15/Nov/2011:04:06:43 +0100] "GET /robots.txt HTTP/1.1" 200 44 "-" "Mozilla/5.0 (Windows; U; Windows NT 5.1; fr; rv:1.8.1) VoilaBot BETA 1.2 (support.voilabot@orange-ftgroup.com)"
81.52.143.29 - - [15/Nov/2011:04:06:57 +0100] "GET /pg_pres_contact.htm HTTP/1.1" 200 1791 "-" "Mozilla/5.0 (Windows; U; Windows NT 5.1; fr; rv:1.8.1) VoilaBot BETA 1.2 (support.voilabot@orange-ftgroup.com)"
66.249.71.208 - - [15/Nov/2011:04:16:54 +0100] "GET /quiz/images/company/itsok/demo/slideshow/image2.jpg HTTP/1.1" 304 - "-" "Googlebot-Image/1.0"
207.46.199.193 - - [15/Nov/2011:04:38:24 +0100] "GET /robots.txt HTTP/1.1" 404 386 "-" "Mozilla/5.0 (compatible; bingbot/2.0; +http://www.bing.com/bingbot.htm)"
123.125.71.21 - - [15/Nov/2011:04:39:06 +0100] "GET / HTTP/1.1" 302 400 "-" "Mozilla/5.0 (compatible; Baiduspider/2.0; +http://www.baidu.com/search/spider.html)"
207.46.194.94 - - [15/Nov/2011:04:39:08 +0100] "GET /robots.txt HTTP/1.1" 200 44 "-" "msnbot-media/1.1 (+http://search.msn.com/msnbot.htm)"
207.46.194.94 - - [15/Nov/2011:04:39:09 +0100] "GET /images/img_logo_bsc.gif HTTP/1.1" 200 3895 "-" "msnbot-media/1.1 (+http://search.msn.com/msnbot.htm)"
207.46.194.94 - - [15/Nov/2011:04:39:09 +0100] "GET /pg_pres_clients.htm HTTP/1.1" 200 1926 "-" "msnbot-media/1.1 (+http://search.msn.com/msnbot.htm)"
220.181.108.80 - - [15/Nov/2011:04:39:11 +0100] "GET / HTTP/1.1" 302 400 "-" "Mozilla/5.0 (compatible; Baiduspider/2.0; +http://www.baidu.com/search/spider.html)"
81.52.143.32 - - [15/Nov/2011:04:53:15 +0100] "GET /pg_log.htm HTTP/1.1" 200 1707 "-" "Mozilla/5.0 (Windows; U; Windows NT 5.1; fr; rv:1.8.1) VoilaBot BETA 1.2 (support.voilabot@orange-ftgroup.com)"
193.28.178.13 - - [15/Nov/2011:04:57:46 +0100] "GET /robots.txt HTTP/1.1" 404 386 "-" "Mozilla/4.5Mozilla/5.0 (Windows; U; Windows NT 5.1; en-GB; rv:1.9.2.18) Gecko/20110614 FireDownload/2.0.1 Firefox/3.6.18 ( .NET CLR 3.5.30729)"
193.28.178.13 - - [15/Nov/2011:04:57:46 +0100] "GET / HTTP/1.1" 200 5198 "-" "Mozilla/4.5Mozilla/5.0 (Windows; U; Windows NT 5.1; en-GB; rv:1.9.2.18) Gecko/20110614 FireDownload/2.0.1 Firefox/3.6.18 ( .NET CLR 3.5.30729)"
220.181.108.173 - - [15/Nov/2011:05:22:46 +0100] "GET / HTTP/1.1" 302 394 "-" "Mozilla/5.0 (compatible; Baiduspider/2.0; +http://www.baidu.com/search/spider.html)"
123.125.71.107 - - [15/Nov/2011:05:22:46 +0100] "GET / HTTP/1.1" 302 394 "-" "Mozilla/5.0 (compatible; Baiduspider/2.0; +http://www.baidu.com/search/spider.html)"
66.249.71.208 - - [15/Nov/2011:05:32:01 +0100] "GET /quiz/images/company/itsok/styles/ancien_fm.jpg HTTP/1.1" 304 - "-" "Googlebot-Image/1.0"
123.125.71.31 - - [15/Nov/2011:05:36:14 +0100] "GET / HTTP/1.1" 302 400 "-" "Mozilla/5.0 (compatible; Baiduspider/2.0; +http://www.baidu.com/search/spider.html)"
220.181.108.92 - - [15/Nov/2011:05:36:39 +0100] "GET / HTTP/1.1" 302 400 "-" "Mozilla/5.0 (compatible; Baiduspider/2.0; +http://www.baidu.com/search/spider.html)"
180.76.5.182 - - [15/Nov/2011:05:57:29 +0100] "GET /robots.txt HTTP/1.1" 404 312 "-" "Baiduspider+(+http://www.baidu.com/search/spider.htm)"
220.181.108.76 - - [15/Nov/2011:06:38:47 +0100] "GET / HTTP/1.1" 302 400 "-" "Mozilla/5.0 (compatible; Baiduspider/2.0; +http://www.baidu.com/search/spider.html)"
123.125.71.21 - - [15/Nov/2011:06:41:00 +0100] "GET / HTTP/1.1" 302 400 "-" "Mozilla/5.0 (compatible; Baiduspider/2.0; +http://www.baidu.com/search/spider.html)"
66.249.71.208 - - [15/Nov/2011:06:47:15 +0100] "GET /quiz/images/company/itsok/styles/ancien_cb.jpg HTTP/1.1" 304 - "-" "Googlebot-Image/1.0"
207.46.199.193 - - [15/Nov/2011:07:04:07 +0100] "GET /robots.txt HTTP/1.1" 404 386 "-" "Mozilla/5.0 (compatible; bingbot/2.0; +http://www.bing.com/bingbot.htm)"
95.108.245.253 - - [15/Nov/2011:07:09:10 +0100] "GET /pg_outils_pyw.htm HTTP/1.1" 304 - "-" "Mozilla/5.0 (compatible; YandexBot/3.0; +http://yandex.com/bots)"
123.125.71.70 - - [15/Nov/2011:07:23:50 +0100] "GET / HTTP/1.1" 200 3725 "-" "Mozilla/5.0 (compatible; Baiduspider/2.0; +http://www.baidu.com/search/spider.html)"
114.80.93.71 - - [15/Nov/2011:07:29:17 +0100] "GET / HTTP/1.1" 302 312 "-" "Mozilla/4.0 (compatible; MSIE 6.0; Windows NT 5.1)"
220.181.108.94 - - [15/Nov/2011:07:39:42 +0100] "GET / HTTP/1.1" 302 400 "-" "Mozilla/5.0 (compatible; Baiduspider/2.0; +http://www.baidu.com/search/spider.html)"
122.177.255.72 - - [15/Nov/2011:07:39:46 +0100] "GET / HTTP/1.1" 302 394 "-" "-"
122.177.255.72 - - [15/Nov/2011:07:39:46 +0100] "GET /enquete/ HTTP/1.1" 200 10289 "-" "-"
122.177.255.72 - - [15/Nov/2011:07:39:47 +0100] "GET /quizz?service=quizz&d=contact HTTP/1.1" 404 381 "-" "-"
220.181.108.187 - - [15/Nov/2011:07:39:53 +0100] "GET / HTTP/1.1" 301 410 "-" "Mozilla/5.0 (compatible; Baiduspider/2.0; +http://www.baidu.com/search/spider.html)"
123.125.71.108 - - [15/Nov/2011:07:41:10 +0100] "GET / HTTP/1.1" 301 410 "-" "Mozilla/5.0 (compatible; Baiduspider/2.0; +http://www.baidu.com/search/spider.html)"
123.125.71.23 - - [15/Nov/2011:07:45:25 +0100] "GET / HTTP/1.1" 302 400 "-" "Mozilla/5.0 (compatible; Baiduspider/2.0; +http://www.baidu.com/search/spider.html)"
176.9.68.123 - - [15/Nov/2011:07:47:40 +0100] "GET / HTTP/1.1" 302 312 "-" "Mozilla/5.0 (X11; U; Linux; en-US) AppleWebKit/532.4 (KHTML, like Gecko) Qt/4.6.3 Safari/532.4"
176.9.68.123 - - [15/Nov/2011:07:47:40 +0100] "GET /enquete/ HTTP/1.1" 200 2863 "-" "Mozilla/5.0 (X11; U; Linux; en-US) AppleWebKit/532.4 (KHTML, like Gecko) Qt/4.6.3 Safari/532.4"
176.9.68.123 - - [15/Nov/2011:07:47:41 +0100] "GET /enquete/css/itsquizz.css HTTP/1.1" 200 9072 "http://www.itsquizz.com/enquete/" "Mozilla/5.0 (X11; U; Linux; en-US) AppleWebKit/532.4 (KHTML, like Gecko) Qt/4.6.3 Safari/532.4"
176.9.68.123 - - [15/Nov/2011:07:47:41 +0100] "GET /enquete/css/itsok_modal.css HTTP/1.1" 200 1115 "http://www.itsquizz.com/enquete/" "Mozilla/5.0 (X11; U; Linux; en-US) AppleWebKit/532.4 (KHTML, like Gecko) Qt/4.6.3 Safari/532.4"
176.9.68.123 - - [15/Nov/2011:07:47:41 +0100] "GET /enquete/scripts/menu.js HTTP/1.1" 200 612 "http://www.itsquizz.com/enquete/" "Mozilla/5.0 (X11; U; Linux; en-US) AppleWebKit/532.4 (KHTML, like Gecko) Qt/4.6.3 Safari/532.4"
176.9.68.123 - - [15/Nov/2011:07:47:41 +0100] "GET /enquete/scripts/itsok_modal.js HTTP/1.1" 200 3818 "http://www.itsquizz.com/enquete/" "Mozilla/5.0 (X11; U; Linux; en-US) AppleWebKit/532.4 (KHTML, like Gecko) Qt/4.6.3 Safari/532.4"
176.9.68.123 - - [15/Nov/2011:07:47:41 +0100] "GET /enquete/scripts/itsok_menu.js HTTP/1.1" 200 4053 "http://www.itsquizz.com/enquete/" "Mozilla/5.0 (X11; U; Linux; en-US) AppleWebKit/532.4 (KHTML, like Gecko) Qt/4.6.3 Safari/532.4"
176.9.68.123 - - [15/Nov/2011:07:47:41 +0100] "GET /enquete/scripts/ajaxRequestsTools.js HTTP/1.1" 200 9762 "http://www.itsquizz.com/enquete/" "Mozilla/5.0 (X11; U; Linux; en-US) AppleWebKit/532.4 (KHTML, like Gecko) Qt/4.6.3 Safari/532.4"
176.9.68.123 - - [15/Nov/2011:07:47:41 +0100] "GET /enquete/scripts/net.js HTTP/1.1" 200 5554 "http://www.itsquizz.com/enquete/" "Mozilla/5.0 (X11; U; Linux; en-US) AppleWebKit/532.4 (KHTML, like Gecko) Qt/4.6.3 Safari/532.4"
176.9.68.123 - - [15/Nov/2011:07:47:41 +0100] "GET /enquete/scripts/itsok_modalFooter.js HTTP/1.1" 200 334 "http://www.itsquizz.com/enquete/" "Mozilla/5.0 (X11; U; Linux; en-US) AppleWebKit/532.4 (KHTML, like Gecko) Qt/4.6.3 Safari/532.4"
176.9.68.123 - - [15/Nov/2011:07:47:41 +0100] "GET /enquete/images/bulletTransp.png HTTP/1.1" 200 405 "http://www.itsquizz.com/enquete/" "Mozilla/5.0 (X11; U; Linux; en-US) AppleWebKit/532.4 (KHTML, like Gecko) Qt/4.6.3 Safari/532.4"
176.9.68.123 - - [15/Nov/2011:07:47:41 +0100] "GET /enquete/images/img_icone_pdf.gif HTTP/1.1" 200 685 "http://www.itsquizz.com/enquete/" "Mozilla/5.0 (X11; U; Linux; en-US) AppleWebKit/532.4 (KHTML, like Gecko) Qt/4.6.3 Safari/532.4"
176.9.68.123 - - [15/Nov/2011:07:47:41 +0100] "GET /enquete/images/bandeau/photo4.jpg HTTP/1.1" 200 60940 "http://www.itsquizz.com/enquete/" "Mozilla/5.0 (X11; U; Linux; en-US) AppleWebKit/532.4 (KHTML, like Gecko) Qt/4.6.3 Safari/532.4"
207.46.199.193 - - [15/Nov/2011:08:01:31 +0100] "GET /robots.txt HTTP/1.1" 404 386 "-" "Mozilla/5.0 (compatible; bingbot/2.0; +http://www.bing.com/bingbot.htm)"
66.249.71.208 - - [15/Nov/2011:08:02:21 +0100] "GET /quiz/images/company/itsok/styles/ancien_mp.jpg HTTP/1.1" 304 - "-" "Googlebot-Image/1.0"
46.21.144.52 - - [15/Nov/2011:08:27:49 +0100] "GET /gb/index.htm HTTP/1.0" 404 388 "http://www.itsquizz.com/gb/index.htm" "Mozilla/4.0 (compatible; MSIE 5.0; Windows 3.1)"
46.21.144.52 - - [15/Nov/2011:08:27:49 +0100] "GET / HTTP/1.0" 302 394 "http://www.itsquizz.com/" "Mozilla/4.0 (compatible; MSIE 5.0; Windows 3.1)"
46.21.144.52 - - [15/Nov/2011:08:27:49 +0100] "GET /enquete/ HTTP/1.0" 200 10282 "http://www.itsquizz.com/enquete/" "Mozilla/4.0 (compatible; MSIE 5.0; Windows 3.1)"
220.181.108.80 - - [15/Nov/2011:08:39:06 +0100] "GET / HTTP/1.1" 302 400 "-" "Mozilla/5.0 (compatible; Baiduspider/2.0; +http://www.baidu.com/search/spider.html)"
123.125.71.31 - - [15/Nov/2011:08:39:25 +0100] "GET / HTTP/1.1" 302 400 "-" "Mozilla/5.0 (compatible; Baiduspider/2.0; +http://www.baidu.com/search/spider.html)"
88.163.166.175 - - [15/Nov/2011:08:39:44 +0100] "GET /quiz/pilot?service=accessQuestionnaire&idQuiz=198&key=6307859303 HTTP/1.1" 200 2561 "-" "Mozilla/5.0 (Windows NT 6.1; WOW64; rv:8.0) Gecko/20100101 Firefox/8.0"
88.163.166.175 - - [15/Nov/2011:08:39:44 +0100] "GET /quiz/css/company/ecp/exec_1.css HTTP/1.1" 200 1985 "https://manager.itsquizz.com/quiz/pilot?service=accessQuestionnaire&idQuiz=198&key=6307859303" "Mozilla/5.0 (Windows NT 6.1; WOW64; rv:8.0) Gecko/20100101 Firefox/8.0"
88.163.166.175 - - [15/Nov/2011:08:39:45 +0100] "GET /quiz/css/calendar/xc2_default.css HTTP/1.1" 200 6787 "https://manager.itsquizz.com/quiz/pilot?service=accessQuestionnaire&idQuiz=198&key=6307859303" "Mozilla/5.0 (Windows NT 6.1; WOW64; rv:8.0) Gecko/20100101 Firefox/8.0"
88.163.166.175 - - [15/Nov/2011:08:39:45 +0100] "GET /quiz/scripts/calendar/xc2_default_fr.js HTTP/1.1" 200 7889 "https://manager.itsquizz.com/quiz/pilot?service=accessQuestionnaire&idQuiz=198&key=6307859303" "Mozilla/5.0 (Windows NT 6.1; WOW64; rv:8.0) Gecko/20100101 Firefox/8.0"
88.163.166.175 - - [15/Nov/2011:08:39:45 +0100] "GET /quiz/scripts/util.js HTTP/1.1" 200 9080 "https://manager.itsquizz.com/quiz/pilot?service=accessQuestionnaire&idQuiz=198&key=6307859303" "Mozilla/5.0 (Windows NT 6.1; WOW64; rv:8.0) Gecko/20100101 Firefox/8.0"
88.163.166.175 - - [15/Nov/2011:08:39:45 +0100] "GET /quiz/scripts/labelSubmit_fr.js HTTP/1.1" 200 585 "https://manager.itsquizz.com/quiz/pilot?service=accessQuestionnaire&idQuiz=198&key=6307859303" "Mozilla/5.0 (Windows NT 6.1; WOW64; rv:8.0) Gecko/20100101 Firefox/8.0"
88.163.166.175 - - [15/Nov/2011:08:39:45 +0100] "GET /quiz/scripts/itsok_date.js HTTP/1.1" 200 1192 "https://manager.itsquizz.com/quiz/pilot?service=accessQuestionnaire&idQuiz=198&key=6307859303" "Mozilla/5.0 (Windows NT 6.1; WOW64; rv:8.0) Gecko/20100101 Firefox/8.0"
88.163.166.175 - - [15/Nov/2011:08:39:45 +0100] "GET /quiz/scripts/itsok_form.js HTTP/1.1" 200 26467 "https://manager.itsquizz.com/quiz/pilot?service=accessQuestionnaire&idQuiz=198&key=6307859303" "Mozilla/5.0 (Windows NT 6.1; WOW64; rv:8.0) Gecko/20100101 Firefox/8.0"
88.163.166.175 - - [15/Nov/2011:08:39:46 +0100] "GET /quiz/scripts/dhtmlgoodies_slider.js HTTP/1.1" 200 5330 "https://manager.itsquizz.com/quiz/pilot?service=accessQuestionnaire&idQuiz=198&key=6307859303" "Mozilla/5.0 (Windows NT 6.1; WOW64; rv:8.0) Gecko/20100101 Firefox/8.0"
88.163.166.175 - - [15/Nov/2011:08:39:45 +0100] "GET /quiz/scripts/wz_tooltip.js HTTP/1.1" 200 16560 "https://manager.itsquizz.com/quiz/pilot?service=accessQuestionnaire&idQuiz=198&key=6307859303" "Mozilla/5.0 (Windows NT 6.1; WOW64; rv:8.0) Gecko/20100101 Firefox/8.0"
88.163.166.175 - - [15/Nov/2011:08:39:45 +0100] "GET /quiz/scripts/conditions.js HTTP/1.1" 200 20246 "https://manager.itsquizz.com/quiz/pilot?service=accessQuestionnaire&idQuiz=198&key=6307859303" "Mozilla/5.0 (Windows NT 6.1; WOW64; rv:8.0) Gecko/20100101 Firefox/8.0"
88.163.166.175 - - [15/Nov/2011:08:39:45 +0100] "GET /quiz/scripts/calendar/xc2_inpage.js HTTP/1.1" 200 23111 "https://manager.itsquizz.com/quiz/pilot?service=accessQuestionnaire&idQuiz=198&key=6307859303" "Mozilla/5.0 (Windows NT 6.1; WOW64; rv:8.0) Gecko/20100101 Firefox/8.0"
88.163.166.175 - - [15/Nov/2011:08:39:47 +0100] "GET /quiz/scripts/calendar/mod_time.js HTTP/1.1" 200 3188 "https://manager.itsquizz.com/quiz/pilot?service=accessQuestionnaire&idQuiz=198&key=6307859303" "Mozilla/5.0 (Windows NT 6.1; WOW64; rv:8.0) Gecko/20100101 Firefox/8.0"
88.163.166.175 - - [15/Nov/2011:08:39:47 +0100] "GET /favicon.ico HTTP/1.1" 404 313 "-" "Mozilla/5.0 (Windows NT 6.1; WOW64; rv:8.0) Gecko/20100101 Firefox/8.0"
88.163.166.175 - - [15/Nov/2011:08:39:47 +0100] "GET /quiz/images/button-bg.jpg HTTP/1.1" 200 797 "https://manager.itsquizz.com/quiz/css/company/ecp/exec_1.css" "Mozilla/5.0 (Windows NT 6.1; WOW64; rv:8.0) Gecko/20100101 Firefox/8.0"
88.163.166.175 - - [15/Nov/2011:08:39:47 +0100] "GET /favicon.ico HTTP/1.1" 404 313 "-" "Mozilla/5.0 (Windows NT 6.1; WOW64; rv:8.0) Gecko/20100101 Firefox/8.0"
88.163.166.175 - - [15/Nov/2011:08:39:48 +0100] "GET /favicon.ico HTTP/1.1" 404 313 "-" "Mozilla/5.0 (Windows NT 6.1; WOW64; rv:8.0) Gecko/20100101 Firefox/8.0"
88.163.166.175 - - [15/Nov/2011:08:40:27 +0100] "POST /quiz/pilot?service=fillQuestionnaire&directory=generated&language=fr HTTP/1.1" 200 477 "https://manager.itsquizz.com/quiz/pilot?service=accessQuestionnaire&idQuiz=198&key=6307859303" "Mozilla/5.0 (Windows NT 6.1; WOW64; rv:8.0) Gecko/20100101 Firefox/8.0"
88.163.166.175 - - [15/Nov/2011:08:40:28 +0100] "GET /quiz/scripts/timer.js HTTP/1.1" 200 255 "https://manager.itsquizz.com/quiz/pilot?service=fillQuestionnaire&directory=generated&language=fr" "Mozilla/5.0 (Windows NT 6.1; WOW64; rv:8.0) Gecko/20100101 Firefox/8.0"
109.215.138.80 - - [15/Nov/2011:08:52:02 +0100] "GET /quiz/pilot?service=accessQuestionnaire&idQuiz=198&key=6307859303 HTTP/1.1" 200 2560 "-" "Mozilla/5.0 (Windows NT 5.1) AppleWebKit/535.2 (KHTML, like Gecko) Chrome/15.0.874.120 Safari/535.2"
109.215.138.80 - - [15/Nov/2011:08:52:02 +0100] "GET /quiz/css/company/ecp/exec_1.css HTTP/1.1" 200 1985 "https://manager.itsquizz.com/quiz/pilot?service=accessQuestionnaire&idQuiz=198&key=6307859303" "Mozilla/5.0 (Windows NT 5.1) AppleWebKit/535.2 (KHTML, like Gecko) Chrome/15.0.874.120 Safari/535.2"
109.215.138.80 - - [15/Nov/2011:08:52:02 +0100] "GET /quiz/css/calendar/xc2_default.css HTTP/1.1" 200 6787 "https://manager.itsquizz.com/quiz/pilot?service=accessQuestionnaire&idQuiz=198&key=6307859303" "Mozilla/5.0 (Windows NT 5.1) AppleWebKit/535.2 (KHTML, like Gecko) Chrome/15.0.874.120 Safari/535.2"
109.215.138.80 - - [15/Nov/2011:08:52:02 +0100] "GET /quiz/scripts/calendar/xc2_default_fr.js HTTP/1.1" 200 7889 "https://manager.itsquizz.com/quiz/pilot?service=accessQuestionnaire&idQuiz=198&key=6307859303" "Mozilla/5.0 (Windows NT 5.1) AppleWebKit/535.2 (KHTML, like Gecko) Chrome/15.0.874.120 Safari/535.2"
109.215.138.80 - - [15/Nov/2011:08:52:02 +0100] "GET /quiz/scripts/calendar/xc2_inpage.js HTTP/1.1" 200 23111 "https://manager.itsquizz.com/quiz/pilot?service=accessQuestionnaire&idQuiz=198&key=6307859303" "Mozilla/5.0 (Windows NT 5.1) AppleWebKit/535.2 (KHTML, like Gecko) Chrome/15.0.874.120 Safari/535.2"
109.215.138.80 - - [15/Nov/2011:08:52:02 +0100] "GET /quiz/scripts/conditions.js HTTP/1.1" 200 20246 "https://manager.itsquizz.com/quiz/pilot?service=accessQuestionnaire&idQuiz=198&key=6307859303" "Mozilla/5.0 (Windows NT 5.1) AppleWebKit/535.2 (KHTML, like Gecko) Chrome/15.0.874.120 Safari/535.2"
109.215.138.80 - - [15/Nov/2011:08:52:02 +0100] "GET /quiz/scripts/util.js HTTP/1.1" 200 9080 "https://manager.itsquizz.com/quiz/pilot?service=accessQuestionnaire&idQuiz=198&key=6307859303" "Mozilla/5.0 (Windows NT 5.1) AppleWebKit/535.2 (KHTML, like Gecko) Chrome/15.0.874.120 Safari/535.2"
109.215.138.80 - - [15/Nov/2011:08:52:02 +0100] "GET /quiz/scripts/labelSubmit_fr.js HTTP/1.1" 200 585 "https://manager.itsquizz.com/quiz/pilot?service=accessQuestionnaire&idQuiz=198&key=6307859303" "Mozilla/5.0 (Windows NT 5.1) AppleWebKit/535.2 (KHTML, like Gecko) Chrome/15.0.874.120 Safari/535.2"
109.215.138.80 - - [15/Nov/2011:08:52:02 +0100] "GET /quiz/scripts/itsok_form.js HTTP/1.1" 200 26467 "https://manager.itsquizz.com/quiz/pilot?service=accessQuestionnaire&idQuiz=198&key=6307859303" "Mozilla/5.0 (Windows NT 5.1) AppleWebKit/535.2 (KHTML, like Gecko) Chrome/15.0.874.120 Safari/535.2"
109.215.138.80 - - [15/Nov/2011:08:52:02 +0100] "GET /quiz/scripts/itsok_date.js HTTP/1.1" 200 1192 "https://manager.itsquizz.com/quiz/pilot?service=accessQuestionnaire&idQuiz=198&key=6307859303" "Mozilla/5.0 (Windows NT 5.1) AppleWebKit/535.2 (KHTML, like Gecko) Chrome/15.0.874.120 Safari/535.2"
109.215.138.80 - - [15/Nov/2011:08:52:02 +0100] "GET /quiz/scripts/dhtmlgoodies_slider.js HTTP/1.1" 200 5330 "https://manager.itsquizz.com/quiz/pilot?service=accessQuestionnaire&idQuiz=198&key=6307859303" "Mozilla/5.0 (Windows NT 5.1) AppleWebKit/535.2 (KHTML, like Gecko) Chrome/15.0.874.120 Safari/535.2"
109.215.138.80 - - [15/Nov/2011:08:52:02 +0100] "GET /quiz/scripts/wz_tooltip.js HTTP/1.1" 200 16560 "https://manager.itsquizz.com/quiz/pilot?service=accessQuestionnaire&idQuiz=198&key=6307859303" "Mozilla/5.0 (Windows NT 5.1) AppleWebKit/535.2 (KHTML, like Gecko) Chrome/15.0.874.120 Safari/535.2"
109.215.138.80 - - [15/Nov/2011:08:52:02 +0100] "GET /quiz/scripts/calendar/mod_time.js HTTP/1.1" 200 3188 "https://manager.itsquizz.com/quiz/pilot?service=accessQuestionnaire&idQuiz=198&key=6307859303" "Mozilla/5.0 (Windows NT 5.1) AppleWebKit/535.2 (KHTML, like Gecko) Chrome/15.0.874.120 Safari/535.2"
109.215.138.80 - - [15/Nov/2011:08:52:02 +0100] "GET /quiz/images/button-bg.jpg HTTP/1.1" 200 797 "https://manager.itsquizz.com/quiz/pilot?service=accessQuestionnaire&idQuiz=198&key=6307859303" "Mozilla/5.0 (Windows NT 5.1) AppleWebKit/535.2 (KHTML, like Gecko) Chrome/15.0.874.120 Safari/535.2"
109.215.138.80 - - [15/Nov/2011:08:52:02 +0100] "GET /favicon.ico HTTP/1.1" 404 313 "-" "Mozilla/5.0 (Windows NT 5.1) AppleWebKit/535.2 (KHTML, like Gecko) Chrome/15.0.874.120 Safari/535.2"
95.108.245.253 - - [15/Nov/2011:09:04:05 +0100] "GET /pg_pres_qui.htm HTTP/1.1" 304 - "-" "Mozilla/5.0 (compatible; YandexBot/3.0; +http://yandex.com/bots)"
109.215.138.80 - - [15/Nov/2011:09:09:02 +0100] "GET /quiz/pilot?service=accessQuestionnaire&idQuiz=198&key=6307859303 HTTP/1.1" 200 2560 "-" "Mozilla/5.0 (Windows NT 5.1) AppleWebKit/535.2 (KHTML, like Gecko) Chrome/15.0.874.120 Safari/535.2"
109.215.138.80 - - [15/Nov/2011:09:09:03 +0100] "GET /favicon.ico HTTP/1.1" 404 313 "-" "Mozilla/5.0 (Windows NT 5.1) AppleWebKit/535.2 (KHTML, like Gecko) Chrome/15.0.874.120 Safari/535.2"
109.215.138.80 - - [15/Nov/2011:09:10:03 +0100] "GET /quiz/pilot?service=accessQuestionnaire&idQuiz=198&key=6307859303 HTTP/1.1" 200 2561 "-" "Mozilla/5.0 (Windows NT 5.1) AppleWebKit/535.2 (KHTML, like Gecko) Chrome/15.0.874.120 Safari/535.2"
109.215.138.80 - - [15/Nov/2011:09:10:03 +0100] "GET /favicon.ico HTTP/1.1" 404 313 "-" "Mozilla/5.0 (Windows NT 5.1) AppleWebKit/535.2 (KHTML, like Gecko) Chrome/15.0.874.120 Safari/535.2"
109.215.138.80 - - [15/Nov/2011:09:10:17 +0100] "POST /quiz/pilot?service=fillQuestionnaire&directory=generated&language=fr HTTP/1.1" 200 477 "https://manager.itsquizz.com/quiz/pilot?service=accessQuestionnaire&idQuiz=198&key=6307859303" "Mozilla/5.0 (Windows NT 5.1) AppleWebKit/535.2 (KHTML, like Gecko) Chrome/15.0.874.120 Safari/535.2"
109.215.138.80 - - [15/Nov/2011:09:10:17 +0100] "GET /quiz/scripts/timer.js HTTP/1.1" 200 255 "https://manager.itsquizz.com/quiz/pilot?service=fillQuestionnaire&directory=generated&language=fr" "Mozilla/5.0 (Windows NT 5.1) AppleWebKit/535.2 (KHTML, like Gecko) Chrome/15.0.874.120 Safari/535.2"
109.215.138.80 - - [15/Nov/2011:09:10:17 +0100] "GET /favicon.ico HTTP/1.1" 404 313 "-" "Mozilla/5.0 (Windows NT 5.1) AppleWebKit/535.2 (KHTML, like Gecko) Chrome/15.0.874.120 Safari/535.2"
92.103.160.226 - - [15/Nov/2011:09:17:36 +0100] "GET / HTTP/1.1" 302 312 "-" "Mozilla/4.0 (compatible; MSIE 8.0; Windows NT 6.1; Trident/4.0; SLCC2; .NET CLR 2.0.50727; .NET CLR 3.5.30729; .NET CLR 3.0.30729; Media Center PC 6.0; .NET4.0C; .NET CLR 1.1.4322; InfoPath.1)"
92.103.160.226 - - [15/Nov/2011:09:17:37 +0100] "GET /quiz/ HTTP/1.1" 200 755 "-" "Mozilla/4.0 (compatible; MSIE 8.0; Windows NT 6.1; Trident/4.0; SLCC2; .NET CLR 2.0.50727; .NET CLR 3.5.30729; .NET CLR 3.0.30729; Media Center PC 6.0; .NET4.0C; .NET CLR 1.1.4322; InfoPath.1)"
92.103.160.226 - - [15/Nov/2011:09:17:37 +0100] "GET /quiz/css/main.css HTTP/1.1" 200 2554 "https://manager.itsquizz.com/quiz/" "Mozilla/4.0 (compatible; MSIE 8.0; Windows NT 6.1; Trident/4.0; SLCC2; .NET CLR 2.0.50727; .NET CLR 3.5.30729; .NET CLR 3.0.30729; Media Center PC 6.0; .NET4.0C; .NET CLR 1.1.4322; InfoPath.1)"
92.103.160.226 - - [15/Nov/2011:09:17:37 +0100] "GET /quiz/images/bt_ok_off.gif HTTP/1.1" 200 169 "https://manager.itsquizz.com/quiz/" "Mozilla/4.0 (compatible; MSIE 8.0; Windows NT 6.1; Trident/4.0; SLCC2; .NET CLR 2.0.50727; .NET CLR 3.5.30729; .NET CLR 3.0.30729; Media Center PC 6.0; .NET4.0C; .NET CLR 1.1.4322; InfoPath.1)"
92.103.160.226 - - [15/Nov/2011:09:17:37 +0100] "GET /quiz/css/content.css HTTP/1.1" 200 2664 "https://manager.itsquizz.com/quiz/" "Mozilla/4.0 (compatible; MSIE 8.0; Windows NT 6.1; Trident/4.0; SLCC2; .NET CLR 2.0.50727; .NET CLR 3.5.30729; .NET CLR 3.0.30729; Media Center PC 6.0; .NET4.0C; .NET CLR 1.1.4322; InfoPath.1)"
92.103.160.226 - - [15/Nov/2011:09:17:37 +0100] "GET /quiz/css/login.css HTTP/1.1" 200 119 "https://manager.itsquizz.com/quiz/" "Mozilla/4.0 (compatible; MSIE 8.0; Windows NT 6.1; Trident/4.0; SLCC2; .NET CLR 2.0.50727; .NET CLR 3.5.30729; .NET CLR 3.0.30729; Media Center PC 6.0; .NET4.0C; .NET CLR 1.1.4322; InfoPath.1)"
92.103.160.226 - - [15/Nov/2011:09:17:37 +0100] "GET /quiz/images/login-bg.jpg HTTP/1.1" 200 28459 "https://manager.itsquizz.com/quiz/" "Mozilla/4.0 (compatible; MSIE 8.0; Windows NT 6.1; Trident/4.0; SLCC2; .NET CLR 2.0.50727; .NET CLR 3.5.30729; .NET CLR 3.0.30729; Media Center PC 6.0; .NET4.0C; .NET CLR 1.1.4322; InfoPath.1)"
92.103.160.226 - - [15/Nov/2011:09:17:38 +0100] "GET /favicon.ico HTTP/1.1" 404 313 "-" "Mozilla/4.0 (compatible; MSIE 8.0; Windows NT 6.1; Trident/4.0; SLCC2; .NET CLR 2.0.50727; .NET CLR 3.5.30729; .NET CLR 3.0.30729; Media Center PC 6.0; .NET4.0C; .NET CLR 1.1.4322; InfoPath.1)"
66.249.71.208 - - [15/Nov/2011:09:17:39 +0100] "GET /robots.txt HTTP/1.1" 404 312 "-" "Mozilla/5.0 (compatible; Googlebot/2.1; +http://www.google.com/bot.html)"
66.249.71.208 - - [15/Nov/2011:09:17:39 +0100] "GET /quiz/images/company/valdisere/images_fr/boutontignes.gif HTTP/1.1" 304 - "-" "Googlebot-Image/1.0"
157.55.50.77 - - [15/Nov/2011:09:17:40 +0100] "GET /robots.txt HTTP/1.1" 404 390 "-" "Mozilla/5.0 (compatible; bingbot/2.0; +http://www.bing.com/bingbot.htm)"
