92.151.13.161 - - [12/Nov/2011:09:16:51 +0100] "GET /enquete/scripts/menu.js HTTP/1.1" 200 612 "http://www.itsquizz.com/enquete/quizz?service=quizz&d=references" "Mozilla/5.0 (Macintosh; U; Intel Mac OS X 10_5_8; fr-fr) AppleWebKit/531.21.8 (KHTML, like Gecko) Version/4.0.4 Safari/531.21.10"
92.151.13.161 - - [12/Nov/2011:09:16:51 +0100] "GET /enquete/css/strip.css HTTP/1.1" 200 1557 "http://www.itsquizz.com/enquete/quizz?service=quizz&d=references" "Mozilla/5.0 (Macintosh; U; Intel Mac OS X 10_5_8; fr-fr) AppleWebKit/531.21.8 (KHTML, like Gecko) Version/4.0.4 Safari/531.21.10"
92.151.13.161 - - [12/Nov/2011:09:16:51 +0100] "GET /enquete/css/itsok_modal.css HTTP/1.1" 200 1115 "http://www.itsquizz.com/enquete/quizz?service=quizz&d=references" "Mozilla/5.0 (Macintosh; U; Intel Mac OS X 10_5_8; fr-fr) AppleWebKit/531.21.8 (KHTML, like Gecko) Version/4.0.4 Safari/531.21.10"
92.151.13.161 - - [12/Nov/2011:09:16:51 +0100] "GET /enquete/scripts/net.js HTTP/1.1" 200 5554 "http://www.itsquizz.com/enquete/quizz?service=quizz&d=references" "Mozilla/5.0 (Macintosh; U; Intel Mac OS X 10_5_8; fr-fr) AppleWebKit/531.21.8 (KHTML, like Gecko) Version/4.0.4 Safari/531.21.10"
92.151.13.161 - - [12/Nov/2011:09:16:51 +0100] "GET /enquete/css/itsquizz.css HTTP/1.1" 200 9072 "http://www.itsquizz.com/enquete/quizz?service=quizz&d=references" "Mozilla/5.0 (Macintosh; U; Intel Mac OS X 10_5_8; fr-fr) AppleWebKit/531.21.8 (KHTML, like Gecko) Version/4.0.4 Safari/531.21.10"
92.151.13.161 - - [12/Nov/2011:09:16:51 +0100] "GET /enquete/scripts/ajaxRequestsTools.js HTTP/1.1" 200 9762 "http://www.itsquizz.com/enquete/quizz?service=quizz&d=references" "Mozilla/5.0 (Macintosh; U; Intel Mac OS X 10_5_8; fr-fr) AppleWebKit/531.21.8 (KHTML, like Gecko) Version/4.0.4 Safari/531.21.10"
92.151.13.161 - - [12/Nov/2011:09:16:51 +0100] "GET /enquete/scripts/itsok_modal.js HTTP/1.1" 200 3818 "http://www.itsquizz.com/enquete/quizz?service=quizz&d=references" "Mozilla/5.0 (Macintosh; U; Intel Mac OS X 10_5_8; fr-fr) AppleWebKit/531.21.8 (KHTML, like Gecko) Version/4.0.4 Safari/531.21.10"
92.151.13.161 - - [12/Nov/2011:09:16:51 +0100] "GET /enquete/scripts/itsok_menu.js HTTP/1.1" 200 4053 "http://www.itsquizz.com/enquete/quizz?service=quizz&d=references" "Mozilla/5.0 (Macintosh; U; Intel Mac OS X 10_5_8; fr-fr) AppleWebKit/531.21.8 (KHTML, like Gecko) Version/4.0.4 Safari/531.21.10"
92.151.13.161 - - [12/Nov/2011:09:16:51 +0100] "GET /enquete/scripts/itsok_modalFooter.js HTTP/1.1" 200 334 "http://www.itsquizz.com/enquete/quizz?service=quizz&d=references" "Mozilla/5.0 (Macintosh; U; Intel Mac OS X 10_5_8; fr-fr) AppleWebKit/531.21.8 (KHTML, like Gecko) Version/4.0.4 Safari/531.21.10"
92.151.13.161 - - [12/Nov/2011:09:16:51 +0100] "GET /enquete/images/clients/img_aprec.jpg HTTP/1.1" 200 3512 "http://www.itsquizz.com/enquete/quizz?service=quizz&d=references" "Mozilla/5.0 (Macintosh; U; Intel Mac OS X 10_5_8; fr-fr) AppleWebKit/531.21.8 (KHTML, like Gecko) Version/4.0.4 Safari/531.21.10"
92.151.13.161 - - [12/Nov/2011:09:16:51 +0100] "GET /enquete/images/clients/img_logo_aphp.gif HTTP/1.1" 200 1902 "http://www.itsquizz.com/enquete/quizz?service=quizz&d=references" "Mozilla/5.0 (Macintosh; U; Intel Mac OS X 10_5_8; fr-fr) AppleWebKit/531.21.8 (KHTML, like Gecko) Version/4.0.4 Safari/531.21.10"
92.151.13.161 - - [12/Nov/2011:09:16:51 +0100] "GET /enquete/images/clients/img_cciAmiens.gif HTTP/1.1" 200 4956 "http://www.itsquizz.com/enquete/quizz?service=quizz&d=references" "Mozilla/5.0 (Macintosh; U; Intel Mac OS X 10_5_8; fr-fr) AppleWebKit/531.21.8 (KHTML, like Gecko) Version/4.0.4 Safari/531.21.10"
92.151.13.161 - - [12/Nov/2011:09:16:51 +0100] "GET /enquete/images/clients/img_avtel.gif HTTP/1.1" 200 2275 "http://www.itsquizz.com/enquete/quizz?service=quizz&d=references" "Mozilla/5.0 (Macintosh; U; Intel Mac OS X 10_5_8; fr-fr) AppleWebKit/531.21.8 (KHTML, like Gecko) Version/4.0.4 Safari/531.21.10"
92.151.13.161 - - [12/Nov/2011:09:16:51 +0100] "GET /enquete/images/clients/img_logo_centrale.gif HTTP/1.1" 200 1176 "http://www.itsquizz.com/enquete/quizz?service=quizz&d=references" "Mozilla/5.0 (Macintosh; U; Intel Mac OS X 10_5_8; fr-fr) AppleWebKit/531.21.8 (KHTML, like Gecko) Version/4.0.4 Safari/531.21.10"
92.151.13.161 - - [12/Nov/2011:09:16:51 +0100] "GET /enquete/images/clients/img_cergy.jpg HTTP/1.1" 200 6879 "http://www.itsquizz.com/enquete/quizz?service=quizz&d=references" "Mozilla/5.0 (Macintosh; U; Intel Mac OS X 10_5_8; fr-fr) AppleWebKit/531.21.8 (KHTML, like Gecko) Version/4.0.4 Safari/531.21.10"
92.151.13.161 - - [12/Nov/2011:09:16:51 +0100] "GET /enquete/images/clients/img_cnrs.gif HTTP/1.1" 200 1990 "http://www.itsquizz.com/enquete/quizz?service=quizz&d=references" "Mozilla/5.0 (Macintosh; U; Intel Mac OS X 10_5_8; fr-fr) AppleWebKit/531.21.8 (KHTML, like Gecko) Version/4.0.4 Safari/531.21.10"
92.151.13.161 - - [12/Nov/2011:09:16:51 +0100] "GET /enquete/images/clients/img_grecsta.gif HTTP/1.1" 200 4557 "http://www.itsquizz.com/enquete/quizz?service=quizz&d=references" "Mozilla/5.0 (Macintosh; U; Intel Mac OS X 10_5_8; fr-fr) AppleWebKit/531.21.8 (KHTML, like Gecko) Version/4.0.4 Safari/531.21.10"
92.151.13.161 - - [12/Nov/2011:09:16:51 +0100] "GET /enquete/images/clients/img_logo_nicecomputing.gif HTTP/1.1" 200 1709 "http://www.itsquizz.com/enquete/quizz?service=quizz&d=references" "Mozilla/5.0 (Macintosh; U; Intel Mac OS X 10_5_8; fr-fr) AppleWebKit/531.21.8 (KHTML, like Gecko) Version/4.0.4 Safari/531.21.10"
92.151.13.161 - - [12/Nov/2011:09:16:51 +0100] "GET /enquete/images/clients/img_logo_bleuvert.gif HTTP/1.1" 200 4139 "http://www.itsquizz.com/enquete/quizz?service=quizz&d=references" "Mozilla/5.0 (Macintosh; U; Intel Mac OS X 10_5_8; fr-fr) AppleWebKit/531.21.8 (KHTML, like Gecko) Version/4.0.4 Safari/531.21.10"
92.151.13.161 - - [12/Nov/2011:09:16:51 +0100] "GET /enquete/images/clients/img_jpal.png HTTP/1.1" 200 17158 "http://www.itsquizz.com/enquete/quizz?service=quizz&d=references" "Mozilla/5.0 (Macintosh; U; Intel Mac OS X 10_5_8; fr-fr) AppleWebKit/531.21.8 (KHTML, like Gecko) Version/4.0.4 Safari/531.21.10"
92.151.13.161 - - [12/Nov/2011:09:16:51 +0100] "GET /enquete/images/clients/img_logo_cint.bmp HTTP/1.1" 200 21526 "http://www.itsquizz.com/enquete/quizz?service=quizz&d=references" "Mozilla/5.0 (Macintosh; U; Intel Mac OS X 10_5_8; fr-fr) AppleWebKit/531.21.8 (KHTML, like Gecko) Version/4.0.4 Safari/531.21.10"
92.151.13.161 - - [12/Nov/2011:09:16:51 +0100] "GET /enquete/images/clients/img_logo_LaPoste.jpg HTTP/1.1" 200 2251 "http://www.itsquizz.com/enquete/quizz?service=quizz&d=references" "Mozilla/5.0 (Macintosh; U; Intel Mac OS X 10_5_8; fr-fr) AppleWebKit/531.21.8 (KHTML, like Gecko) Version/4.0.4 Safari/531.21.10"
92.151.13.161 - - [12/Nov/2011:09:16:51 +0100] "GET /enquete/images/clients/img_logo_GS1.jpg HTTP/1.1" 200 14173 "http://www.itsquizz.com/enquete/quizz?service=quizz&d=references" "Mozilla/5.0 (Macintosh; U; Intel Mac OS X 10_5_8; fr-fr) AppleWebKit/531.21.8 (KHTML, like Gecko) Version/4.0.4 Safari/531.21.10"
92.151.13.161 - - [12/Nov/2011:09:16:51 +0100] "GET /enquete/images/clients/img_logo_HEGP.jpg HTTP/1.1" 200 6696 "http://www.itsquizz.com/enquete/quizz?service=quizz&d=references" "Mozilla/5.0 (Macintosh; U; Intel Mac OS X 10_5_8; fr-fr) AppleWebKit/531.21.8 (KHTML, like Gecko) Version/4.0.4 Safari/531.21.10"
92.151.13.161 - - [12/Nov/2011:09:16:51 +0100] "GET /enquete/images/clients/img_louvre.jpg HTTP/1.1" 200 14580 "http://www.itsquizz.com/enquete/quizz?service=quizz&d=references" "Mozilla/5.0 (Macintosh; U; Intel Mac OS X 10_5_8; fr-fr) AppleWebKit/531.21.8 (KHTML, like Gecko) Version/4.0.4 Safari/531.21.10"
92.151.13.161 - - [12/Nov/2011:09:16:51 +0100] "GET /enquete/images/clients/img_logo_facPharma.gif HTTP/1.1" 200 10509 "http://www.itsquizz.com/enquete/quizz?service=quizz&d=references" "Mozilla/5.0 (Macintosh; U; Intel Mac OS X 10_5_8; fr-fr) AppleWebKit/531.21.8 (KHTML, like Gecko) Version/4.0.4 Safari/531.21.10"
92.151.13.161 - - [12/Nov/2011:09:16:51 +0100] "GET /enquete/images/clients/img_logo_Ffmed.jpg HTTP/1.1" 200 7358 "http://www.itsquizz.com/enquete/quizz?service=quizz&d=references" "Mozilla/5.0 (Macintosh; U; Intel Mac OS X 10_5_8; fr-fr) AppleWebKit/531.21.8 (KHTML, like Gecko) Version/4.0.4 Safari/531.21.10"
92.151.13.161 - - [12/Nov/2011:09:16:51 +0100] "GET /enquete/images/clients/img_logo_fival.jpg HTTP/1.1" 200 5985 "http://www.itsquizz.com/enquete/quizz?service=quizz&d=references" "Mozilla/5.0 (Macintosh; U; Intel Mac OS X 10_5_8; fr-fr) AppleWebKit/531.21.8 (KHTML, like Gecko) Version/4.0.4 Safari/531.21.10"
92.151.13.161 - - [12/Nov/2011:09:16:51 +0100] "GET /enquete/images/clients/img_jva.jpg HTTP/1.1" 200 13446 "http://www.itsquizz.com/enquete/quizz?service=quizz&d=references" "Mozilla/5.0 (Macintosh; U; Intel Mac OS X 10_5_8; fr-fr) AppleWebKit/531.21.8 (KHTML, like Gecko) Version/4.0.4 Safari/531.21.10"
92.151.13.161 - - [12/Nov/2011:09:16:51 +0100] "GET /enquete/images/clients/img_logo_ppt.jpg HTTP/1.1" 200 10580 "http://www.itsquizz.com/enquete/quizz?service=quizz&d=references" "Mozilla/5.0 (Macintosh; U; Intel Mac OS X 10_5_8; fr-fr) AppleWebKit/531.21.8 (KHTML, like Gecko) Version/4.0.4 Safari/531.21.10"
92.151.13.161 - - [12/Nov/2011:09:16:51 +0100] "GET /enquete/images/clients/img_logo_SFMG.jpg HTTP/1.1" 200 25000 "http://www.itsquizz.com/enquete/quizz?service=quizz&d=references" "Mozilla/5.0 (Macintosh; U; Intel Mac OS X 10_5_8; fr-fr) AppleWebKit/531.21.8 (KHTML, like Gecko) Version/4.0.4 Safari/531.21.10"
92.151.13.161 - - [12/Nov/2011:09:16:51 +0100] "GET /enquete/images/clients/img_logo_HabHum.png HTTP/1.1" 200 40853 "http://www.itsquizz.com/enquete/quizz?service=quizz&d=references" "Mozilla/5.0 (Macintosh; U; Intel Mac OS X 10_5_8; fr-fr) AppleWebKit/531.21.8 (KHTML, like Gecko) Version/4.0.4 Safari/531.21.10"
92.151.13.161 - - [12/Nov/2011:09:16:52 +0100] "GET /enquete/images/clients/img_logo_SF.gif HTTP/1.1" 200 3594 "http://www.itsquizz.com/enquete/quizz?service=quizz&d=references" "Mozilla/5.0 (Macintosh; U; Intel Mac OS X 10_5_8; fr-fr) AppleWebKit/531.21.8 (KHTML, like Gecko) Version/4.0.4 Safari/531.21.10"
92.151.13.161 - - [12/Nov/2011:09:16:52 +0100] "GET /enquete/images/clients/img_logo_13Articles.gif HTTP/1.1" 200 3744 "http://www.itsquizz.com/enquete/quizz?service=quizz&d=references" "Mozilla/5.0 (Macintosh; U; Intel Mac OS X 10_5_8; fr-fr) AppleWebKit/531.21.8 (KHTML, like Gecko) Version/4.0.4 Safari/531.21.10"
92.151.13.161 - - [12/Nov/2011:09:16:52 +0100] "GET /enquete/images/clients/img_logo_SFTG.jpg HTTP/1.1" 200 42298 "http://www.itsquizz.com/enquete/quizz?service=quizz&d=references" "Mozilla/5.0 (Macintosh; U; Intel Mac OS X 10_5_8; fr-fr) AppleWebKit/531.21.8 (KHTML, like Gecko) Version/4.0.4 Safari/531.21.10"
92.151.13.161 - - [12/Nov/2011:09:16:51 +0100] "GET /enquete/images/clients/img_logo_Famillathlon.jpg HTTP/1.1" 200 111648 "http://www.itsquizz.com/enquete/quizz?service=quizz&d=references" "Mozilla/5.0 (Macintosh; U; Intel Mac OS X 10_5_8; fr-fr) AppleWebKit/531.21.8 (KHTML, like Gecko) Version/4.0.4 Safari/531.21.10"
92.151.13.161 - - [12/Nov/2011:09:16:52 +0100] "GET /enquete/images/clients/img_logo_val.jpg HTTP/1.1" 200 11262 "http://www.itsquizz.com/enquete/quizz?service=quizz&d=references" "Mozilla/5.0 (Macintosh; U; Intel Mac OS X 10_5_8; fr-fr) AppleWebKit/531.21.8 (KHTML, like Gecko) Version/4.0.4 Safari/531.21.10"
92.151.13.161 - - [12/Nov/2011:09:16:52 +0100] "GET /enquete/images/clients/img_logo_tignes.gif HTTP/1.1" 200 7756 "http://www.itsquizz.com/enquete/quizz?service=quizz&d=references" "Mozilla/5.0 (Macintosh; U; Intel Mac OS X 10_5_8; fr-fr) AppleWebKit/531.21.8 (KHTML, like Gecko) Version/4.0.4 Safari/531.21.10"
92.151.13.161 - - [12/Nov/2011:09:16:52 +0100] "GET /enquete/images/clients/img_logo_Pasteur.jpg HTTP/1.1" 200 2908 "http://www.itsquizz.com/enquete/quizz?service=quizz&d=references" "Mozilla/5.0 (Macintosh; U; Intel Mac OS X 10_5_8; fr-fr) AppleWebKit/531.21.8 (KHTML, like Gecko) Version/4.0.4 Safari/531.21.10"
92.151.13.161 - - [12/Nov/2011:09:16:52 +0100] "GET /enquete/images/clients/img_logo_cmint.gif HTTP/1.1" 200 5341 "http://www.itsquizz.com/enquete/quizz?service=quizz&d=references" "Mozilla/5.0 (Macintosh; U; Intel Mac OS X 10_5_8; fr-fr) AppleWebKit/531.21.8 (KHTML, like Gecko) Version/4.0.4 Safari/531.21.10"
92.151.13.161 - - [12/Nov/2011:09:16:52 +0100] "GET /enquete/images/favicon.ico HTTP/1.1" 200 3638 "http://www.itsquizz.com/enquete/quizz?service=quizz&d=references" "Mozilla/5.0 (Macintosh; U; Intel Mac OS X 10_5_8; fr-fr) AppleWebKit/531.21.8 (KHTML, like Gecko) Version/4.0.4 Safari/531.21.10"
114.80.93.71 - - [12/Nov/2011:09:32:07 +0100] "GET / HTTP/1.1" 302 312 "-" "Mozilla/4.0 (compatible; MSIE 6.0; Windows NT 5.1)"
123.125.71.34 - - [12/Nov/2011:09:32:10 +0100] "GET / HTTP/1.1" 302 400 "-" "Mozilla/5.0 (compatible; Baiduspider/2.0; +http://www.baidu.com/search/spider.html)"
114.80.93.71 - - [12/Nov/2011:09:32:11 +0100] "GET /enquete/ HTTP/1.1" 200 2863 "-" "Mozilla/4.0 (compatible; MSIE 6.0; Windows NT 5.1)"
114.80.93.71 - - [12/Nov/2011:09:32:27 +0100] "GET /enquete/css/itsquizz.css HTTP/1.1" 200 9072 "http://www.itsquizz.com/" "Mozilla/4.0 (compatible; MSIE 6.0; Windows NT 5.1)"
220.181.108.94 - - [12/Nov/2011:09:32:40 +0100] "GET / HTTP/1.1" 302 400 "-" "Mozilla/5.0 (compatible; Baiduspider/2.0; +http://www.baidu.com/search/spider.html)"
114.80.93.71 - - [12/Nov/2011:09:32:47 +0100] "GET /enquete/css/itsok_modal.css HTTP/1.1" 200 1115 "http://www.itsquizz.com/" "Mozilla/4.0 (compatible; MSIE 6.0; Windows NT 5.1)"
114.80.93.71 - - [12/Nov/2011:09:32:49 +0100] "GET /enquete/scripts/menu.js HTTP/1.1" 200 612 "http://www.itsquizz.com/" "Mozilla/4.0 (compatible; MSIE 6.0; Windows NT 5.1)"
114.80.93.71 - - [12/Nov/2011:09:32:50 +0100] "GET /enquete/scripts/net.js HTTP/1.1" 200 5554 "http://www.itsquizz.com/" "Mozilla/4.0 (compatible; MSIE 6.0; Windows NT 5.1)"
114.80.93.71 - - [12/Nov/2011:09:32:52 +0100] "GET /enquete/scripts/itsok_menu.js HTTP/1.1" 200 4053 "http://www.itsquizz.com/" "Mozilla/4.0 (compatible; MSIE 6.0; Windows NT 5.1)"
114.80.93.71 - - [12/Nov/2011:09:32:54 +0100] "GET /enquete/scripts/itsok_modalFooter.js HTTP/1.1" 200 334 "http://www.itsquizz.com/" "Mozilla/4.0 (compatible; MSIE 6.0; Windows NT 5.1)"
95.26.220.86 - - [12/Nov/2011:10:14:40 +0100] "GET / HTTP/1.0" 200 5198 "http://yandex.ru/yandsearch?text=pilotyourcom.com" "Mozilla/4.0 (compatible; MSIE 7.0; Windows NT 5.1; .NET CLR 1.1.4322; .NET CLR 2.0.50727)"
95.26.220.86 - - [12/Nov/2011:10:14:40 +0100] "GET /css/index.css HTTP/1.0" 200 1329 "http://pilotyourcom.com/" "Mozilla/4.0 (compatible; MSIE 7.0; Windows NT 5.1; .NET CLR 1.1.4322; .NET CLR 2.0.50727)"
95.26.220.86 - - [12/Nov/2011:10:14:40 +0100] "GET /index.js HTTP/1.0" 200 1233 "http://pilotyourcom.com/" "Mozilla/4.0 (compatible; MSIE 7.0; Windows NT 5.1; .NET CLR 1.1.4322; .NET CLR 2.0.50727)"
109.9.33.62 - - [12/Nov/2011:10:18:41 +0100] "GET / HTTP/1.1" 302 312 "-" "Mozilla/5.0 (Windows NT 6.1; WOW64) AppleWebKit/535.2 (KHTML, like Gecko) Chrome/15.0.874.106 Safari/535.2"
109.9.33.62 - - [12/Nov/2011:10:18:42 +0100] "GET /quiz/ HTTP/1.1" 200 755 "-" "Mozilla/5.0 (Windows NT 6.1; WOW64) AppleWebKit/535.2 (KHTML, like Gecko) Chrome/15.0.874.106 Safari/535.2"
109.9.33.62 - - [12/Nov/2011:10:18:42 +0100] "GET /favicon.ico HTTP/1.1" 404 313 "-" "Mozilla/5.0 (Windows NT 6.1; WOW64) AppleWebKit/535.2 (KHTML, like Gecko) Chrome/15.0.874.106 Safari/535.2"
124.115.0.14 - - [12/Nov/2011:10:23:04 +0100] "GET / HTTP/1.1" 302 312 "-" "Sosospider+(+http://help.soso.com/webspider.htm)"
124.115.0.14 - - [12/Nov/2011:10:23:08 +0100] "GET /enquete/ HTTP/1.1" 200 2864 "-" "Sosospider+(+http://help.soso.com/webspider.htm)"
124.115.0.14 - - [12/Nov/2011:10:23:20 +0100] "GET /enquete/scripts/itsok_modalFooter.js HTTP/1.1" 200 334 "http://www.itsquizz.com/enquete/" "Sosospider+(+http://help.soso.com/webspider.htm)"
124.115.0.14 - - [12/Nov/2011:10:23:20 +0100] "GET /enquete/scripts/menu.js HTTP/1.1" 200 612 "http://www.itsquizz.com/enquete/" "Sosospider+(+http://help.soso.com/webspider.htm)"
124.115.0.14 - - [12/Nov/2011:10:23:20 +0100] "GET /enquete/css/itsok_modal.css HTTP/1.1" 200 1115 "http://www.itsquizz.com/enquete/" "Sosospider+(+http://help.soso.com/webspider.htm)"
124.115.0.14 - - [12/Nov/2011:10:23:20 +0100] "GET /enquete/scripts/itsok_menu.js HTTP/1.1" 200 4053 "http://www.itsquizz.com/enquete/" "Sosospider+(+http://help.soso.com/webspider.htm)"
124.115.0.14 - - [12/Nov/2011:10:23:20 +0100] "GET /enquete/css/itsquizz.css HTTP/1.1" 200 9072 "http://www.itsquizz.com/enquete/" "Sosospider+(+http://help.soso.com/webspider.htm)"
124.115.4.190 - - [12/Nov/2011:10:31:10 +0100] "GET / HTTP/1.1" 302 312 "-" "Sosospider+(+http://help.soso.com/webspider.htm)"
124.115.4.190 - - [12/Nov/2011:10:31:15 +0100] "GET /" 400 655 "-" "-"
220.181.108.77 - - [12/Nov/2011:10:36:40 +0100] "GET / HTTP/1.1" 302 400 "-" "Mozilla/5.0 (compatible; Baiduspider/2.0; +http://www.baidu.com/search/spider.html)"
123.125.71.21 - - [12/Nov/2011:10:38:30 +0100] "GET / HTTP/1.1" 302 400 "-" "Mozilla/5.0 (compatible; Baiduspider/2.0; +http://www.baidu.com/search/spider.html)"
157.55.107.141 - - [12/Nov/2011:11:28:52 +0100] "GET /robots.txt HTTP/1.1" 404 386 "-" "Mozilla/5.0 (compatible; bingbot/2.0; +http://www.bing.com/bingbot.htm)"
123.125.71.16 - - [12/Nov/2011:11:34:41 +0100] "GET / HTTP/1.1" 302 400 "-" "Mozilla/5.0 (compatible; Baiduspider/2.0; +http://www.baidu.com/search/spider.html)"
220.181.108.95 - - [12/Nov/2011:11:35:11 +0100] "GET / HTTP/1.1" 302 400 "-" "Mozilla/5.0 (compatible; Baiduspider/2.0; +http://www.baidu.com/search/spider.html)"
66.121.63.28 - - [12/Nov/2011:11:39:17 +0100] "GET /" 400 655 "-" "-"
95.108.128.241 - - [12/Nov/2011:11:46:47 +0100] "GET /pg_log_itime.htm HTTP/1.1" 304 - "-" "Mozilla/5.0 (compatible; YandexBot/3.0; +http://yandex.com/bots)"
66.249.71.112 - - [12/Nov/2011:12:12:53 +0100] "GET /robots.txt HTTP/1.1" 404 308 "-" "Mozilla/5.0 (compatible; Googlebot/2.1; +http://www.google.com/bot.html)"
66.249.71.112 - - [12/Nov/2011:12:12:54 +0100] "GET / HTTP/1.1" 304 - "-" "Mozilla/5.0 (compatible; Googlebot/2.1; +http://www.google.com/bot.html)"
220.181.108.91 - - [12/Nov/2011:12:31:44 +0100] "GET / HTTP/1.1" 302 400 "-" "Mozilla/5.0 (compatible; Baiduspider/2.0; +http://www.baidu.com/search/spider.html)"
123.125.71.17 - - [12/Nov/2011:12:32:21 +0100] "GET / HTTP/1.1" 302 400 "-" "Mozilla/5.0 (compatible; Baiduspider/2.0; +http://www.baidu.com/search/spider.html)"
123.125.71.70 - - [12/Nov/2011:12:52:18 +0100] "GET /robots.txt HTTP/1.1" 404 312 "-" "Baiduspider+(+http://www.baidu.com/search/spider.htm)"
117.32.153.177 - - [12/Nov/2011:12:59:23 +0100] "GET / HTTP/1.1" 302 400 "-" "Mozilla/4.0 (compatible; MSIE 5.00; Windows 98)"
207.46.199.193 - - [12/Nov/2011:13:00:15 +0100] "GET /robots.txt HTTP/1.1" 404 390 "-" "Mozilla/5.0 (compatible; bingbot/2.0; +http://www.bing.com/bingbot.htm)"
81.52.143.16 - - [12/Nov/2011:13:06:13 +0100] "GET /robots.txt HTTP/1.1" 404 312 "-" "Mozilla/5.0 (Windows; U; Windows NT 5.1; fr; rv:1.8.1) VoilaBot BETA 1.2 (support.voilabot@orange-ftgroup.com)"
81.52.143.16 - - [12/Nov/2011:13:06:36 +0100] "GET /quiz/pilot?service=accessQuestionnaire&idQuiz=118&key=0440515647 HTTP/1.1" 200 1572 "-" "Mozilla/5.0 (Windows; U; Windows NT 5.1; fr; rv:1.8.1) VoilaBot BETA 1.2 (support.voilabot@orange-ftgroup.com)"
62.212.73.211 - - [12/Nov/2011:13:11:30 +0100] "GET /robots.txt HTTP/1.0" 301 420 "-" "Mozilla/5.0 (compatible; MJ12bot/v1.4.0; http://www.majestic12.co.uk/bot.php?+)"
62.212.73.211 - - [12/Nov/2011:13:11:30 +0100] "GET /robots.txt HTTP/1.0" 200 24 "-" "Mozilla/5.0 (compatible; MJ12bot/v1.4.0; http://www.majestic12.co.uk/bot.php?+)"
62.212.73.211 - - [12/Nov/2011:13:11:32 +0100] "GET /index.htm HTTP/1.0" 301 321 "-" "Mozilla/5.0 (compatible; MJ12bot/v1.4.0; http://www.majestic12.co.uk/bot.php?+)"
62.212.73.211 - - [12/Nov/2011:13:11:32 +0100] "GET /robots.txt HTTP/1.0" 200 24 "-" "Mozilla/5.0 (compatible; MJ12bot/v1.4.0; http://www.majestic12.co.uk/bot.php?+)"
62.212.73.211 - - [12/Nov/2011:13:11:34 +0100] "GET /index.htm HTTP/1.0" 404 387 "-" "Mozilla/5.0 (compatible; MJ12bot/v1.4.0; http://www.majestic12.co.uk/bot.php?+)"
62.212.73.211 - - [12/Nov/2011:13:11:35 +0100] "GET /pg_documents.htm HTTP/1.0" 301 323 "-" "Mozilla/5.0 (compatible; MJ12bot/v1.4.0; http://www.majestic12.co.uk/bot.php?+)"
62.212.73.211 - - [12/Nov/2011:13:11:37 +0100] "GET /pg_documents.htm HTTP/1.0" 200 3240 "-" "Mozilla/5.0 (compatible; MJ12bot/v1.4.0; http://www.majestic12.co.uk/bot.php?+)"
62.212.73.211 - - [12/Nov/2011:13:11:38 +0100] "GET /pg_outils_pyw.htm HTTP/1.0" 301 327 "-" "Mozilla/5.0 (compatible; MJ12bot/v1.4.0; http://www.majestic12.co.uk/bot.php?+)"
62.212.73.211 - - [12/Nov/2011:13:11:39 +0100] "GET /pg_outils_pyw.htm HTTP/1.0" 200 7472 "-" "Mozilla/5.0 (compatible; MJ12bot/v1.4.0; http://www.majestic12.co.uk/bot.php?+)"
62.212.73.211 - - [12/Nov/2011:13:11:41 +0100] "GET /pg_pres_clients.htm HTTP/1.0" 301 329 "-" "Mozilla/5.0 (compatible; MJ12bot/v1.4.0; http://www.majestic12.co.uk/bot.php?+)"
62.212.73.211 - - [12/Nov/2011:13:11:42 +0100] "GET /pg_pres_clients.htm HTTP/1.0" 200 8410 "-" "Mozilla/5.0 (compatible; MJ12bot/v1.4.0; http://www.majestic12.co.uk/bot.php?+)"
62.212.73.211 - - [12/Nov/2011:13:11:44 +0100] "GET /pg_pres_part.htm HTTP/1.0" 301 326 "-" "Mozilla/5.0 (compatible; MJ12bot/v1.4.0; http://www.majestic12.co.uk/bot.php?+)"
62.212.73.211 - - [12/Nov/2011:13:11:45 +0100] "GET /pg_pres_part.htm HTTP/1.0" 200 5755 "-" "Mozilla/5.0 (compatible; MJ12bot/v1.4.0; http://www.majestic12.co.uk/bot.php?+)"
62.212.73.211 - - [12/Nov/2011:13:11:46 +0100] "GET /index.html HTTP/1.0" 200 3725 "-" "Mozilla/5.0 (compatible; MJ12bot/v1.4.0; http://www.majestic12.co.uk/bot.php?+)"
62.212.73.211 - - [12/Nov/2011:13:11:48 +0100] "GET /pg_documents.htm HTTP/1.0" 200 1321 "-" "Mozilla/5.0 (compatible; MJ12bot/v1.4.0; http://www.majestic12.co.uk/bot.php?+)"
62.212.73.211 - - [12/Nov/2011:13:11:49 +0100] "GET /pg_outils_pyw.htm HTTP/1.0" 200 2381 "-" "Mozilla/5.0 (compatible; MJ12bot/v1.4.0; http://www.majestic12.co.uk/bot.php?+)"
62.212.73.211 - - [12/Nov/2011:13:11:50 +0100] "GET /pg_pres_clients.htm HTTP/1.0" 200 1926 "-" "Mozilla/5.0 (compatible; MJ12bot/v1.4.0; http://www.majestic12.co.uk/bot.php?+)"
62.212.73.211 - - [12/Nov/2011:13:11:52 +0100] "GET /pg_pres_part.htm HTTP/1.0" 200 1599 "-" "Mozilla/5.0 (compatible; MJ12bot/v1.4.0; http://www.majestic12.co.uk/bot.php?+)"
207.46.199.193 - - [12/Nov/2011:13:13:13 +0100] "GET /robots.txt HTTP/1.1" 404 390 "-" "Mozilla/5.0 (compatible; bingbot/2.0; +http://www.bing.com/bingbot.htm)"
220.181.108.84 - - [12/Nov/2011:13:35:00 +0100] "GET / HTTP/1.1" 302 400 "-" "Mozilla/5.0 (compatible; Baiduspider/2.0; +http://www.baidu.com/search/spider.html)"
123.125.71.12 - - [12/Nov/2011:13:38:52 +0100] "GET / HTTP/1.1" 302 400 "-" "Mozilla/5.0 (compatible; Baiduspider/2.0; +http://www.baidu.com/search/spider.html)"
207.46.199.193 - - [12/Nov/2011:13:40:21 +0100] "GET /robots.txt HTTP/1.1" 404 386 "-" "Mozilla/5.0 (compatible; bingbot/2.0; +http://www.bing.com/bingbot.htm)"
109.9.33.62 - - [12/Nov/2011:13:42:52 +0100] "GET / HTTP/1.1" 302 313 "-" "Mozilla/5.0 (Windows NT 6.1; WOW64) AppleWebKit/535.2 (KHTML, like Gecko) Chrome/15.0.874.106 Safari/535.2"
109.9.33.62 - - [12/Nov/2011:13:42:52 +0100] "GET /quiz/ HTTP/1.1" 200 755 "-" "Mozilla/5.0 (Windows NT 6.1; WOW64) AppleWebKit/535.2 (KHTML, like Gecko) Chrome/15.0.874.106 Safari/535.2"
109.9.33.62 - - [12/Nov/2011:13:42:52 +0100] "GET /favicon.ico HTTP/1.1" 404 313 "-" "Mozilla/5.0 (Windows NT 6.1; WOW64) AppleWebKit/535.2 (KHTML, like Gecko) Chrome/15.0.874.106 Safari/535.2"
207.46.199.193 - - [12/Nov/2011:14:05:29 +0100] "GET /robots.txt HTTP/1.1" 404 390 "-" "Mozilla/5.0 (compatible; bingbot/2.0; +http://www.bing.com/bingbot.htm)"
220.181.108.88 - - [12/Nov/2011:14:37:23 +0100] "GET / HTTP/1.1" 302 400 "-" "Mozilla/5.0 (compatible; Baiduspider/2.0; +http://www.baidu.com/search/spider.html)"
123.125.71.18 - - [12/Nov/2011:14:38:13 +0100] "GET / HTTP/1.1" 302 400 "-" "Mozilla/5.0 (compatible; Baiduspider/2.0; +http://www.baidu.com/search/spider.html)"
157.55.107.141 - - [12/Nov/2011:14:49:07 +0100] "GET /robots.txt HTTP/1.1" 404 386 "-" "Mozilla/5.0 (compatible; bingbot/2.0; +http://www.bing.com/bingbot.htm)"
66.249.71.165 - - [12/Nov/2011:15:26:38 +0100] "GET /robots.txt HTTP/1.1" 404 311 "-" "Mozilla/5.0 (compatible; Googlebot/2.1; +http://www.google.com/bot.html)"
66.249.71.165 - - [12/Nov/2011:15:26:38 +0100] "GET / HTTP/1.1" 304 - "-" "Mozilla/5.0 (compatible; Googlebot/2.1; +http://www.google.com/bot.html)"
123.125.71.32 - - [12/Nov/2011:15:37:29 +0100] "GET / HTTP/1.1" 302 400 "-" "Mozilla/5.0 (compatible; Baiduspider/2.0; +http://www.baidu.com/search/spider.html)"
220.181.108.93 - - [12/Nov/2011:15:38:10 +0100] "GET / HTTP/1.1" 302 400 "-" "Mozilla/5.0 (compatible; Baiduspider/2.0; +http://www.baidu.com/search/spider.html)"
207.46.199.193 - - [12/Nov/2011:16:06:16 +0100] "GET /robots.txt HTTP/1.1" 404 390 "-" "Mozilla/5.0 (compatible; bingbot/2.0; +http://www.bing.com/bingbot.htm)"
207.46.199.193 - - [12/Nov/2011:16:06:45 +0100] "GET /robots.txt HTTP/1.1" 404 386 "-" "Mozilla/5.0 (compatible; bingbot/2.0; +http://www.bing.com/bingbot.htm)"
207.46.199.193 - - [12/Nov/2011:16:28:33 +0100] "GET /robots.txt HTTP/1.1" 404 386 "-" "Mozilla/5.0 (compatible; bingbot/2.0; +http://www.bing.com/bingbot.htm)"
220.181.108.86 - - [12/Nov/2011:16:39:13 +0100] "GET / HTTP/1.1" 302 400 "-" "Mozilla/5.0 (compatible; Baiduspider/2.0; +http://www.baidu.com/search/spider.html)"
123.125.71.35 - - [12/Nov/2011:16:43:05 +0100] "GET / HTTP/1.1" 302 400 "-" "Mozilla/5.0 (compatible; Baiduspider/2.0; +http://www.baidu.com/search/spider.html)"
66.249.71.234 - - [12/Nov/2011:17:03:09 +0100] "GET /robots.txt HTTP/1.1" 301 322 "-" "Mozilla/5.0 (compatible; Googlebot/2.1; +http://www.google.com/bot.html)"
66.249.71.229 - - [12/Nov/2011:17:03:09 +0100] "GET /robots.txt HTTP/1.1" 200 44 "-" "Mozilla/5.0 (compatible; Googlebot/2.1; +http://www.google.com/bot.html)"
66.249.71.234 - - [12/Nov/2011:17:03:09 +0100] "GET / HTTP/1.1" 301 315 "-" "Mozilla/5.0 (compatible; Googlebot/2.1; +http://www.google.com/bot.html)"
66.249.71.229 - - [12/Nov/2011:17:03:10 +0100] "GET /robots.txt HTTP/1.1" 200 44 "-" "Mozilla/5.0 (compatible; Googlebot/2.1; +http://www.google.com/bot.html)"
66.249.71.229 - - [12/Nov/2011:17:03:10 +0100] "GET / HTTP/1.1" 200 3725 "-" "Mozilla/5.0 (compatible; Googlebot/2.1; +http://www.google.com/bot.html)"
95.108.245.253 - - [12/Nov/2011:17:06:51 +0100] "GET /robots.txt HTTP/1.1" 404 390 "-" "Mozilla/5.0 (compatible; YandexBot/3.0; +http://yandex.com/bots)"
119.63.196.82 - - [12/Nov/2011:17:16:35 +0100] "GET / HTTP/1.1" 302 394 "-" "Mozilla/5.0 (compatible; Baiduspider/2.0; +http://www.baidu.com/search/spider.html)"
207.46.199.193 - - [12/Nov/2011:17:17:53 +0100] "GET /robots.txt HTTP/1.1" 404 386 "-" "Mozilla/5.0 (compatible; bingbot/2.0; +http://www.bing.com/bingbot.htm)"
95.108.245.253 - - [12/Nov/2011:17:38:05 +0100] "GET / HTTP/1.1" 200 3725 "-" "Mozilla/5.0 (compatible; YandexBot/3.0; +http://yandex.com/bots)"
95.108.245.253 - - [12/Nov/2011:17:38:06 +0100] "GET /robots.txt HTTP/1.1" 404 386 "-" "Mozilla/5.0 (compatible; YandexBot/3.0; +http://yandex.com/bots)"
95.108.245.253 - - [12/Nov/2011:17:38:08 +0100] "GET /pg_outils_pyw.htm HTTP/1.1" 304 - "-" "Mozilla/5.0 (compatible; YandexBot/3.0; +http://yandex.com/bots)"
95.108.245.253 - - [12/Nov/2011:17:38:10 +0100] "GET /enquete/ HTTP/1.1" 200 2864 "-" "Mozilla/5.0 (compatible; YandexBot/3.0; +http://yandex.com/bots)"
95.108.245.253 - - [12/Nov/2011:17:38:10 +0100] "GET /pg_log_iquizz.htm HTTP/1.1" 304 - "-" "Mozilla/5.0 (compatible; YandexBot/3.0; +http://yandex.com/bots)"
95.108.245.253 - - [12/Nov/2011:17:38:12 +0100] "GET /pg_pres_qui.htm HTTP/1.1" 304 - "-" "Mozilla/5.0 (compatible; YandexBot/3.0; +http://yandex.com/bots)"
95.108.245.253 - - [12/Nov/2011:17:38:14 +0100] "GET /pg_outils_pilot.htm HTTP/1.1" 304 - "-" "Mozilla/5.0 (compatible; YandexBot/3.0; +http://yandex.com/bots)"
95.108.245.253 - - [12/Nov/2011:17:38:15 +0100] "GET /pg_services.htm HTTP/1.1" 304 - "-" "Mozilla/5.0 (compatible; YandexBot/3.0; +http://yandex.com/bots)"
220.181.108.86 - - [12/Nov/2011:17:49:44 +0100] "GET / HTTP/1.1" 302 400 "-" "Mozilla/5.0 (compatible; Baiduspider/2.0; +http://www.baidu.com/search/spider.html)"
123.125.71.13 - - [12/Nov/2011:17:50:02 +0100] "GET / HTTP/1.1" 302 400 "-" "Mozilla/5.0 (compatible; Baiduspider/2.0; +http://www.baidu.com/search/spider.html)"
124.115.0.156 - - [12/Nov/2011:18:11:31 +0100] "GET / HTTP/1.1" 302 312 "-" "Sosospider+(+http://help.soso.com/webspider.htm)"
124.115.0.156 - - [12/Nov/2011:18:11:32 +0100] "GET /" 400 655 "-" "-"
220.181.108.97 - - [12/Nov/2011:18:38:06 +0100] "GET / HTTP/1.1" 302 400 "-" "Mozilla/5.0 (compatible; Baiduspider/2.0; +http://www.baidu.com/search/spider.html)"
66.249.71.229 - - [12/Nov/2011:18:40:15 +0100] "GET / HTTP/1.1" 304 - "-" "Mozilla/5.0 (compatible; Googlebot/2.1; +http://www.google.com/bot.html)"
123.125.71.27 - - [12/Nov/2011:18:40:31 +0100] "GET / HTTP/1.1" 302 400 "-" "Mozilla/5.0 (compatible; Baiduspider/2.0; +http://www.baidu.com/search/spider.html)"
220.181.94.235 - - [12/Nov/2011:18:43:49 +0100] "GET / HTTP/1.1" 304 - "-" "Sogou web spider/4.0(+http://www.sogou.com/docs/help/webmasters.htm#07)"
207.46.199.193 - - [12/Nov/2011:18:45:01 +0100] "GET /robots.txt HTTP/1.1" 404 386 "-" "Mozilla/5.0 (compatible; bingbot/2.0; +http://www.bing.com/bingbot.htm)"
193.47.80.82 - - [12/Nov/2011:19:28:07 +0100] "GET / HTTP/1.1" 302 312 "-" "Mozilla/5.0 (compatible; Konqueror/3.5; Linux) KHTML/3.5.5 (like Gecko) (Exabot-Thumbnails)"
193.47.80.82 - - [12/Nov/2011:19:28:07 +0100] "GET /enquete/ HTTP/1.1" 200 2863 "-" "Mozilla/5.0 (compatible; Konqueror/3.5; Linux) KHTML/3.5.5 (like Gecko) (Exabot-Thumbnails)"
193.47.80.82 - - [12/Nov/2011:19:28:07 +0100] "GET /enquete/css/itsquizz.css HTTP/1.1" 200 9072 "http://www.itsquizz.com/enquete/" "Mozilla/5.0 (compatible; Konqueror/3.5; Linux) KHTML/3.5.5 (like Gecko) (Exabot-Thumbnails)"
193.47.80.82 - - [12/Nov/2011:19:28:07 +0100] "GET /enquete/scripts/menu.js HTTP/1.1" 200 612 "http://www.itsquizz.com/enquete/" "Mozilla/5.0 (compatible; Konqueror/3.5; Linux) KHTML/3.5.5 (like Gecko) (Exabot-Thumbnails)"
193.47.80.82 - - [12/Nov/2011:19:28:07 +0100] "GET /enquete/scripts/itsok_modal.js HTTP/1.1" 200 3818 "http://www.itsquizz.com/enquete/" "Mozilla/5.0 (compatible; Konqueror/3.5; Linux) KHTML/3.5.5 (like Gecko) (Exabot-Thumbnails)"
193.47.80.82 - - [12/Nov/2011:19:28:07 +0100] "GET /enquete/css/itsok_modal.css HTTP/1.1" 200 1115 "http://www.itsquizz.com/enquete/" "Mozilla/5.0 (compatible; Konqueror/3.5; Linux) KHTML/3.5.5 (like Gecko) (Exabot-Thumbnails)"
193.47.80.82 - - [12/Nov/2011:19:28:07 +0100] "GET /enquete/scripts/ajaxRequestsTools.js HTTP/1.1" 200 9762 "http://www.itsquizz.com/enquete/" "Mozilla/5.0 (compatible; Konqueror/3.5; Linux) KHTML/3.5.5 (like Gecko) (Exabot-Thumbnails)"
193.47.80.82 - - [12/Nov/2011:19:28:07 +0100] "GET /enquete/scripts/net.js HTTP/1.1" 200 5554 "http://www.itsquizz.com/enquete/" "Mozilla/5.0 (compatible; Konqueror/3.5; Linux) KHTML/3.5.5 (like Gecko) (Exabot-Thumbnails)"
193.47.80.82 - - [12/Nov/2011:19:28:07 +0100] "GET /enquete/scripts/itsok_menu.js HTTP/1.1" 200 4053 "http://www.itsquizz.com/enquete/" "Mozilla/5.0 (compatible; Konqueror/3.5; Linux) KHTML/3.5.5 (like Gecko) (Exabot-Thumbnails)"
193.47.80.82 - - [12/Nov/2011:19:28:07 +0100] "GET /enquete/images/bulletTransp.png HTTP/1.1" 200 405 "http://www.itsquizz.com/enquete/" "Mozilla/5.0 (compatible; Konqueror/3.5; Linux) KHTML/3.5.5 (like Gecko) (Exabot-Thumbnails)"
193.47.80.82 - - [12/Nov/2011:19:28:07 +0100] "GET /enquete/scripts/itsok_modalFooter.js HTTP/1.1" 200 334 "http://www.itsquizz.com/enquete/" "Mozilla/5.0 (compatible; Konqueror/3.5; Linux) KHTML/3.5.5 (like Gecko) (Exabot-Thumbnails)"
193.47.80.82 - - [12/Nov/2011:19:28:07 +0100] "GET /enquete/images/bandeau/photo0.jpg HTTP/1.1" 200 62278 "http://www.itsquizz.com/enquete/" "Mozilla/5.0 (compatible; Konqueror/3.5; Linux) KHTML/3.5.5 (like Gecko) (Exabot-Thumbnails)"
193.47.80.82 - - [12/Nov/2011:19:28:07 +0100] "GET /enquete/images/img_icone_pdf.gif HTTP/1.1" 200 685 "http://www.itsquizz.com/enquete/" "Mozilla/5.0 (compatible; Konqueror/3.5; Linux) KHTML/3.5.5 (like Gecko) (Exabot-Thumbnails)"
124.115.6.11 - - [12/Nov/2011:19:34:31 +0100] "GET /robots.txt HTTP/1.1" 404 310 "-" "Sosospider+(+http://help.soso.com/webspider.htm)"
220.181.108.97 - - [12/Nov/2011:19:38:25 +0100] "GET / HTTP/1.1" 302 400 "-" "Mozilla/5.0 (compatible; Baiduspider/2.0; +http://www.baidu.com/search/spider.html)"
123.125.71.20 - - [12/Nov/2011:19:38:47 +0100] "GET / HTTP/1.1" 302 400 "-" "Mozilla/5.0 (compatible; Baiduspider/2.0; +http://www.baidu.com/search/spider.html)"
66.249.72.121 - - [12/Nov/2011:19:39:55 +0100] "GET /robots.txt HTTP/1.1" 404 312 "-" "Mozilla/5.0 (compatible; Googlebot/2.1; +http://www.google.com/bot.html)"
66.249.72.121 - - [12/Nov/2011:19:39:55 +0100] "GET /quiz/pilot?service=accessQuestionnaire&idQuiz=63&key=8484983447 HTTP/1.1" 200 506 "-" "Mozilla/5.0 (compatible; Googlebot/2.1; +http://www.google.com/bot.html)"
114.80.93.71 - - [12/Nov/2011:20:03:38 +0100] "GET / HTTP/1.1" 302 312 "-" "Mozilla/4.0 (compatible; MSIE 6.0; Windows NT 5.1)"
114.80.93.71 - - [12/Nov/2011:20:03:39 +0100] "GET /enquete/ HTTP/1.1" 200 2864 "-" "Mozilla/4.0 (compatible; MSIE 6.0; Windows NT 5.1)"
114.80.93.71 - - [12/Nov/2011:20:03:53 +0100] "GET /enquete/css/itsquizz.css HTTP/1.1" 200 9072 "http://www.itsquizz.com/" "Mozilla/4.0 (compatible; MSIE 6.0; Windows NT 5.1)"
114.80.93.71 - - [12/Nov/2011:20:03:55 +0100] "GET /enquete/css/itsok_modal.css HTTP/1.1" 200 1115 "http://www.itsquizz.com/" "Mozilla/4.0 (compatible; MSIE 6.0; Windows NT 5.1)"
114.80.93.71 - - [12/Nov/2011:20:03:57 +0100] "GET /enquete/scripts/menu.js HTTP/1.1" 200 612 "http://www.itsquizz.com/" "Mozilla/4.0 (compatible; MSIE 6.0; Windows NT 5.1)"
114.80.93.71 - - [12/Nov/2011:20:04:01 +0100] "GET /enquete/scripts/net.js HTTP/1.1" 200 5554 "http://www.itsquizz.com/" "Mozilla/4.0 (compatible; MSIE 6.0; Windows NT 5.1)"
114.80.93.71 - - [12/Nov/2011:20:04:03 +0100] "GET /enquete/scripts/itsok_menu.js HTTP/1.1" 200 4053 "http://www.itsquizz.com/" "Mozilla/4.0 (compatible; MSIE 6.0; Windows NT 5.1)"
114.80.93.71 - - [12/Nov/2011:20:04:08 +0100] "GET /enquete/scripts/itsok_modalFooter.js HTTP/1.1" 200 334 "http://www.itsquizz.com/" "Mozilla/4.0 (compatible; MSIE 6.0; Windows NT 5.1)"
157.55.107.141 - - [12/Nov/2011:20:05:35 +0100] "GET /robots.txt HTTP/1.1" 404 386 "-" "Mozilla/5.0 (compatible; bingbot/2.0; +http://www.bing.com/bingbot.htm)"
95.108.249.30 - - [12/Nov/2011:20:12:28 +0100] "GET /robots.txt HTTP/1.1" 404 390 "-" "Mozilla/5.0 (compatible; YandexBot/3.0; +http://yandex.com/bots)"
66.249.71.88 - - [12/Nov/2011:20:17:00 +0100] "GET /robots.txt HTTP/1.1" 404 310 "-" "Mozilla/5.0 (compatible; Googlebot/2.1; +http://www.google.com/bot.html)"
66.249.71.88 - - [12/Nov/2011:20:17:00 +0100] "GET /enquete/quizz?service=quizz&d=devis HTTP/1.1" 200 2252 "-" "Mozilla/5.0 (compatible; Googlebot/2.1; +http://www.google.com/bot.html)"
157.55.50.77 - - [12/Nov/2011:20:17:51 +0100] "GET /robots.txt HTTP/1.1" 404 386 "-" "Mozilla/5.0 (compatible; bingbot/2.0; +http://www.bing.com/bingbot.htm)"
124.115.6.11 - - [12/Nov/2011:20:24:38 +0100] "GET /robots.txt HTTP/1.1" 404 312 "-" "Sosospider+(+http://help.soso.com/webspider.htm)"
95.108.249.30 - - [12/Nov/2011:20:36:55 +0100] "GET /quiz/images/company/famillathlon/Famillathlon-AnimSommaire2.swf HTTP/1.1" 200 509747 "-" "Mozilla/5.0 (compatible; YandexBot/3.0; +http://yandex.com/bots)"
123.125.71.30 - - [12/Nov/2011:20:38:12 +0100] "GET / HTTP/1.1" 302 400 "-" "Mozilla/5.0 (compatible; Baiduspider/2.0; +http://www.baidu.com/search/spider.html)"
220.181.108.83 - - [12/Nov/2011:20:38:54 +0100] "GET / HTTP/1.1" 302 400 "-" "Mozilla/5.0 (compatible; Baiduspider/2.0; +http://www.baidu.com/search/spider.html)"
123.125.71.29 - - [12/Nov/2011:21:37:10 +0100] "GET / HTTP/1.1" 302 400 "-" "Mozilla/5.0 (compatible; Baiduspider/2.0; +http://www.baidu.com/search/spider.html)"
220.181.108.84 - - [12/Nov/2011:21:37:47 +0100] "GET / HTTP/1.1" 302 400 "-" "Mozilla/5.0 (compatible; Baiduspider/2.0; +http://www.baidu.com/search/spider.html)"
208.115.111.68 - - [12/Nov/2011:22:03:22 +0100] "GET /robots.txt HTTP/1.1" 404 386 "-" "Mozilla/5.0 (compatible; Ezooms/1.0; ezooms.bot@gmail.com)"
178.85.161.122 - - [12/Nov/2011:22:13:22 +0100] "GET /robots.txt HTTP/1.0" 200 24 "-" "Mozilla/5.0 (compatible; MJ12bot/v1.4.0; http://www.majestic12.co.uk/bot.php?+)"
178.85.161.122 - - [12/Nov/2011:22:13:24 +0100] "GET / HTTP/1.1" 200 13136 "-" "Mozilla/5.0 (compatible; MJ12bot/v1.4.0; http://www.majestic12.co.uk/bot.php?+)"
178.112.115.86 - - [12/Nov/2011:22:20:09 +0100] "GET /doc/WP-PushletPilot.pdf HTTP/1.1" 200 348634 "http://www.google.fr/url?sa=t&rct=j&q=projet%3A%20vente%20aux%20encheres%20software%20&source=web&cd=10&ved=0CHgQFjAJ&url=http%3A%2F%2Fwww.itssauquet.com%2Fdoc%2FWP-PushletPilot.pdf&ei=heK-TuTmIsfAswa-rviQAw&usg=AFQjCNEAg2d3OneWF83swW3gFUeaJ6Pt4Q" "Mozilla/5.0 (Windows NT 6.0; rv:8.0) Gecko/20100101 Firefox/8.0"
178.112.115.86 - - [12/Nov/2011:22:20:11 +0100] "GET /doc/WP-PushletPilot.pdf HTTP/1.1" 206 339445 "-" "Mozilla/5.0 (Windows NT 6.0; rv:8.0) Gecko/20100101 Firefox/8.0"
207.46.12.238 - - [12/Nov/2011:22:29:50 +0100] "GET /robots.txt HTTP/1.1" 404 386 "-" "Mozilla/5.0 (compatible; bingbot/2.0; +http://www.bing.com/bingbot.htm)"
123.125.71.21 - - [12/Nov/2011:22:37:15 +0100] "GET / HTTP/1.1" 302 400 "-" "Mozilla/5.0 (compatible; Baiduspider/2.0; +http://www.baidu.com/search/spider.html)"
220.181.108.78 - - [12/Nov/2011:22:37:58 +0100] "GET / HTTP/1.1" 302 400 "-" "Mozilla/5.0 (compatible; Baiduspider/2.0; +http://www.baidu.com/search/spider.html)"
208.115.111.68 - - [12/Nov/2011:22:48:53 +0100] "GET /enquete/quizz?service=quizz&d=faq HTTP/1.1" 200 25673 "-" "Mozilla/5.0 (compatible; Ezooms/1.0; ezooms.bot@gmail.com)"
207.46.12.238 - - [12/Nov/2011:22:49:50 +0100] "GET /pg_news.htm HTTP/1.1" 404 311 "-" "Mozilla/5.0 (compatible; bingbot/2.0; +http://www.bing.com/bingbot.htm)"
207.46.199.193 - - [12/Nov/2011:22:55:58 +0100] "GET /robots.txt HTTP/1.1" 404 386 "-" "Mozilla/5.0 (compatible; bingbot/2.0; +http://www.bing.com/bingbot.htm)"
119.63.196.121 - - [12/Nov/2011:23:02:44 +0100] "GET /robots.txt HTTP/1.1" 404 312 "-" "Baiduspider+(+http://www.baidu.com/search/spider.htm)"
173.240.49.34 - - [12/Nov/2011:23:03:21 +0100] "GET /robots.txt HTTP/1.1" 301 420 "-" "Mozilla/5.0 (compatible; Search17Bot/1.1; http://www.search17.com/bot.php)"
173.240.49.34 - - [12/Nov/2011:23:03:22 +0100] "GET /robots.txt HTTP/1.1" 200 24 "-" "Mozilla/5.0 (compatible; Search17Bot/1.1; http://www.search17.com/bot.php)"
173.240.49.34 - - [12/Nov/2011:23:03:22 +0100] "GET / HTTP/1.1" 301 315 "-" "Mozilla/5.0 (compatible; Search17Bot/1.1; http://www.search17.com/bot.php)"
173.240.49.34 - - [12/Nov/2011:23:03:22 +0100] "GET / HTTP/1.1" 200 3725 "-" "Mozilla/5.0 (compatible; Search17Bot/1.1; http://www.search17.com/bot.php)"
124.115.4.197 - - [12/Nov/2011:23:15:39 +0100] "GET / HTTP/1.0" 302 394 "-" "Sosospider+(+http://help.soso.com/webspider.htm)"
124.115.4.197 - - [12/Nov/2011:23:15:42 +0100] "GET /enquete/ HTTP/1.0" 200 10289 "-" "Sosospider+(+http://help.soso.com/webspider.htm)"
88.131.106.22 - - [12/Nov/2011:23:25:49 +0100] "GET /robots.txt HTTP/1.0" 200 44 "-" "Mozilla/5.0 (Windows; U; Windows NT 5.1; en-US) Speedy Spider (http://www.entireweb.com/about/search_tech/speedy_spider/)"
88.131.106.22 - - [12/Nov/2011:23:25:49 +0100] "GET /pg_pres_part.htm HTTP/1.0" 200 1599 "-" "Mozilla/5.0 (Windows; U; Windows NT 5.1; en-US) Speedy Spider (http://www.entireweb.com/about/search_tech/speedy_spider/)"
65.52.110.190 - - [12/Nov/2011:23:25:49 +0100] "GET /robots.txt HTTP/1.1" 200 24 "-" "Mozilla/5.0 (compatible; bingbot/2.0; +http://www.bing.com/bingbot.htm)"
65.52.110.190 - - [12/Nov/2011:23:26:40 +0100] "GET /pg_documents.htm HTTP/1.1" 200 1321 "-" "Mozilla/5.0 (compatible; bingbot/2.0; +http://www.bing.com/bingbot.htm)"
123.125.71.24 - - [12/Nov/2011:23:36:19 +0100] "GET / HTTP/1.1" 302 400 "-" "Mozilla/5.0 (compatible; Baiduspider/2.0; +http://www.baidu.com/search/spider.html)"
220.181.108.96 - - [12/Nov/2011:23:37:01 +0100] "GET / HTTP/1.1" 302 400 "-" "Mozilla/5.0 (compatible; Baiduspider/2.0; +http://www.baidu.com/search/spider.html)"
124.115.5.11 - - [13/Nov/2011:00:14:41 +0100] "GET / HTTP/1.0" 302 394 "-" "Mozilla/4.0 (compatible; MSIE 6.0; Windows NT 5.1; SV1; .NET CLR 1.1.4322;TencentTraveler)"
124.115.5.11 - - [13/Nov/2011:00:14:44 +0100] "GET /enquete/ HTTP/1.0" 200 10284 "-" "Mozilla/4.0 (compatible; MSIE 6.0; Windows NT 5.1; SV1; .NET CLR 1.1.4322;TencentTraveler)"
114.80.93.73 - - [13/Nov/2011:00:35:02 +0100] "GET / HTTP/1.0" 302 394 "-" "Mozilla/4.0 (compatible; MSIE 6.0; Windows NT 5.1; SV1; .NET CLR 1.1.4322;TencentTraveler)"
114.80.93.73 - - [13/Nov/2011:00:35:05 +0100] "GET /enquete/ HTTP/1.0" 200 10284 "-" "Mozilla/4.0 (compatible; MSIE 6.0; Windows NT 5.1; SV1; .NET CLR 1.1.4322;TencentTraveler)"
123.125.71.12 - - [13/Nov/2011:00:36:30 +0100] "GET / HTTP/1.1" 302 400 "-" "Mozilla/5.0 (compatible; Baiduspider/2.0; +http://www.baidu.com/search/spider.html)"
220.181.108.96 - - [13/Nov/2011:00:37:11 +0100] "GET / HTTP/1.1" 302 400 "-" "Mozilla/5.0 (compatible; Baiduspider/2.0; +http://www.baidu.com/search/spider.html)"
157.55.107.141 - - [13/Nov/2011:00:51:05 +0100] "GET /robots.txt HTTP/1.1" 404 386 "-" "Mozilla/5.0 (compatible; bingbot/2.0; +http://www.bing.com/bingbot.htm)"
123.125.71.29 - - [13/Nov/2011:01:33:24 +0100] "GET / HTTP/1.1" 302 400 "-" "Mozilla/5.0 (compatible; Baiduspider/2.0; +http://www.baidu.com/search/spider.html)"
220.181.108.90 - - [13/Nov/2011:01:33:57 +0100] "GET / HTTP/1.1" 302 400 "-" "Mozilla/5.0 (compatible; Baiduspider/2.0; +http://www.baidu.com/search/spider.html)"
124.115.0.15 - - [13/Nov/2011:01:45:34 +0100] "GET / HTTP/1.1" 302 312 "-" "Sosospider+(+http://help.soso.com/webspider.htm)"
124.115.0.15 - - [13/Nov/2011:01:45:35 +0100] "GET /" 400 655 "-" "-"
207.46.12.238 - - [13/Nov/2011:01:50:50 +0100] "GET /robots.txt HTTP/1.1" 404 386 "-" "Mozilla/5.0 (compatible; bingbot/2.0; +http://www.bing.com/bingbot.htm)"
208.80.194.36 - - [13/Nov/2011:01:56:59 +0100] "GET / HTTP/1.0" 200 13136 "-" "Mozilla/4.0 (compatible; MSIE 7.0; Windows NT 5.1; Editor 3.0 - http://www.e-ditor.com; .NET CLR 1.1.4322; .NET CLR 2.0.50727; FDM)"
207.46.12.238 - - [13/Nov/2011:02:07:12 +0100] "GET /pg_pres_ref.htm HTTP/1.1" 404 314 "-" "Mozilla/5.0 (compatible; bingbot/2.0; +http://www.bing.com/bingbot.htm)"
207.46.204.177 - - [13/Nov/2011:02:16:16 +0100] "GET /robots.txt HTTP/1.1" 200 24 "-" "Mozilla/5.0 (compatible; bingbot/2.0; +http://www.bing.com/bingbot.htm)"
207.46.204.177 - - [13/Nov/2011:02:16:58 +0100] "GET /pg_log_itime.htm HTTP/1.1" 200 2623 "-" "Mozilla/5.0 (compatible; bingbot/2.0; +http://www.bing.com/bingbot.htm)"
207.46.199.193 - - [13/Nov/2011:02:29:19 +0100] "GET /robots.txt HTTP/1.1" 404 386 "-" "Mozilla/5.0 (compatible; bingbot/2.0; +http://www.bing.com/bingbot.htm)"
81.52.143.35 - - [13/Nov/2011:02:29:46 +0100] "GET /pg_log_itime.htm HTTP/1.1" 200 2623 "-" "Mozilla/5.0 (Windows; U; Windows NT 5.1; fr; rv:1.8.1) VoilaBot BETA 1.2 (support.voilabot@orange-ftgroup.com)"
123.125.71.13 - - [13/Nov/2011:02:36:24 +0100] "GET / HTTP/1.1" 302 400 "-" "Mozilla/5.0 (compatible; Baiduspider/2.0; +http://www.baidu.com/search/spider.html)"
220.181.108.82 - - [13/Nov/2011:02:36:59 +0100] "GET / HTTP/1.1" 302 400 "-" "Mozilla/5.0 (compatible; Baiduspider/2.0; +http://www.baidu.com/search/spider.html)"
193.47.80.49 - - [13/Nov/2011:02:37:18 +0100] "GET /robots.txt HTTP/1.1" 404 310 "-" "Mozilla/5.0 (compatible; Exabot/3.0; +http://www.exabot.com/go/robot)"
193.47.80.49 - - [13/Nov/2011:02:37:18 +0100] "GET / HTTP/1.1" 302 312 "-" "Mozilla/5.0 (compatible; Exabot/3.0; +http://www.exabot.com/go/robot)"
193.47.80.49 - - [13/Nov/2011:02:43:09 +0100] "GET /enquete/ HTTP/1.1" 200 2870 "-" "Mozilla/5.0 (compatible; Exabot/3.0; +http://www.exabot.com/go/robot)"
188.165.217.42 - - [13/Nov/2011:03:25:02 +0100] "GET / HTTP/1.0" 302 394 "-" "Mozilla/5.0 (X11; U; Linux i686; en-US; rv:1.2.1) Gecko/20021204"
188.165.217.42 - - [13/Nov/2011:03:25:02 +0100] "GET / HTTP/1.0" 302 394 "-" "-"
188.165.217.42 - - [13/Nov/2011:03:25:02 +0100] "GET /enquete/ HTTP/1.0" 200 10284 "-" "-"
123.125.71.28 - - [13/Nov/2011:03:32:33 +0100] "GET / HTTP/1.1" 302 400 "-" "Mozilla/5.0 (compatible; Baiduspider/2.0; +http://www.baidu.com/search/spider.html)"
220.181.108.77 - - [13/Nov/2011:03:33:01 +0100] "GET / HTTP/1.1" 302 400 "-" "Mozilla/5.0 (compatible; Baiduspider/2.0; +http://www.baidu.com/search/spider.html)"
95.108.245.253 - - [13/Nov/2011:03:33:19 +0100] "GET / HTTP/1.1" 200 2069 "-" "Mozilla/5.0 (compatible; YandexBot/3.0; +http://yandex.com/bots)"
114.80.93.73 - - [13/Nov/2011:04:05:12 +0100] "GET / HTTP/1.0" 302 394 "-" "Mozilla/4.0 (compatible; MSIE 6.0; Windows NT 5.1; SV1; .NET CLR 1.1.4322;TencentTraveler)"
114.80.93.73 - - [13/Nov/2011:04:05:15 +0100] "GET /enquete/ HTTP/1.0" 200 10284 "-" "Mozilla/4.0 (compatible; MSIE 6.0; Windows NT 5.1; SV1; .NET CLR 1.1.4322;TencentTraveler)"
119.63.196.10 - - [13/Nov/2011:04:15:02 +0100] "GET /robots.txt HTTP/1.1" 404 310 "-" "Baiduspider+(+http://www.baidu.com/search/spider.htm)"
193.252.118.175 - - [13/Nov/2011:04:15:55 +0100] "GET /pg_log_iquizz.htm HTTP/1.1" 200 2381 "-" "Mozilla/5.0 (Windows; U; Windows NT 5.1; fr; rv:1.8.1) VoilaBot BETA 1.2 (support.voilabot@orange-ftgroup.com)"
157.55.50.77 - - [13/Nov/2011:04:19:00 +0100] "GET /robots.txt HTTP/1.1" 404 390 "-" "Mozilla/5.0 (compatible; bingbot/2.0; +http://www.bing.com/bingbot.htm)"
65.52.109.26 - - [13/Nov/2011:04:22:08 +0100] "GET /robots.txt HTTP/1.1" 404 390 "-" "Mozilla/5.0 (compatible; bingbot/2.0; +http://www.bing.com/bingbot.htm)"
65.52.109.26 - - [13/Nov/2011:04:23:01 +0100] "GET /PilotYourCom.pdf HTTP/1.1" 200 46686 "-" "Mozilla/5.0 (compatible; bingbot/2.0; +http://www.bing.com/bingbot.htm)"
46.21.144.52 - - [13/Nov/2011:04:31:46 +0100] "GET /gb/index.htm HTTP/1.0" 404 388 "http://www.itsquizz.com/gb/index.htm" "Mozilla/4.0 (compatible; MSIE 5.5; Windows 95; BCD2000)"
46.21.144.52 - - [13/Nov/2011:04:31:46 +0100] "GET / HTTP/1.0" 302 394 "http://www.itsquizz.com/" "Mozilla/4.0 (compatible; MSIE 5.5; Windows 95; BCD2000)"
46.21.144.52 - - [13/Nov/2011:04:31:46 +0100] "GET /enquete/ HTTP/1.0" 200 10282 "http://www.itsquizz.com/enquete/" "Mozilla/4.0 (compatible; MSIE 5.5; Windows 95; BCD2000)"
123.125.71.27 - - [13/Nov/2011:04:34:32 +0100] "GET / HTTP/1.1" 302 400 "-" "Mozilla/5.0 (compatible; Baiduspider/2.0; +http://www.baidu.com/search/spider.html)"
220.181.108.84 - - [13/Nov/2011:04:35:09 +0100] "GET / HTTP/1.1" 302 400 "-" "Mozilla/5.0 (compatible; Baiduspider/2.0; +http://www.baidu.com/search/spider.html)"
124.115.5.11 - - [13/Nov/2011:04:45:49 +0100] "GET / HTTP/1.0" 302 394 "-" "Mozilla/4.0 (compatible; MSIE 6.0; Windows NT 5.1; SV1; .NET CLR 1.1.4322;TencentTraveler)"
124.115.5.11 - - [13/Nov/2011:04:45:50 +0100] "GET /enquete/ HTTP/1.0" 200 10295 "-" "Mozilla/4.0 (compatible; MSIE 6.0; Windows NT 5.1; SV1; .NET CLR 1.1.4322;TencentTraveler)"
207.46.12.238 - - [13/Nov/2011:04:59:32 +0100] "GET /robots.txt HTTP/1.1" 404 386 "-" "Mozilla/5.0 (compatible; bingbot/2.0; +http://www.bing.com/bingbot.htm)"
207.46.12.238 - - [13/Nov/2011:05:07:14 +0100] "GET /pg_tarifs_devis.htm HTTP/1.1" 404 317 "-" "Mozilla/5.0 (compatible; bingbot/2.0; +http://www.bing.com/bingbot.htm)"
220.181.108.85 - - [13/Nov/2011:05:34:23 +0100] "GET / HTTP/1.1" 302 400 "-" "Mozilla/5.0 (compatible; Baiduspider/2.0; +http://www.baidu.com/search/spider.html)"
123.125.71.18 - - [13/Nov/2011:05:35:09 +0100] "GET / HTTP/1.1" 302 400 "-" "Mozilla/5.0 (compatible; Baiduspider/2.0; +http://www.baidu.com/search/spider.html)"
119.147.75.140 - - [13/Nov/2011:06:02:34 +0100] "GET / HTTP/1.1" 302 312 "-" "Mozilla/4.0 (compatible; MSIE 6.0; Windows NT 5.1)"
119.147.75.140 - - [13/Nov/2011:06:02:35 +0100] "GET /enquete/ HTTP/1.1" 200 2870 "-" "Mozilla/4.0 (compatible; MSIE 6.0; Windows NT 5.1)"
119.147.75.140 - - [13/Nov/2011:06:02:49 +0100] "GET /enquete/css/itsquizz.css HTTP/1.1" 200 9072 "http://www.itsquizz.com/" "Mozilla/4.0 (compatible; MSIE 6.0; Windows NT 5.1)"
119.147.75.140 - - [13/Nov/2011:06:02:51 +0100] "GET /enquete/css/itsok_modal.css HTTP/1.1" 200 1115 "http://www.itsquizz.com/" "Mozilla/4.0 (compatible; MSIE 6.0; Windows NT 5.1)"
119.147.75.140 - - [13/Nov/2011:06:02:55 +0100] "GET /enquete/scripts/menu.js HTTP/1.1" 200 612 "http://www.itsquizz.com/" "Mozilla/4.0 (compatible; MSIE 6.0; Windows NT 5.1)"
119.147.75.140 - - [13/Nov/2011:06:02:56 +0100] "GET /enquete/scripts/net.js HTTP/1.1" 200 5554 "http://www.itsquizz.com/" "Mozilla/4.0 (compatible; MSIE 6.0; Windows NT 5.1)"
119.147.75.140 - - [13/Nov/2011:06:03:01 +0100] "GET /enquete/scripts/itsok_menu.js HTTP/1.1" 200 4053 "http://www.itsquizz.com/" "Mozilla/4.0 (compatible; MSIE 6.0; Windows NT 5.1)"
119.147.75.140 - - [13/Nov/2011:06:03:05 +0100] "GET /enquete/scripts/itsok_modalFooter.js HTTP/1.1" 200 334 "http://www.itsquizz.com/" "Mozilla/4.0 (compatible; MSIE 6.0; Windows NT 5.1)"
72.14.199.111 - - [13/Nov/2011:06:08:52 +0100] "GET / HTTP/1.1" 302 312 "-" "AdsBot-Google (+http://www.google.com/adsbot.html)"
72.14.199.111 - - [13/Nov/2011:06:08:53 +0100] "GET /enquete/ HTTP/1.1" 200 2863 "-" "AdsBot-Google (+http://www.google.com/adsbot.html)"
72.14.199.111 - - [13/Nov/2011:06:09:21 +0100] "GET /enquete/css/itsok_modal.css HTTP/1.1" 200 1115 "-" "AdsBot-Google (+http://www.google.com/adsbot.html)"
