109.237.252.113 - - [15/Nov/2011:09:55:57 +0100] "POST /quiz/pilot?service=fillQuestionnaire&directory=generated&language=fr HTTP/1.1" 200 3606 "https://manager.itsquizz.com/quiz/pilot?service=fillQuestionnaire&directory=generated&language=fr" "Mozilla/4.0 (compatible; MSIE 8.0; Windows NT 6.1; Trident/4.0; SLCC2; .NET CLR 2.0.50727; .NET CLR 3.5.30729; .NET CLR 3.0.30729; Media Center PC 6.0; .NET4.0C; .NET CLR 1.1.4322; InfoPath.1)"
92.103.160.226 - - [15/Nov/2011:09:56:14 +0100] "POST /quiz/pilot?service=fillQuestionnaire&directory=generated&language=fr HTTP/1.1" 200 5736 "https://manager.itsquizz.com/quiz/pilot?service=fillQuestionnaire&directory=generated&language=fr" "Mozilla/4.0 (compatible; MSIE 8.0; Windows NT 6.1; Trident/4.0; SLCC2; .NET CLR 2.0.50727; .NET CLR 3.5.30729; .NET CLR 3.0.30729; Media Center PC 6.0; .NET4.0C; .NET CLR 1.1.4322; InfoPath.1)"
183.62.115.234 - - [15/Nov/2011:09:56:28 +0100] "GET / HTTP/1.1" 302 312 "-" "Mozilla/4.0 (compatible; MSIE 6.0; Windows NT 5.1)"
183.62.115.234 - - [15/Nov/2011:09:56:29 +0100] "GET /enquete/ HTTP/1.1" 200 2870 "-" "Mozilla/4.0 (compatible; MSIE 6.0; Windows NT 5.1)"
183.62.115.234 - - [15/Nov/2011:09:56:42 +0100] "GET /enquete/css/itsquizz.css HTTP/1.1" 200 9072 "http://www.itsquizz.com/" "Mozilla/4.0 (compatible; MSIE 6.0; Windows NT 5.1)"
183.62.115.234 - - [15/Nov/2011:09:56:44 +0100] "GET /enquete/css/itsok_modal.css HTTP/1.1" 200 1115 "http://www.itsquizz.com/" "Mozilla/4.0 (compatible; MSIE 6.0; Windows NT 5.1)"
92.103.160.226 - - [15/Nov/2011:09:56:47 +0100] "GET /quiz/pilot?service=getQuestionnaires HTTP/1.1" 200 1239 "https://manager.itsquizz.com/quiz/pilot?service=initShowAnswer&idQuiz=146&nbPages=3&idPanel=99" "Mozilla/4.0 (compatible; MSIE 8.0; Windows NT 6.1; Trident/4.0; SLCC2; .NET CLR 2.0.50727; .NET CLR 3.5.30729; .NET CLR 3.0.30729; Media Center PC 6.0; .NET4.0C; .NET CLR 1.1.4322; InfoPath.1)"
92.103.160.226 - - [15/Nov/2011:09:56:47 +0100] "GET /quiz/css/main.css HTTP/1.1" 304 - "https://manager.itsquizz.com/quiz/pilot?service=getQuestionnaires" "Mozilla/4.0 (compatible; MSIE 8.0; Windows NT 6.1; Trident/4.0; SLCC2; .NET CLR 2.0.50727; .NET CLR 3.5.30729; .NET CLR 3.0.30729; Media Center PC 6.0; .NET4.0C; .NET CLR 1.1.4322; InfoPath.1)"
92.103.160.226 - - [15/Nov/2011:09:56:47 +0100] "GET /quiz/scripts/wz_tooltip.js HTTP/1.1" 304 - "https://manager.itsquizz.com/quiz/pilot?service=getQuestionnaires" "Mozilla/4.0 (compatible; MSIE 8.0; Windows NT 6.1; Trident/4.0; SLCC2; .NET CLR 2.0.50727; .NET CLR 3.5.30729; .NET CLR 3.0.30729; Media Center PC 6.0; .NET4.0C; .NET CLR 1.1.4322; InfoPath.1)"
92.103.160.226 - - [15/Nov/2011:09:56:47 +0100] "GET /quiz/css/content.css HTTP/1.1" 304 - "https://manager.itsquizz.com/quiz/pilot?service=getQuestionnaires" "Mozilla/4.0 (compatible; MSIE 8.0; Windows NT 6.1; Trident/4.0; SLCC2; .NET CLR 2.0.50727; .NET CLR 3.5.30729; .NET CLR 3.0.30729; Media Center PC 6.0; .NET4.0C; .NET CLR 1.1.4322; InfoPath.1)"
92.103.160.226 - - [15/Nov/2011:09:56:50 +0100] "GET /quiz/pilot?service=showQuestionnaire&id=146&quizName=Identification&quizType=I&quizOnline=Y HTTP/1.1" 200 3543 "https://manager.itsquizz.com/quiz/pilot?service=getQuestionnaires" "Mozilla/4.0 (compatible; MSIE 8.0; Windows NT 6.1; Trident/4.0; SLCC2; .NET CLR 2.0.50727; .NET CLR 3.5.30729; .NET CLR 3.0.30729; Media Center PC 6.0; .NET4.0C; .NET CLR 1.1.4322; InfoPath.1)"
92.103.160.226 - - [15/Nov/2011:09:56:50 +0100] "GET /quiz/css/calendar/xc2_default.css HTTP/1.1" 304 - "https://manager.itsquizz.com/quiz/pilot?service=showQuestionnaire&id=146&quizName=Identification&quizType=I&quizOnline=Y" "Mozilla/4.0 (compatible; MSIE 8.0; Windows NT 6.1; Trident/4.0; SLCC2; .NET CLR 2.0.50727; .NET CLR 3.5.30729; .NET CLR 3.0.30729; Media Center PC 6.0; .NET4.0C; .NET CLR 1.1.4322; InfoPath.1)"
92.103.160.226 - - [15/Nov/2011:09:56:50 +0100] "GET /quiz/scripts/calendar/xc2_default_fr.js HTTP/1.1" 304 - "https://manager.itsquizz.com/quiz/pilot?service=showQuestionnaire&id=146&quizName=Identification&quizType=I&quizOnline=Y" "Mozilla/4.0 (compatible; MSIE 8.0; Windows NT 6.1; Trident/4.0; SLCC2; .NET CLR 2.0.50727; .NET CLR 3.5.30729; .NET CLR 3.0.30729; Media Center PC 6.0; .NET4.0C; .NET CLR 1.1.4322; InfoPath.1)"
92.103.160.226 - - [15/Nov/2011:09:56:50 +0100] "GET /quiz/scripts/calendar/xc2_inpage.js HTTP/1.1" 304 - "https://manager.itsquizz.com/quiz/pilot?service=showQuestionnaire&id=146&quizName=Identification&quizType=I&quizOnline=Y" "Mozilla/4.0 (compatible; MSIE 8.0; Windows NT 6.1; Trident/4.0; SLCC2; .NET CLR 2.0.50727; .NET CLR 3.5.30729; .NET CLR 3.0.30729; Media Center PC 6.0; .NET4.0C; .NET CLR 1.1.4322; InfoPath.1)"
92.103.160.226 - - [15/Nov/2011:09:56:50 +0100] "GET /quiz/scripts/quizDate.js HTTP/1.1" 304 - "https://manager.itsquizz.com/quiz/pilot?service=showQuestionnaire&id=146&quizName=Identification&quizType=I&quizOnline=Y" "Mozilla/4.0 (compatible; MSIE 8.0; Windows NT 6.1; Trident/4.0; SLCC2; .NET CLR 2.0.50727; .NET CLR 3.5.30729; .NET CLR 3.0.30729; Media Center PC 6.0; .NET4.0C; .NET CLR 1.1.4322; InfoPath.1)"
92.103.160.226 - - [15/Nov/2011:09:56:50 +0100] "GET /quiz/scripts/quiz.js HTTP/1.1" 304 - "https://manager.itsquizz.com/quiz/pilot?service=showQuestionnaire&id=146&quizName=Identification&quizType=I&quizOnline=Y" "Mozilla/4.0 (compatible; MSIE 8.0; Windows NT 6.1; Trident/4.0; SLCC2; .NET CLR 2.0.50727; .NET CLR 3.5.30729; .NET CLR 3.0.30729; Media Center PC 6.0; .NET4.0C; .NET CLR 1.1.4322; InfoPath.1)"
92.103.160.226 - - [15/Nov/2011:09:56:50 +0100] "GET /quiz/scripts/itsok_menu.js HTTP/1.1" 304 - "https://manager.itsquizz.com/quiz/pilot?service=showQuestionnaire&id=146&quizName=Identification&quizType=I&quizOnline=Y" "Mozilla/4.0 (compatible; MSIE 8.0; Windows NT 6.1; Trident/4.0; SLCC2; .NET CLR 2.0.50727; .NET CLR 3.5.30729; .NET CLR 3.0.30729; Media Center PC 6.0; .NET4.0C; .NET CLR 1.1.4322; InfoPath.1)"
92.103.160.226 - - [15/Nov/2011:09:56:50 +0100] "GET /quiz/scripts/util_window.js HTTP/1.1" 304 - "https://manager.itsquizz.com/quiz/pilot?service=showQuestionnaire&id=146&quizName=Identification&quizType=I&quizOnline=Y" "Mozilla/4.0 (compatible; MSIE 8.0; Windows NT 6.1; Trident/4.0; SLCC2; .NET CLR 2.0.50727; .NET CLR 3.5.30729; .NET CLR 3.0.30729; Media Center PC 6.0; .NET4.0C; .NET CLR 1.1.4322; InfoPath.1)"
92.103.160.226 - - [15/Nov/2011:09:56:50 +0100] "GET /quiz/scripts/util.js HTTP/1.1" 304 - "https://manager.itsquizz.com/quiz/pilot?service=showQuestionnaire&id=146&quizName=Identification&quizType=I&quizOnline=Y" "Mozilla/4.0 (compatible; MSIE 8.0; Windows NT 6.1; Trident/4.0; SLCC2; .NET CLR 2.0.50727; .NET CLR 3.5.30729; .NET CLR 3.0.30729; Media Center PC 6.0; .NET4.0C; .NET CLR 1.1.4322; InfoPath.1)"
92.103.160.226 - - [15/Nov/2011:09:56:50 +0100] "GET /quiz/scripts/labelConfig.js HTTP/1.1" 304 - "https://manager.itsquizz.com/quiz/pilot?service=showQuestionnaire&id=146&quizName=Identification&quizType=I&quizOnline=Y" "Mozilla/4.0 (compatible; MSIE 8.0; Windows NT 6.1; Trident/4.0; SLCC2; .NET CLR 2.0.50727; .NET CLR 3.5.30729; .NET CLR 3.0.30729; Media Center PC 6.0; .NET4.0C; .NET CLR 1.1.4322; InfoPath.1)"
92.103.160.226 - - [15/Nov/2011:09:56:50 +0100] "GET /quiz/scripts/labelSubmit_fr.js HTTP/1.1" 304 - "https://manager.itsquizz.com/quiz/pilot?service=showQuestionnaire&id=146&quizName=Identification&quizType=I&quizOnline=Y" "Mozilla/4.0 (compatible; MSIE 8.0; Windows NT 6.1; Trident/4.0; SLCC2; .NET CLR 2.0.50727; .NET CLR 3.5.30729; .NET CLR 3.0.30729; Media Center PC 6.0; .NET4.0C; .NET CLR 1.1.4322; InfoPath.1)"
92.103.160.226 - - [15/Nov/2011:09:56:50 +0100] "GET /quiz/scripts/itsok_form.js HTTP/1.1" 304 - "https://manager.itsquizz.com/quiz/pilot?service=showQuestionnaire&id=146&quizName=Identification&quizType=I&quizOnline=Y" "Mozilla/4.0 (compatible; MSIE 8.0; Windows NT 6.1; Trident/4.0; SLCC2; .NET CLR 2.0.50727; .NET CLR 3.5.30729; .NET CLR 3.0.30729; Media Center PC 6.0; .NET4.0C; .NET CLR 1.1.4322; InfoPath.1)"
92.103.160.226 - - [15/Nov/2011:09:56:50 +0100] "GET /quiz/scripts/itsok_date.js HTTP/1.1" 304 - "https://manager.itsquizz.com/quiz/pilot?service=showQuestionnaire&id=146&quizName=Identification&quizType=I&quizOnline=Y" "Mozilla/4.0 (compatible; MSIE 8.0; Windows NT 6.1; Trident/4.0; SLCC2; .NET CLR 2.0.50727; .NET CLR 3.5.30729; .NET CLR 3.0.30729; Media Center PC 6.0; .NET4.0C; .NET CLR 1.1.4322; InfoPath.1)"
92.103.160.226 - - [15/Nov/2011:09:56:50 +0100] "GET /quiz/scripts/dhtmlgoodies_slider.js HTTP/1.1" 304 - "https://manager.itsquizz.com/quiz/pilot?service=showQuestionnaire&id=146&quizName=Identification&quizType=I&quizOnline=Y" "Mozilla/4.0 (compatible; MSIE 8.0; Windows NT 6.1; Trident/4.0; SLCC2; .NET CLR 2.0.50727; .NET CLR 3.5.30729; .NET CLR 3.0.30729; Media Center PC 6.0; .NET4.0C; .NET CLR 1.1.4322; InfoPath.1)"
92.103.160.226 - - [15/Nov/2011:09:56:50 +0100] "GET /quiz/scripts/calendar/mod_time.js HTTP/1.1" 304 - "https://manager.itsquizz.com/quiz/pilot?service=showQuestionnaire&id=146&quizName=Identification&quizType=I&quizOnline=Y" "Mozilla/4.0 (compatible; MSIE 8.0; Windows NT 6.1; Trident/4.0; SLCC2; .NET CLR 2.0.50727; .NET CLR 3.5.30729; .NET CLR 3.0.30729; Media Center PC 6.0; .NET4.0C; .NET CLR 1.1.4322; InfoPath.1)"
92.103.160.226 - - [15/Nov/2011:09:56:50 +0100] "GET /quiz/images/info.gif HTTP/1.1" 304 - "https://manager.itsquizz.com/quiz/pilot?service=showQuestionnaire&id=146&quizName=Identification&quizType=I&quizOnline=Y" "Mozilla/4.0 (compatible; MSIE 8.0; Windows NT 6.1; Trident/4.0; SLCC2; .NET CLR 2.0.50727; .NET CLR 3.5.30729; .NET CLR 3.0.30729; Media Center PC 6.0; .NET4.0C; .NET CLR 1.1.4322; InfoPath.1)"
92.103.160.226 - - [15/Nov/2011:09:56:50 +0100] "GET /quiz/images/close.gif HTTP/1.1" 304 - "https://manager.itsquizz.com/quiz/pilot?service=showQuestionnaire&id=146&quizName=Identification&quizType=I&quizOnline=Y" "Mozilla/4.0 (compatible; MSIE 8.0; Windows NT 6.1; Trident/4.0; SLCC2; .NET CLR 2.0.50727; .NET CLR 3.5.30729; .NET CLR 3.0.30729; Media Center PC 6.0; .NET4.0C; .NET CLR 1.1.4322; InfoPath.1)"
92.103.160.226 - - [15/Nov/2011:09:56:50 +0100] "GET /quiz/images/envoyer.gif HTTP/1.1" 304 - "https://manager.itsquizz.com/quiz/pilot?service=showQuestionnaire&id=146&quizName=Identification&quizType=I&quizOnline=Y" "Mozilla/4.0 (compatible; MSIE 8.0; Windows NT 6.1; Trident/4.0; SLCC2; .NET CLR 2.0.50727; .NET CLR 3.5.30729; .NET CLR 3.0.30729; Media Center PC 6.0; .NET4.0C; .NET CLR 1.1.4322; InfoPath.1)"
92.103.160.226 - - [15/Nov/2011:09:56:51 +0100] "GET /quiz/pilot?service=initShowAnswer&idQuiz=146&nbPages=3&idPanel=99 HTTP/1.1" 200 2698 "https://manager.itsquizz.com/quiz/pilot?service=showQuestionnaire&id=146&quizName=Identification&quizType=I&quizOnline=Y" "Mozilla/4.0 (compatible; MSIE 8.0; Windows NT 6.1; Trident/4.0; SLCC2; .NET CLR 2.0.50727; .NET CLR 3.5.30729; .NET CLR 3.0.30729; Media Center PC 6.0; .NET4.0C; .NET CLR 1.1.4322; InfoPath.1)"
92.103.160.226 - - [15/Nov/2011:09:56:51 +0100] "GET /quiz/scripts/statistics.js HTTP/1.1" 304 - "https://manager.itsquizz.com/quiz/pilot?service=initShowAnswer&idQuiz=146&nbPages=3&idPanel=99" "Mozilla/4.0 (compatible; MSIE 8.0; Windows NT 6.1; Trident/4.0; SLCC2; .NET CLR 2.0.50727; .NET CLR 3.5.30729; .NET CLR 3.0.30729; Media Center PC 6.0; .NET4.0C; .NET CLR 1.1.4322; InfoPath.1)"
183.62.115.234 - - [15/Nov/2011:09:56:51 +0100] "GET /enquete/scripts/menu.js HTTP/1.1" 200 612 "http://www.itsquizz.com/" "Mozilla/4.0 (compatible; MSIE 6.0; Windows NT 5.1)"
183.62.115.234 - - [15/Nov/2011:09:56:53 +0100] "GET /enquete/scripts/net.js HTTP/1.1" 200 5554 "http://www.itsquizz.com/" "Mozilla/4.0 (compatible; MSIE 6.0; Windows NT 5.1)"
92.103.160.226 - - [15/Nov/2011:09:56:53 +0100] "POST /quiz/pilot?service=showAnswer HTTP/1.1" 200 1848 "https://manager.itsquizz.com/quiz/pilot?service=initShowAnswer&idQuiz=146&nbPages=3&idPanel=99" "Mozilla/4.0 (compatible; MSIE 8.0; Windows NT 6.1; Trident/4.0; SLCC2; .NET CLR 2.0.50727; .NET CLR 3.5.30729; .NET CLR 3.0.30729; Media Center PC 6.0; .NET4.0C; .NET CLR 1.1.4322; InfoPath.1)"
92.103.160.226 - - [15/Nov/2011:09:56:53 +0100] "GET /quiz/scripts/net.js HTTP/1.1" 304 - "https://manager.itsquizz.com/quiz/pilot?service=showAnswer" "Mozilla/4.0 (compatible; MSIE 8.0; Windows NT 6.1; Trident/4.0; SLCC2; .NET CLR 2.0.50727; .NET CLR 3.5.30729; .NET CLR 3.0.30729; Media Center PC 6.0; .NET4.0C; .NET CLR 1.1.4322; InfoPath.1)"
92.103.160.226 - - [15/Nov/2011:09:56:53 +0100] "GET /quiz/scripts/ajaxRequests.js HTTP/1.1" 304 - "https://manager.itsquizz.com/quiz/pilot?service=showAnswer" "Mozilla/4.0 (compatible; MSIE 8.0; Windows NT 6.1; Trident/4.0; SLCC2; .NET CLR 2.0.50727; .NET CLR 3.5.30729; .NET CLR 3.0.30729; Media Center PC 6.0; .NET4.0C; .NET CLR 1.1.4322; InfoPath.1)"
92.103.160.226 - - [15/Nov/2011:09:56:53 +0100] "GET /quiz/scripts/labelConfig.js HTTP/1.1" 304 - "https://manager.itsquizz.com/quiz/pilot?service=showAnswer" "Mozilla/4.0 (compatible; MSIE 8.0; Windows NT 6.1; Trident/4.0; SLCC2; .NET CLR 2.0.50727; .NET CLR 3.5.30729; .NET CLR 3.0.30729; Media Center PC 6.0; .NET4.0C; .NET CLR 1.1.4322; InfoPath.1)"
92.103.160.226 - - [15/Nov/2011:09:56:53 +0100] "GET /quiz/css/content.css HTTP/1.1" 304 - "https://manager.itsquizz.com/quiz/pilot?service=showAnswer" "Mozilla/4.0 (compatible; MSIE 8.0; Windows NT 6.1; Trident/4.0; SLCC2; .NET CLR 2.0.50727; .NET CLR 3.5.30729; .NET CLR 3.0.30729; Media Center PC 6.0; .NET4.0C; .NET CLR 1.1.4322; InfoPath.1)"
92.103.160.226 - - [15/Nov/2011:09:56:53 +0100] "GET /quiz/scripts/ajaxRequestsTools.js HTTP/1.1" 304 - "https://manager.itsquizz.com/quiz/pilot?service=showAnswer" "Mozilla/4.0 (compatible; MSIE 8.0; Windows NT 6.1; Trident/4.0; SLCC2; .NET CLR 2.0.50727; .NET CLR 3.5.30729; .NET CLR 3.0.30729; Media Center PC 6.0; .NET4.0C; .NET CLR 1.1.4322; InfoPath.1)"
92.103.160.226 - - [15/Nov/2011:09:56:53 +0100] "GET /quiz/scripts/itsok_menu.js HTTP/1.1" 304 - "https://manager.itsquizz.com/quiz/pilot?service=showAnswer" "Mozilla/4.0 (compatible; MSIE 8.0; Windows NT 6.1; Trident/4.0; SLCC2; .NET CLR 2.0.50727; .NET CLR 3.5.30729; .NET CLR 3.0.30729; Media Center PC 6.0; .NET4.0C; .NET CLR 1.1.4322; InfoPath.1)"
92.103.160.226 - - [15/Nov/2011:09:56:53 +0100] "GET /quiz/css/main.css HTTP/1.1" 304 - "https://manager.itsquizz.com/quiz/pilot?service=showAnswer" "Mozilla/4.0 (compatible; MSIE 8.0; Windows NT 6.1; Trident/4.0; SLCC2; .NET CLR 2.0.50727; .NET CLR 3.5.30729; .NET CLR 3.0.30729; Media Center PC 6.0; .NET4.0C; .NET CLR 1.1.4322; InfoPath.1)"
92.103.160.226 - - [15/Nov/2011:09:56:53 +0100] "GET /quiz/images/save.gif HTTP/1.1" 304 - "https://manager.itsquizz.com/quiz/pilot?service=showAnswer" "Mozilla/4.0 (compatible; MSIE 8.0; Windows NT 6.1; Trident/4.0; SLCC2; .NET CLR 2.0.50727; .NET CLR 3.5.30729; .NET CLR 3.0.30729; Media Center PC 6.0; .NET4.0C; .NET CLR 1.1.4322; InfoPath.1)"
92.103.160.226 - - [15/Nov/2011:09:56:53 +0100] "GET /quiz/images/trashLarge.gif HTTP/1.1" 304 - "https://manager.itsquizz.com/quiz/pilot?service=showAnswer" "Mozilla/4.0 (compatible; MSIE 8.0; Windows NT 6.1; Trident/4.0; SLCC2; .NET CLR 2.0.50727; .NET CLR 3.5.30729; .NET CLR 3.0.30729; Media Center PC 6.0; .NET4.0C; .NET CLR 1.1.4322; InfoPath.1)"
92.103.160.226 - - [15/Nov/2011:09:56:55 +0100] "GET /quiz/pilot?service=showAnswerOne&idQuiz=146&action=last&id=986&first=13&last=986 HTTP/1.1" 200 1850 "https://manager.itsquizz.com/quiz/pilot?service=showAnswer" "Mozilla/4.0 (compatible; MSIE 8.0; Windows NT 6.1; Trident/4.0; SLCC2; .NET CLR 2.0.50727; .NET CLR 3.5.30729; .NET CLR 3.0.30729; Media Center PC 6.0; .NET4.0C; .NET CLR 1.1.4322; InfoPath.1)"
183.62.115.234 - - [15/Nov/2011:09:56:58 +0100] "GET /enquete/scripts/itsok_menu.js HTTP/1.1" 200 4053 "http://www.itsquizz.com/" "Mozilla/4.0 (compatible; MSIE 6.0; Windows NT 5.1)"
183.62.115.234 - - [15/Nov/2011:09:57:02 +0100] "GET /enquete/scripts/itsok_modalFooter.js HTTP/1.1" 200 334 "http://www.itsquizz.com/" "Mozilla/4.0 (compatible; MSIE 6.0; Windows NT 5.1)"
92.103.160.226 - - [15/Nov/2011:09:58:13 +0100] "GET /quiz/pilot?service=showAnswerOne&idQuiz=146&action=prev&id=986&first=13&last=986 HTTP/1.1" 200 1784 "https://manager.itsquizz.com/quiz/pilot?service=showAnswerOne&idQuiz=146&action=last&id=986&first=13&last=986" "Mozilla/4.0 (compatible; MSIE 8.0; Windows NT 6.1; Trident/4.0; SLCC2; .NET CLR 2.0.50727; .NET CLR 3.5.30729; .NET CLR 3.0.30729; Media Center PC 6.0; .NET4.0C; .NET CLR 1.1.4322; InfoPath.1)"
92.103.160.226 - - [15/Nov/2011:09:58:15 +0100] "GET /quiz/pilot?service=showAnswerOne&idQuiz=146&action=next&id=985&first=13&last=986 HTTP/1.1" 200 1850 "https://manager.itsquizz.com/quiz/pilot?service=showAnswerOne&idQuiz=146&action=prev&id=986&first=13&last=986" "Mozilla/4.0 (compatible; MSIE 8.0; Windows NT 6.1; Trident/4.0; SLCC2; .NET CLR 2.0.50727; .NET CLR 3.5.30729; .NET CLR 3.0.30729; Media Center PC 6.0; .NET4.0C; .NET CLR 1.1.4322; InfoPath.1)"
92.103.160.226 - - [15/Nov/2011:09:58:24 +0100] "GET /quiz/pilot?service=showAnswerOne&idQuiz=146&action=prev&id=986&first=13&last=986 HTTP/1.1" 200 1784 "https://manager.itsquizz.com/quiz/pilot?service=showAnswerOne&idQuiz=146&action=next&id=985&first=13&last=986" "Mozilla/4.0 (compatible; MSIE 8.0; Windows NT 6.1; Trident/4.0; SLCC2; .NET CLR 2.0.50727; .NET CLR 3.5.30729; .NET CLR 3.0.30729; Media Center PC 6.0; .NET4.0C; .NET CLR 1.1.4322; InfoPath.1)"
92.103.160.226 - - [15/Nov/2011:09:58:26 +0100] "GET /quiz/pilot?service=showAnswerOne&idQuiz=146&action=last&id=986&first=13&last=986 HTTP/1.1" 200 1850 "https://manager.itsquizz.com/quiz/pilot?service=showAnswerOne&idQuiz=146&action=prev&id=986&first=13&last=986" "Mozilla/4.0 (compatible; MSIE 8.0; Windows NT 6.1; Trident/4.0; SLCC2; .NET CLR 2.0.50727; .NET CLR 3.5.30729; .NET CLR 3.0.30729; Media Center PC 6.0; .NET4.0C; .NET CLR 1.1.4322; InfoPath.1)"
92.103.160.226 - - [15/Nov/2011:09:59:06 +0100] "POST /quiz/pilot?service=fillQuestionnaire&directory=generated&language=fr HTTP/1.1" 200 5394 "https://manager.itsquizz.com/quiz/pilot?service=fillQuestionnaire&directory=generated&language=fr" "Mozilla/4.0 (compatible; MSIE 8.0; Windows NT 6.1; Trident/4.0; SLCC2; .NET CLR 2.0.50727; .NET CLR 3.5.30729; .NET CLR 3.0.30729; Media Center PC 6.0; .NET4.0C; .NET CLR 1.1.4322; InfoPath.1)"
92.103.160.226 - - [15/Nov/2011:09:59:09 +0100] "GET /quiz/pilot?service=showAnswerOne&idQuiz=146&action=prev&id=986&first=13&last=986 HTTP/1.1" 200 1784 "https://manager.itsquizz.com/quiz/pilot?service=showAnswerOne&idQuiz=146&action=last&id=986&first=13&last=986" "Mozilla/4.0 (compatible; MSIE 8.0; Windows NT 6.1; Trident/4.0; SLCC2; .NET CLR 2.0.50727; .NET CLR 3.5.30729; .NET CLR 3.0.30729; Media Center PC 6.0; .NET4.0C; .NET CLR 1.1.4322; InfoPath.1)"
92.103.160.226 - - [15/Nov/2011:09:59:13 +0100] "GET /quiz/pilot?service=showAnswerOne&idQuiz=146&action=next&id=985&first=13&last=986 HTTP/1.1" 200 1850 "https://manager.itsquizz.com/quiz/pilot?service=showAnswerOne&idQuiz=146&action=prev&id=986&first=13&last=986" "Mozilla/4.0 (compatible; MSIE 8.0; Windows NT 6.1; Trident/4.0; SLCC2; .NET CLR 2.0.50727; .NET CLR 3.5.30729; .NET CLR 3.0.30729; Media Center PC 6.0; .NET4.0C; .NET CLR 1.1.4322; InfoPath.1)"
92.103.160.226 - - [15/Nov/2011:09:59:15 +0100] "GET /quiz/pilot?service=showAnswerOne&idQuiz=146&action=prev&id=986&first=13&last=986 HTTP/1.1" 200 1784 "https://manager.itsquizz.com/quiz/pilot?service=showAnswerOne&idQuiz=146&action=next&id=985&first=13&last=986" "Mozilla/4.0 (compatible; MSIE 8.0; Windows NT 6.1; Trident/4.0; SLCC2; .NET CLR 2.0.50727; .NET CLR 3.5.30729; .NET CLR 3.0.30729; Media Center PC 6.0; .NET4.0C; .NET CLR 1.1.4322; InfoPath.1)"
92.103.160.226 - - [15/Nov/2011:09:59:15 +0100] "GET /quiz/pilot?service=showAnswerOne&idQuiz=146&action=prev&id=985&first=13&last=986 HTTP/1.1" 200 1920 "https://manager.itsquizz.com/quiz/pilot?service=showAnswerOne&idQuiz=146&action=prev&id=986&first=13&last=986" "Mozilla/4.0 (compatible; MSIE 8.0; Windows NT 6.1; Trident/4.0; SLCC2; .NET CLR 2.0.50727; .NET CLR 3.5.30729; .NET CLR 3.0.30729; Media Center PC 6.0; .NET4.0C; .NET CLR 1.1.4322; InfoPath.1)"
208.115.111.68 - - [15/Nov/2011:09:59:54 +0100] "GET /robots.txt HTTP/1.1" 404 390 "-" "Mozilla/5.0 (compatible; Ezooms/1.0; ezooms.bot@gmail.com)"
109.237.252.113 - - [15/Nov/2011:10:00:35 +0100] "POST /quiz/pilot?service=fillQuestionnaire&directory=generated&language=fr HTTP/1.1" 200 756 "https://manager.itsquizz.com/quiz/pilot?service=fillQuestionnaire&directory=generated&language=fr" "Mozilla/4.0 (compatible; MSIE 8.0; Windows NT 6.1; Trident/4.0; SLCC2; .NET CLR 2.0.50727; .NET CLR 3.5.30729; .NET CLR 3.0.30729; Media Center PC 6.0; .NET4.0C; .NET CLR 1.1.4322; InfoPath.1)"
109.237.252.113 - - [15/Nov/2011:10:00:35 +0100] "GET /quiz/scripts/timer.js HTTP/1.1" 200 255 "https://manager.itsquizz.com/quiz/pilot?service=fillQuestionnaire&directory=generated&language=fr" "Mozilla/4.0 (compatible; MSIE 8.0; Windows NT 6.1; Trident/4.0; SLCC2; .NET CLR 2.0.50727; .NET CLR 3.5.30729; .NET CLR 3.0.30729; Media Center PC 6.0; .NET4.0C; .NET CLR 1.1.4322; InfoPath.1)"
92.103.160.226 - - [15/Nov/2011:10:00:47 +0100] "GET /quiz/pilot?service=showAnswerOne&idQuiz=146&action=prev&id=984&first=13&last=986 HTTP/1.1" 200 1924 "https://manager.itsquizz.com/quiz/pilot?service=showAnswerOne&idQuiz=146&action=prev&id=985&first=13&last=986" "Mozilla/4.0 (compatible; MSIE 8.0; Windows NT 6.1; Trident/4.0; SLCC2; .NET CLR 2.0.50727; .NET CLR 3.5.30729; .NET CLR 3.0.30729; Media Center PC 6.0; .NET4.0C; .NET CLR 1.1.4322; InfoPath.1)"
109.237.252.113 - - [15/Nov/2011:10:01:22 +0100] "POST /quiz/pilot HTTP/1.1" 200 7593 "https://manager.itsquizz.com/quiz/pilot?service=accessQuestionnaire&idQuiz=131&key=3909374127" "Mozilla/4.0 (compatible; MSIE 8.0; Windows NT 6.1; Trident/4.0; SLCC2; .NET CLR 2.0.50727; .NET CLR 3.5.30729; .NET CLR 3.0.30729; Media Center PC 6.0; .NET4.0C; .NET CLR 1.1.4322; InfoPath.1)"
109.237.252.113 - - [15/Nov/2011:10:01:38 +0100] "POST /quiz/pilot?service=fillQuestionnaire&directory=generated&language=fr HTTP/1.1" 200 7891 "https://manager.itsquizz.com/quiz/pilot" "Mozilla/4.0 (compatible; MSIE 8.0; Windows NT 6.1; Trident/4.0; SLCC2; .NET CLR 2.0.50727; .NET CLR 3.5.30729; .NET CLR 3.0.30729; Media Center PC 6.0; .NET4.0C; .NET CLR 1.1.4322; InfoPath.1)"
92.103.160.226 - - [15/Nov/2011:10:01:54 +0100] "POST /quiz/pilot?service=fillQuestionnaire&directory=generated&language=fr HTTP/1.1" 200 8811 "https://manager.itsquizz.com/quiz/pilot?service=fillQuestionnaire&directory=generated&language=fr" "Mozilla/4.0 (compatible; MSIE 8.0; Windows NT 6.1; Trident/4.0; SLCC2; .NET CLR 2.0.50727; .NET CLR 3.5.30729; .NET CLR 3.0.30729; Media Center PC 6.0; .NET4.0C; .NET CLR 1.1.4322; InfoPath.1)"
92.103.160.226 - - [15/Nov/2011:10:02:47 +0100] "GET /quiz/pilot?service=showAnswerOne&idQuiz=146&action=prev&id=983&first=13&last=986 HTTP/1.1" 200 1997 "https://manager.itsquizz.com/quiz/pilot?service=showAnswerOne&idQuiz=146&action=prev&id=984&first=13&last=986" "Mozilla/4.0 (compatible; MSIE 8.0; Windows NT 6.1; Trident/4.0; SLCC2; .NET CLR 2.0.50727; .NET CLR 3.5.30729; .NET CLR 3.0.30729; Media Center PC 6.0; .NET4.0C; .NET CLR 1.1.4322; InfoPath.1)"
92.103.160.226 - - [15/Nov/2011:10:03:19 +0100] "GET /quiz/pilot?service=showAnswerOne&idQuiz=146&action=prev&id=982&first=13&last=986 HTTP/1.1" 200 1992 "https://manager.itsquizz.com/quiz/pilot?service=showAnswerOne&idQuiz=146&action=prev&id=983&first=13&last=986" "Mozilla/4.0 (compatible; MSIE 8.0; Windows NT 6.1; Trident/4.0; SLCC2; .NET CLR 2.0.50727; .NET CLR 3.5.30729; .NET CLR 3.0.30729; Media Center PC 6.0; .NET4.0C; .NET CLR 1.1.4322; InfoPath.1)"
92.103.160.226 - - [15/Nov/2011:10:03:57 +0100] "GET /quiz/pilot?service=showAnswerOne&idQuiz=146&action=prev&id=981&first=13&last=986 HTTP/1.1" 200 1907 "https://manager.itsquizz.com/quiz/pilot?service=showAnswerOne&idQuiz=146&action=prev&id=982&first=13&last=986" "Mozilla/4.0 (compatible; MSIE 8.0; Windows NT 6.1; Trident/4.0; SLCC2; .NET CLR 2.0.50727; .NET CLR 3.5.30729; .NET CLR 3.0.30729; Media Center PC 6.0; .NET4.0C; .NET CLR 1.1.4322; InfoPath.1)"
92.103.160.226 - - [15/Nov/2011:10:04:34 +0100] "GET /quiz/pilot?service=showAnswerOne&idQuiz=146&action=last&id=986&first=13&last=986 HTTP/1.1" 200 1850 "https://manager.itsquizz.com/quiz/pilot?service=showAnswerOne&idQuiz=146&action=prev&id=981&first=13&last=986" "Mozilla/4.0 (compatible; MSIE 8.0; Windows NT 6.1; Trident/4.0; SLCC2; .NET CLR 2.0.50727; .NET CLR 3.5.30729; .NET CLR 3.0.30729; Media Center PC 6.0; .NET4.0C; .NET CLR 1.1.4322; InfoPath.1)"
92.103.160.226 - - [15/Nov/2011:10:04:37 +0100] "GET /quiz/pilot?service=showAnswerOne&idQuiz=146&action=prev&id=986&first=13&last=986 HTTP/1.1" 200 1903 "https://manager.itsquizz.com/quiz/pilot?service=showAnswerOne&idQuiz=146&action=last&id=986&first=13&last=986" "Mozilla/4.0 (compatible; MSIE 8.0; Windows NT 6.1; Trident/4.0; SLCC2; .NET CLR 2.0.50727; .NET CLR 3.5.30729; .NET CLR 3.0.30729; Media Center PC 6.0; .NET4.0C; .NET CLR 1.1.4322; InfoPath.1)"
92.103.160.226 - - [15/Nov/2011:10:04:55 +0100] "GET /quiz/pilot?service=showAnswerOne&idQuiz=146&action=last&id=986&first=13&last=986 HTTP/1.1" 200 1850 "https://manager.itsquizz.com/quiz/pilot?service=showAnswerOne&idQuiz=146&action=prev&id=986&first=13&last=986" "Mozilla/4.0 (compatible; MSIE 8.0; Windows NT 6.1; Trident/4.0; SLCC2; .NET CLR 2.0.50727; .NET CLR 3.5.30729; .NET CLR 3.0.30729; Media Center PC 6.0; .NET4.0C; .NET CLR 1.1.4322; InfoPath.1)"
109.237.252.113 - - [15/Nov/2011:10:05:36 +0100] "POST /quiz/pilot?service=fillQuestionnaire&directory=generated&language=fr HTTP/1.1" 200 7059 "https://manager.itsquizz.com/quiz/pilot?service=fillQuestionnaire&directory=generated&language=fr" "Mozilla/4.0 (compatible; MSIE 8.0; Windows NT 6.1; Trident/4.0; SLCC2; .NET CLR 2.0.50727; .NET CLR 3.5.30729; .NET CLR 3.0.30729; Media Center PC 6.0; .NET4.0C; .NET CLR 1.1.4322; InfoPath.1)"
92.103.160.226 - - [15/Nov/2011:10:06:13 +0100] "POST /quiz/pilot?service=fillQuestionnaire&directory=generated&language=fr HTTP/1.1" 200 6812 "https://manager.itsquizz.com/quiz/pilot?service=fillQuestionnaire&directory=generated&language=fr" "Mozilla/4.0 (compatible; MSIE 8.0; Windows NT 6.1; Trident/4.0; SLCC2; .NET CLR 2.0.50727; .NET CLR 3.5.30729; .NET CLR 3.0.30729; Media Center PC 6.0; .NET4.0C; .NET CLR 1.1.4322; InfoPath.1)"
109.237.252.113 - - [15/Nov/2011:10:09:14 +0100] "POST /quiz/pilot?service=fillQuestionnaire&directory=generated&language=fr HTTP/1.1" 200 2933 "https://manager.itsquizz.com/quiz/pilot?service=fillQuestionnaire&directory=generated&language=fr" "Mozilla/4.0 (compatible; MSIE 8.0; Windows NT 6.1; Trident/4.0; SLCC2; .NET CLR 2.0.50727; .NET CLR 3.5.30729; .NET CLR 3.0.30729; Media Center PC 6.0; .NET4.0C; .NET CLR 1.1.4322; InfoPath.1)"
92.103.160.226 - - [15/Nov/2011:10:09:43 +0100] "POST /quiz/pilot?service=fillQuestionnaire&directory=generated&language=fr HTTP/1.1" 200 3052 "https://manager.itsquizz.com/quiz/pilot?service=fillQuestionnaire&directory=generated&language=fr" "Mozilla/4.0 (compatible; MSIE 8.0; Windows NT 6.1; Trident/4.0; SLCC2; .NET CLR 2.0.50727; .NET CLR 3.5.30729; .NET CLR 3.0.30729; Media Center PC 6.0; .NET4.0C; .NET CLR 1.1.4322; InfoPath.1)"
92.103.160.226 - - [15/Nov/2011:10:09:51 +0100] "POST /quiz/pilot?service=showAnswer HTTP/1.1" 200 1848 "https://manager.itsquizz.com/quiz/pilot?service=initShowAnswer&idQuiz=146&nbPages=3&idPanel=99" "Mozilla/4.0 (compatible; MSIE 8.0; Windows NT 6.1; Trident/4.0; SLCC2; .NET CLR 2.0.50727; .NET CLR 3.5.30729; .NET CLR 3.0.30729; Media Center PC 6.0; .NET4.0C; .NET CLR 1.1.4322; InfoPath.1)"
92.103.160.226 - - [15/Nov/2011:10:09:51 +0100] "GET /quiz/scripts/labelConfig.js HTTP/1.1" 304 - "https://manager.itsquizz.com/quiz/pilot?service=showAnswer" "Mozilla/4.0 (compatible; MSIE 8.0; Windows NT 6.1; Trident/4.0; SLCC2; .NET CLR 2.0.50727; .NET CLR 3.5.30729; .NET CLR 3.0.30729; Media Center PC 6.0; .NET4.0C; .NET CLR 1.1.4322; InfoPath.1)"
92.103.160.226 - - [15/Nov/2011:10:09:51 +0100] "GET /quiz/scripts/net.js HTTP/1.1" 304 - "https://manager.itsquizz.com/quiz/pilot?service=showAnswer" "Mozilla/4.0 (compatible; MSIE 8.0; Windows NT 6.1; Trident/4.0; SLCC2; .NET CLR 2.0.50727; .NET CLR 3.5.30729; .NET CLR 3.0.30729; Media Center PC 6.0; .NET4.0C; .NET CLR 1.1.4322; InfoPath.1)"
92.103.160.226 - - [15/Nov/2011:10:09:51 +0100] "GET /quiz/scripts/itsok_menu.js HTTP/1.1" 304 - "https://manager.itsquizz.com/quiz/pilot?service=showAnswer" "Mozilla/4.0 (compatible; MSIE 8.0; Windows NT 6.1; Trident/4.0; SLCC2; .NET CLR 2.0.50727; .NET CLR 3.5.30729; .NET CLR 3.0.30729; Media Center PC 6.0; .NET4.0C; .NET CLR 1.1.4322; InfoPath.1)"
92.103.160.226 - - [15/Nov/2011:10:09:51 +0100] "GET /quiz/scripts/ajaxRequestsTools.js HTTP/1.1" 304 - "https://manager.itsquizz.com/quiz/pilot?service=showAnswer" "Mozilla/4.0 (compatible; MSIE 8.0; Windows NT 6.1; Trident/4.0; SLCC2; .NET CLR 2.0.50727; .NET CLR 3.5.30729; .NET CLR 3.0.30729; Media Center PC 6.0; .NET4.0C; .NET CLR 1.1.4322; InfoPath.1)"
92.103.160.226 - - [15/Nov/2011:10:09:51 +0100] "GET /quiz/css/content.css HTTP/1.1" 304 - "https://manager.itsquizz.com/quiz/pilot?service=showAnswer" "Mozilla/4.0 (compatible; MSIE 8.0; Windows NT 6.1; Trident/4.0; SLCC2; .NET CLR 2.0.50727; .NET CLR 3.5.30729; .NET CLR 3.0.30729; Media Center PC 6.0; .NET4.0C; .NET CLR 1.1.4322; InfoPath.1)"
92.103.160.226 - - [15/Nov/2011:10:09:51 +0100] "GET /quiz/scripts/ajaxRequests.js HTTP/1.1" 304 - "https://manager.itsquizz.com/quiz/pilot?service=showAnswer" "Mozilla/4.0 (compatible; MSIE 8.0; Windows NT 6.1; Trident/4.0; SLCC2; .NET CLR 2.0.50727; .NET CLR 3.5.30729; .NET CLR 3.0.30729; Media Center PC 6.0; .NET4.0C; .NET CLR 1.1.4322; InfoPath.1)"
92.103.160.226 - - [15/Nov/2011:10:09:51 +0100] "GET /quiz/images/save.gif HTTP/1.1" 304 - "https://manager.itsquizz.com/quiz/pilot?service=showAnswer" "Mozilla/4.0 (compatible; MSIE 8.0; Windows NT 6.1; Trident/4.0; SLCC2; .NET CLR 2.0.50727; .NET CLR 3.5.30729; .NET CLR 3.0.30729; Media Center PC 6.0; .NET4.0C; .NET CLR 1.1.4322; InfoPath.1)"
92.103.160.226 - - [15/Nov/2011:10:09:51 +0100] "GET /quiz/css/main.css HTTP/1.1" 304 - "https://manager.itsquizz.com/quiz/pilot?service=showAnswer" "Mozilla/4.0 (compatible; MSIE 8.0; Windows NT 6.1; Trident/4.0; SLCC2; .NET CLR 2.0.50727; .NET CLR 3.5.30729; .NET CLR 3.0.30729; Media Center PC 6.0; .NET4.0C; .NET CLR 1.1.4322; InfoPath.1)"
92.103.160.226 - - [15/Nov/2011:10:09:51 +0100] "GET /quiz/images/trashLarge.gif HTTP/1.1" 304 - "https://manager.itsquizz.com/quiz/pilot?service=showAnswer" "Mozilla/4.0 (compatible; MSIE 8.0; Windows NT 6.1; Trident/4.0; SLCC2; .NET CLR 2.0.50727; .NET CLR 3.5.30729; .NET CLR 3.0.30729; Media Center PC 6.0; .NET4.0C; .NET CLR 1.1.4322; InfoPath.1)"
92.103.160.226 - - [15/Nov/2011:10:09:53 +0100] "GET /quiz/pilot?service=showAnswerOne&idQuiz=146&action=last&id=986&first=13&last=986 HTTP/1.1" 200 1850 "https://manager.itsquizz.com/quiz/pilot?service=showAnswer" "Mozilla/4.0 (compatible; MSIE 8.0; Windows NT 6.1; Trident/4.0; SLCC2; .NET CLR 2.0.50727; .NET CLR 3.5.30729; .NET CLR 3.0.30729; Media Center PC 6.0; .NET4.0C; .NET CLR 1.1.4322; InfoPath.1)"
92.103.160.226 - - [15/Nov/2011:10:09:57 +0100] "GET /quiz/pilot?service=showAnswerOne&idQuiz=146&action=prev&id=986&first=13&last=986 HTTP/1.1" 200 1903 "https://manager.itsquizz.com/quiz/pilot?service=showAnswerOne&idQuiz=146&action=last&id=986&first=13&last=986" "Mozilla/4.0 (compatible; MSIE 8.0; Windows NT 6.1; Trident/4.0; SLCC2; .NET CLR 2.0.50727; .NET CLR 3.5.30729; .NET CLR 3.0.30729; Media Center PC 6.0; .NET4.0C; .NET CLR 1.1.4322; InfoPath.1)"
92.103.160.226 - - [15/Nov/2011:10:10:26 +0100] "POST /quiz/pilot?service=fillQuestionnaire&directory=generated&language=fr HTTP/1.1" 200 2632 "https://manager.itsquizz.com/quiz/pilot?service=fillQuestionnaire&directory=generated&language=fr" "Mozilla/4.0 (compatible; MSIE 8.0; Windows NT 6.1; Trident/4.0; SLCC2; .NET CLR 2.0.50727; .NET CLR 3.5.30729; .NET CLR 3.0.30729; Media Center PC 6.0; .NET4.0C; .NET CLR 1.1.4322; InfoPath.1)"
109.237.252.113 - - [15/Nov/2011:10:10:42 +0100] "POST /quiz/pilot?service=fillQuestionnaire&directory=generated&language=fr HTTP/1.1" 200 8813 "https://manager.itsquizz.com/quiz/pilot?service=fillQuestionnaire&directory=generated&language=fr" "Mozilla/4.0 (compatible; MSIE 8.0; Windows NT 6.1; Trident/4.0; SLCC2; .NET CLR 2.0.50727; .NET CLR 3.5.30729; .NET CLR 3.0.30729; Media Center PC 6.0; .NET4.0C; .NET CLR 1.1.4322; InfoPath.1)"
92.103.160.226 - - [15/Nov/2011:10:11:09 +0100] "POST /quiz/pilot?service=fillQuestionnaire&directory=generated&language=fr HTTP/1.1" 200 2918 "https://manager.itsquizz.com/quiz/pilot?service=fillQuestionnaire&directory=generated&language=fr" "Mozilla/4.0 (compatible; MSIE 8.0; Windows NT 6.1; Trident/4.0; SLCC2; .NET CLR 2.0.50727; .NET CLR 3.5.30729; .NET CLR 3.0.30729; Media Center PC 6.0; .NET4.0C; .NET CLR 1.1.4322; InfoPath.1)"
92.103.160.226 - - [15/Nov/2011:10:12:05 +0100] "POST /quiz/pilot?service=fillQuestionnaire&directory=generated&language=fr HTTP/1.1" 200 4593 "https://manager.itsquizz.com/quiz/pilot?service=fillQuestionnaire&directory=generated&language=fr" "Mozilla/4.0 (compatible; MSIE 8.0; Windows NT 6.1; Trident/4.0; SLCC2; .NET CLR 2.0.50727; .NET CLR 3.5.30729; .NET CLR 3.0.30729; Media Center PC 6.0; .NET4.0C; .NET CLR 1.1.4322; InfoPath.1)"
92.103.160.226 - - [15/Nov/2011:10:14:05 +0100] "POST /quiz/pilot?service=fillQuestionnaire&directory=generated&language=fr HTTP/1.1" 200 8899 "https://manager.itsquizz.com/quiz/pilot?service=fillQuestionnaire&directory=generated&language=fr" "Mozilla/4.0 (compatible; MSIE 8.0; Windows NT 6.1; Trident/4.0; SLCC2; .NET CLR 2.0.50727; .NET CLR 3.5.30729; .NET CLR 3.0.30729; Media Center PC 6.0; .NET4.0C; .NET CLR 1.1.4322; InfoPath.1)"
109.237.252.113 - - [15/Nov/2011:10:18:43 +0100] "POST /quiz/pilot?service=fillQuestionnaire&directory=generated&language=fr HTTP/1.1" 200 5736 "https://manager.itsquizz.com/quiz/pilot?service=fillQuestionnaire&directory=generated&language=fr" "Mozilla/4.0 (compatible; MSIE 8.0; Windows NT 6.1; Trident/4.0; SLCC2; .NET CLR 2.0.50727; .NET CLR 3.5.30729; .NET CLR 3.0.30729; Media Center PC 6.0; .NET4.0C; .NET CLR 1.1.4322; InfoPath.1)"
92.103.160.226 - - [15/Nov/2011:10:20:33 +0100] "POST /quiz/pilot?service=fillQuestionnaire&directory=generated&language=fr HTTP/1.1" 200 838 "https://manager.itsquizz.com/quiz/pilot?service=fillQuestionnaire&directory=generated&language=fr" "Mozilla/4.0 (compatible; MSIE 8.0; Windows NT 6.1; Trident/4.0; SLCC2; .NET CLR 2.0.50727; .NET CLR 3.5.30729; .NET CLR 3.0.30729; Media Center PC 6.0; .NET4.0C; .NET CLR 1.1.4322; InfoPath.1)"
92.103.160.226 - - [15/Nov/2011:10:20:33 +0100] "GET /quiz/scripts/timer.js HTTP/1.1" 304 - "https://manager.itsquizz.com/quiz/pilot?service=fillQuestionnaire&directory=generated&language=fr" "Mozilla/4.0 (compatible; MSIE 8.0; Windows NT 6.1; Trident/4.0; SLCC2; .NET CLR 2.0.50727; .NET CLR 3.5.30729; .NET CLR 3.0.30729; Media Center PC 6.0; .NET4.0C; .NET CLR 1.1.4322; InfoPath.1)"
109.237.252.113 - - [15/Nov/2011:10:21:36 +0100] "POST /quiz/pilot?service=fillQuestionnaire&directory=generated&language=fr HTTP/1.1" 200 5395 "https://manager.itsquizz.com/quiz/pilot?service=fillQuestionnaire&directory=generated&language=fr" "Mozilla/4.0 (compatible; MSIE 8.0; Windows NT 6.1; Trident/4.0; SLCC2; .NET CLR 2.0.50727; .NET CLR 3.5.30729; .NET CLR 3.0.30729; Media Center PC 6.0; .NET4.0C; .NET CLR 1.1.4322; InfoPath.1)"
207.46.199.193 - - [15/Nov/2011:10:22:45 +0100] "GET /robots.txt HTTP/1.1" 404 390 "-" "Mozilla/5.0 (compatible; bingbot/2.0; +http://www.bing.com/bingbot.htm)"
109.237.252.113 - - [15/Nov/2011:10:23:45 +0100] "POST /quiz/pilot?service=fillQuestionnaire&directory=generated&language=fr HTTP/1.1" 200 8811 "https://manager.itsquizz.com/quiz/pilot?service=fillQuestionnaire&directory=generated&language=fr" "Mozilla/4.0 (compatible; MSIE 8.0; Windows NT 6.1; Trident/4.0; SLCC2; .NET CLR 2.0.50727; .NET CLR 3.5.30729; .NET CLR 3.0.30729; Media Center PC 6.0; .NET4.0C; .NET CLR 1.1.4322; InfoPath.1)"
109.237.252.113 - - [15/Nov/2011:10:26:52 +0100] "POST /quiz/pilot?service=fillQuestionnaire&directory=generated&language=fr HTTP/1.1" 200 6813 "https://manager.itsquizz.com/quiz/pilot?service=fillQuestionnaire&directory=generated&language=fr" "Mozilla/4.0 (compatible; MSIE 8.0; Windows NT 6.1; Trident/4.0; SLCC2; .NET CLR 2.0.50727; .NET CLR 3.5.30729; .NET CLR 3.0.30729; Media Center PC 6.0; .NET4.0C; .NET CLR 1.1.4322; InfoPath.1)"
208.115.111.68 - - [15/Nov/2011:10:29:10 +0100] "GET /quiz/pilot?service=accessQuestionnaire&idQuiz=107&key=2059613341 HTTP/1.1" 200 17610 "-" "Mozilla/5.0 (compatible; Ezooms/1.0; ezooms.bot@gmail.com)"
109.237.252.113 - - [15/Nov/2011:10:30:59 +0100] "POST /quiz/pilot?service=fillQuestionnaire&directory=generated&language=fr HTTP/1.1" 200 3051 "https://manager.itsquizz.com/quiz/pilot?service=fillQuestionnaire&directory=generated&language=fr" "Mozilla/4.0 (compatible; MSIE 8.0; Windows NT 6.1; Trident/4.0; SLCC2; .NET CLR 2.0.50727; .NET CLR 3.5.30729; .NET CLR 3.0.30729; Media Center PC 6.0; .NET4.0C; .NET CLR 1.1.4322; InfoPath.1)"
109.237.252.113 - - [15/Nov/2011:10:31:44 +0100] "POST /quiz/pilot?service=fillQuestionnaire&directory=generated&language=fr HTTP/1.1" 200 2632 "https://manager.itsquizz.com/quiz/pilot?service=fillQuestionnaire&directory=generated&language=fr" "Mozilla/4.0 (compatible; MSIE 8.0; Windows NT 6.1; Trident/4.0; SLCC2; .NET CLR 2.0.50727; .NET CLR 3.5.30729; .NET CLR 3.0.30729; Media Center PC 6.0; .NET4.0C; .NET CLR 1.1.4322; InfoPath.1)"
109.237.252.113 - - [15/Nov/2011:10:32:07 +0100] "POST /quiz/pilot?service=fillQuestionnaire&directory=generated&language=fr HTTP/1.1" 200 2918 "https://manager.itsquizz.com/quiz/pilot?service=fillQuestionnaire&directory=generated&language=fr" "Mozilla/4.0 (compatible; MSIE 8.0; Windows NT 6.1; Trident/4.0; SLCC2; .NET CLR 2.0.50727; .NET CLR 3.5.30729; .NET CLR 3.0.30729; Media Center PC 6.0; .NET4.0C; .NET CLR 1.1.4322; InfoPath.1)"
109.237.252.113 - - [15/Nov/2011:10:32:14 +0100] "POST /quiz/pilot?service=fillQuestionnaire&directory=generated&language=fr HTTP/1.1" 200 4593 "https://manager.itsquizz.com/quiz/pilot?service=fillQuestionnaire&directory=generated&language=fr" "Mozilla/4.0 (compatible; MSIE 8.0; Windows NT 6.1; Trident/4.0; SLCC2; .NET CLR 2.0.50727; .NET CLR 3.5.30729; .NET CLR 3.0.30729; Media Center PC 6.0; .NET4.0C; .NET CLR 1.1.4322; InfoPath.1)"
66.249.71.208 - - [15/Nov/2011:10:32:49 +0100] "GET /quiz/images/company/valdisere/images_fr/essai_final_perdants_01.gif HTTP/1.1" 304 - "-" "Googlebot-Image/1.0"
109.237.252.113 - - [15/Nov/2011:10:34:48 +0100] "POST /quiz/pilot?service=fillQuestionnaire&directory=generated&language=fr HTTP/1.1" 200 8900 "https://manager.itsquizz.com/quiz/pilot?service=fillQuestionnaire&directory=generated&language=fr" "Mozilla/4.0 (compatible; MSIE 8.0; Windows NT 6.1; Trident/4.0; SLCC2; .NET CLR 2.0.50727; .NET CLR 3.5.30729; .NET CLR 3.0.30729; Media Center PC 6.0; .NET4.0C; .NET CLR 1.1.4322; InfoPath.1)"
109.237.252.113 - - [15/Nov/2011:10:41:59 +0100] "POST /quiz/pilot?service=fillQuestionnaire&directory=generated&language=fr HTTP/1.1" 200 842 "https://manager.itsquizz.com/quiz/pilot?service=fillQuestionnaire&directory=generated&language=fr" "Mozilla/4.0 (compatible; MSIE 8.0; Windows NT 6.1; Trident/4.0; SLCC2; .NET CLR 2.0.50727; .NET CLR 3.5.30729; .NET CLR 3.0.30729; Media Center PC 6.0; .NET4.0C; .NET CLR 1.1.4322; InfoPath.1)"
123.125.71.99 - - [15/Nov/2011:10:42:35 +0100] "GET / HTTP/1.1" 301 410 "-" "Mozilla/5.0 (compatible; Baiduspider/2.0; +http://www.baidu.com/search/spider.html)"
220.181.108.83 - - [15/Nov/2011:10:42:48 +0100] "GET / HTTP/1.1" 302 400 "-" "Mozilla/5.0 (compatible; Baiduspider/2.0; +http://www.baidu.com/search/spider.html)"
220.181.108.172 - - [15/Nov/2011:10:42:59 +0100] "GET / HTTP/1.1" 301 410 "-" "Mozilla/5.0 (compatible; Baiduspider/2.0; +http://www.baidu.com/search/spider.html)"
123.125.71.13 - - [15/Nov/2011:10:43:55 +0100] "GET / HTTP/1.1" 302 400 "-" "Mozilla/5.0 (compatible; Baiduspider/2.0; +http://www.baidu.com/search/spider.html)"
207.46.199.193 - - [15/Nov/2011:10:47:52 +0100] "GET /robots.txt HTTP/1.1" 404 390 "-" "Mozilla/5.0 (compatible; bingbot/2.0; +http://www.bing.com/bingbot.htm)"
207.46.199.193 - - [15/Nov/2011:10:48:41 +0100] "GET /robots.txt HTTP/1.1" 404 386 "-" "Mozilla/5.0 (compatible; bingbot/2.0; +http://www.bing.com/bingbot.htm)"
138.195.13.2 - - [15/Nov/2011:10:57:27 +0100] "GET /quiz/pilot?service=accessQuestionnaire&idQuiz=198&key=6307859303 HTTP/1.1" 200 2561 "-" "Mozilla/5.0 (Windows; U; Windows NT 5.1; fr; rv:1.9.2.15) Gecko/20110303 Firefox/3.6.15"
138.195.13.2 - - [15/Nov/2011:10:57:27 +0100] "GET /quiz/css/company/ecp/exec_1.css HTTP/1.1" 200 1985 "http://manager.itsquizz.com/quiz/pilot?service=accessQuestionnaire&idQuiz=198&key=6307859303" "Mozilla/5.0 (Windows; U; Windows NT 5.1; fr; rv:1.9.2.15) Gecko/20110303 Firefox/3.6.15"
138.195.13.2 - - [15/Nov/2011:10:57:27 +0100] "GET /quiz/css/calendar/xc2_default.css HTTP/1.1" 200 6787 "http://manager.itsquizz.com/quiz/pilot?service=accessQuestionnaire&idQuiz=198&key=6307859303" "Mozilla/5.0 (Windows; U; Windows NT 5.1; fr; rv:1.9.2.15) Gecko/20110303 Firefox/3.6.15"
138.195.13.2 - - [15/Nov/2011:10:57:27 +0100] "GET /quiz/scripts/calendar/xc2_default_fr.js HTTP/1.1" 200 7889 "http://manager.itsquizz.com/quiz/pilot?service=accessQuestionnaire&idQuiz=198&key=6307859303" "Mozilla/5.0 (Windows; U; Windows NT 5.1; fr; rv:1.9.2.15) Gecko/20110303 Firefox/3.6.15"
138.195.13.2 - - [15/Nov/2011:10:57:27 +0100] "GET /quiz/scripts/labelSubmit_fr.js HTTP/1.1" 200 585 "http://manager.itsquizz.com/quiz/pilot?service=accessQuestionnaire&idQuiz=198&key=6307859303" "Mozilla/5.0 (Windows; U; Windows NT 5.1; fr; rv:1.9.2.15) Gecko/20110303 Firefox/3.6.15"
138.195.13.2 - - [15/Nov/2011:10:57:27 +0100] "GET /quiz/scripts/util.js HTTP/1.1" 200 9080 "http://manager.itsquizz.com/quiz/pilot?service=accessQuestionnaire&idQuiz=198&key=6307859303" "Mozilla/5.0 (Windows; U; Windows NT 5.1; fr; rv:1.9.2.15) Gecko/20110303 Firefox/3.6.15"
138.195.13.2 - - [15/Nov/2011:10:57:27 +0100] "GET /quiz/scripts/itsok_date.js HTTP/1.1" 200 1192 "http://manager.itsquizz.com/quiz/pilot?service=accessQuestionnaire&idQuiz=198&key=6307859303" "Mozilla/5.0 (Windows; U; Windows NT 5.1; fr; rv:1.9.2.15) Gecko/20110303 Firefox/3.6.15"
138.195.13.2 - - [15/Nov/2011:10:57:27 +0100] "GET /quiz/scripts/dhtmlgoodies_slider.js HTTP/1.1" 200 5330 "http://manager.itsquizz.com/quiz/pilot?service=accessQuestionnaire&idQuiz=198&key=6307859303" "Mozilla/5.0 (Windows; U; Windows NT 5.1; fr; rv:1.9.2.15) Gecko/20110303 Firefox/3.6.15"
138.195.13.2 - - [15/Nov/2011:10:57:27 +0100] "GET /quiz/scripts/itsok_form.js HTTP/1.1" 200 26467 "http://manager.itsquizz.com/quiz/pilot?service=accessQuestionnaire&idQuiz=198&key=6307859303" "Mozilla/5.0 (Windows; U; Windows NT 5.1; fr; rv:1.9.2.15) Gecko/20110303 Firefox/3.6.15"
138.195.13.2 - - [15/Nov/2011:10:57:27 +0100] "GET /quiz/scripts/calendar/xc2_inpage.js HTTP/1.1" 200 23111 "http://manager.itsquizz.com/quiz/pilot?service=accessQuestionnaire&idQuiz=198&key=6307859303" "Mozilla/5.0 (Windows; U; Windows NT 5.1; fr; rv:1.9.2.15) Gecko/20110303 Firefox/3.6.15"
138.195.13.2 - - [15/Nov/2011:10:57:27 +0100] "GET /quiz/scripts/conditions.js HTTP/1.1" 200 20246 "http://manager.itsquizz.com/quiz/pilot?service=accessQuestionnaire&idQuiz=198&key=6307859303" "Mozilla/5.0 (Windows; U; Windows NT 5.1; fr; rv:1.9.2.15) Gecko/20110303 Firefox/3.6.15"
138.195.13.2 - - [15/Nov/2011:10:57:28 +0100] "GET /quiz/scripts/calendar/mod_time.js HTTP/1.1" 200 3188 "http://manager.itsquizz.com/quiz/pilot?service=accessQuestionnaire&idQuiz=198&key=6307859303" "Mozilla/5.0 (Windows; U; Windows NT 5.1; fr; rv:1.9.2.15) Gecko/20110303 Firefox/3.6.15"
138.195.13.2 - - [15/Nov/2011:10:57:27 +0100] "GET /quiz/scripts/wz_tooltip.js HTTP/1.1" 200 16560 "http://manager.itsquizz.com/quiz/pilot?service=accessQuestionnaire&idQuiz=198&key=6307859303" "Mozilla/5.0 (Windows; U; Windows NT 5.1; fr; rv:1.9.2.15) Gecko/20110303 Firefox/3.6.15"
138.195.13.2 - - [15/Nov/2011:10:57:28 +0100] "GET /favicon.ico HTTP/1.1" 404 312 "-" "Mozilla/5.0 (Windows; U; Windows NT 5.1; fr; rv:1.9.2.15) Gecko/20110303 Firefox/3.6.15"
138.195.13.2 - - [15/Nov/2011:10:57:28 +0100] "GET /quiz/images/button-bg.jpg HTTP/1.1" 200 797 "http://manager.itsquizz.com/quiz/css/company/ecp/exec_1.css" "Mozilla/5.0 (Windows; U; Windows NT 5.1; fr; rv:1.9.2.15) Gecko/20110303 Firefox/3.6.15"
138.195.13.2 - - [15/Nov/2011:10:57:31 +0100] "GET /favicon.ico HTTP/1.1" 404 312 "-" "Mozilla/5.0 (Windows; U; Windows NT 5.1; fr; rv:1.9.2.15) Gecko/20110303 Firefox/3.6.15"
208.80.194.29 - - [15/Nov/2011:11:06:49 +0100] "GET / HTTP/1.0" 302 400 "-" "Mozilla/4.0 (compatible; MSIE 7.0; Windows NT 5.1; AT&T CSM8.0; .NET CLR 1.1.4322; IEMB3; IEMB3)"
208.80.194.29 - - [15/Nov/2011:11:06:50 +0100] "GET /quiz/ HTTP/1.0" 200 1677 "-" "Mozilla/4.0 (compatible; MSIE 6.0; Windows 98; {0DD40FA0-5F30-11D8-A6A3-00400539C2D2}; (R1 1.5); (R1 1.3))"
138.195.13.2 - - [15/Nov/2011:11:17:18 +0100] "POST /quiz/pilot?service=fillQuestionnaire&directory=generated&language=fr HTTP/1.1" 200 477 "http://manager.itsquizz.com/quiz/pilot?service=accessQuestionnaire&idQuiz=198&key=6307859303" "Mozilla/5.0 (Windows; U; Windows NT 5.1; fr; rv:1.9.2.15) Gecko/20110303 Firefox/3.6.15"
138.195.13.2 - - [15/Nov/2011:11:17:18 +0100] "GET /quiz/scripts/timer.js HTTP/1.1" 200 255 "http://manager.itsquizz.com/quiz/pilot?service=fillQuestionnaire&directory=generated&language=fr" "Mozilla/5.0 (Windows; U; Windows NT 5.1; fr; rv:1.9.2.15) Gecko/20110303 Firefox/3.6.15"
207.46.199.193 - - [15/Nov/2011:11:21:59 +0100] "GET /robots.txt HTTP/1.1" 404 386 "-" "Mozilla/5.0 (compatible; bingbot/2.0; +http://www.bing.com/bingbot.htm)"
123.125.71.31 - - [15/Nov/2011:11:34:15 +0100] "GET / HTTP/1.1" 302 400 "-" "Mozilla/5.0 (compatible; Baiduspider/2.0; +http://www.baidu.com/search/spider.html)"
220.181.108.81 - - [15/Nov/2011:11:34:50 +0100] "GET / HTTP/1.1" 302 400 "-" "Mozilla/5.0 (compatible; Baiduspider/2.0; +http://www.baidu.com/search/spider.html)"
80.69.210.63 - - [15/Nov/2011:11:35:47 +0100] "GET /quiz/pilot?service=accessApplication&idAppli=3&key=0645618804 HTTP/1.1" 200 674 "-" "Mozilla/5.0 (Windows; U; Windows NT 6.1; fr; rv:1.9.2.3) Gecko/20100401 Firefox/3.6.3"
80.69.210.63 - - [15/Nov/2011:11:35:48 +0100] "GET /quiz/css/company/cnrs2/exec_74.css HTTP/1.1" 200 2262 "https://manager.itsquizz.com/quiz/pilot?service=accessApplication&idAppli=3&key=0645618804" "Mozilla/5.0 (Windows; U; Windows NT 6.1; fr; rv:1.9.2.3) Gecko/20100401 Firefox/3.6.3"
80.69.210.63 - - [15/Nov/2011:11:35:48 +0100] "GET /quiz/scripts/util_window.js HTTP/1.1" 200 1122 "https://manager.itsquizz.com/quiz/pilot?service=accessApplication&idAppli=3&key=0645618804" "Mozilla/5.0 (Windows; U; Windows NT 6.1; fr; rv:1.9.2.3) Gecko/20100401 Firefox/3.6.3"
80.69.210.63 - - [15/Nov/2011:11:35:48 +0100] "GET /quiz/images/company/cnrs2/headerLogoImg_74 HTTP/1.1" 200 219426 "https://manager.itsquizz.com/quiz/css/company/cnrs2/exec_74.css" "Mozilla/5.0 (Windows; U; Windows NT 6.1; fr; rv:1.9.2.3) Gecko/20100401 Firefox/3.6.3"
80.69.210.63 - - [15/Nov/2011:11:35:52 +0100] "GET /quiz/pilot?service=accessQuestionnaire&idQuiz=158&key=9594823328 HTTP/1.1" 200 828 "https://manager.itsquizz.com/quiz/pilot?service=accessApplication&idAppli=3&key=0645618804" "Mozilla/5.0 (Windows; U; Windows NT 6.1; fr; rv:1.9.2.3) Gecko/20100401 Firefox/3.6.3"
80.69.210.63 - - [15/Nov/2011:11:35:52 +0100] "GET /favicon.ico HTTP/1.1" 404 313 "-" "Mozilla/5.0 (Windows; U; Windows NT 6.1; fr; rv:1.9.2.3) Gecko/20100401 Firefox/3.6.3"
80.69.210.63 - - [15/Nov/2011:11:35:52 +0100] "GET /quiz/images/bt_ok_off.gif HTTP/1.1" 200 169 "https://manager.itsquizz.com/quiz/pilot?service=accessQuestionnaire&idQuiz=158&key=9594823328" "Mozilla/5.0 (Windows; U; Windows NT 6.1; fr; rv:1.9.2.3) Gecko/20100401 Firefox/3.6.3"
80.69.210.63 - - [15/Nov/2011:11:35:52 +0100] "GET /favicon.ico HTTP/1.1" 404 313 "-" "Mozilla/5.0 (Windows; U; Windows NT 6.1; fr; rv:1.9.2.3) Gecko/20100401 Firefox/3.6.3"
80.69.210.63 - - [15/Nov/2011:11:35:52 +0100] "GET /favicon.ico HTTP/1.1" 404 313 "-" "Mozilla/5.0 (Windows; U; Windows NT 6.1; fr; rv:1.9.2.3) Gecko/20100401 Firefox/3.6.3"
80.69.210.63 - - [15/Nov/2011:11:35:55 +0100] "GET /favicon.ico HTTP/1.1" 404 313 "-" "Mozilla/5.0 (Windows; U; Windows NT 6.1; fr; rv:1.9.2.3) Gecko/20100401 Firefox/3.6.3"
80.69.210.63 - - [15/Nov/2011:11:35:55 +0100] "GET /favicon.ico HTTP/1.1" 404 313 "-" "Mozilla/5.0 (Windows; U; Windows NT 6.1; fr; rv:1.9.2.3) Gecko/20100401 Firefox/3.6.3"
80.69.210.63 - - [15/Nov/2011:11:36:07 +0100] "POST /quiz/pilot HTTP/1.1" 200 3649 "https://manager.itsquizz.com/quiz/pilot?service=accessQuestionnaire&idQuiz=158&key=9594823328" "Mozilla/5.0 (Windows; U; Windows NT 6.1; fr; rv:1.9.2.3) Gecko/20100401 Firefox/3.6.3"
80.69.210.63 - - [15/Nov/2011:11:36:07 +0100] "GET /quiz/css/calendar/xc2_default.css HTTP/1.1" 200 6787 "https://manager.itsquizz.com/quiz/pilot" "Mozilla/5.0 (Windows; U; Windows NT 6.1; fr; rv:1.9.2.3) Gecko/20100401 Firefox/3.6.3"
80.69.210.63 - - [15/Nov/2011:11:36:07 +0100] "GET /quiz/scripts/calendar/xc2_default_fr.js HTTP/1.1" 200 7889 "https://manager.itsquizz.com/quiz/pilot" "Mozilla/5.0 (Windows; U; Windows NT 6.1; fr; rv:1.9.2.3) Gecko/20100401 Firefox/3.6.3"
80.69.210.63 - - [15/Nov/2011:11:36:08 +0100] "GET /quiz/scripts/net.js HTTP/1.1" 200 5520 "https://manager.itsquizz.com/quiz/pilot" "Mozilla/5.0 (Windows; U; Windows NT 6.1; fr; rv:1.9.2.3) Gecko/20100401 Firefox/3.6.3"
