80.11.149.210 - - [16/Nov/2011:09:25:45 +0100] "GET /quiz/images/company/cnrs/validatePass.js HTTP/1.1" 200 4415 "https://manager.itsquizz.com/quiz/pilot" "Mozilla/5.0 (Windows; U; Windows NT 5.1; fr; rv:1.9.2.15) Gecko/20110303 Firefox/3.6.15"
80.11.149.210 - - [16/Nov/2011:09:25:45 +0100] "GET /quiz/scripts/util.js HTTP/1.1" 200 9080 "https://manager.itsquizz.com/quiz/pilot" "Mozilla/5.0 (Windows; U; Windows NT 5.1; fr; rv:1.9.2.15) Gecko/20110303 Firefox/3.6.15"
80.11.149.210 - - [16/Nov/2011:09:25:45 +0100] "GET /quiz/scripts/util_window.js HTTP/1.1" 200 1122 "https://manager.itsquizz.com/quiz/pilot" "Mozilla/5.0 (Windows; U; Windows NT 5.1; fr; rv:1.9.2.15) Gecko/20110303 Firefox/3.6.15"
80.11.149.210 - - [16/Nov/2011:09:25:45 +0100] "GET /quiz/scripts/itsok_menu.js HTTP/1.1" 200 4050 "https://manager.itsquizz.com/quiz/pilot" "Mozilla/5.0 (Windows; U; Windows NT 5.1; fr; rv:1.9.2.15) Gecko/20110303 Firefox/3.6.15"
80.11.149.210 - - [16/Nov/2011:09:25:45 +0100] "GET /quiz/scripts/labelSubmit_fr.js HTTP/1.1" 200 585 "https://manager.itsquizz.com/quiz/pilot" "Mozilla/5.0 (Windows; U; Windows NT 5.1; fr; rv:1.9.2.15) Gecko/20110303 Firefox/3.6.15"
80.11.149.210 - - [16/Nov/2011:09:25:45 +0100] "GET /quiz/scripts/itsok_date.js HTTP/1.1" 200 1192 "https://manager.itsquizz.com/quiz/pilot" "Mozilla/5.0 (Windows; U; Windows NT 5.1; fr; rv:1.9.2.15) Gecko/20110303 Firefox/3.6.15"
80.11.149.210 - - [16/Nov/2011:09:25:45 +0100] "GET /quiz/scripts/dhtmlgoodies_slider.js HTTP/1.1" 200 5330 "https://manager.itsquizz.com/quiz/pilot" "Mozilla/5.0 (Windows; U; Windows NT 5.1; fr; rv:1.9.2.15) Gecko/20110303 Firefox/3.6.15"
80.11.149.210 - - [16/Nov/2011:09:25:45 +0100] "GET /quiz/scripts/calendar/xc2_inpage.js HTTP/1.1" 200 23111 "https://manager.itsquizz.com/quiz/pilot" "Mozilla/5.0 (Windows; U; Windows NT 5.1; fr; rv:1.9.2.15) Gecko/20110303 Firefox/3.6.15"
80.11.149.210 - - [16/Nov/2011:09:25:45 +0100] "GET /quiz/scripts/itsok_form.js HTTP/1.1" 200 26467 "https://manager.itsquizz.com/quiz/pilot" "Mozilla/5.0 (Windows; U; Windows NT 5.1; fr; rv:1.9.2.15) Gecko/20110303 Firefox/3.6.15"
80.11.149.210 - - [16/Nov/2011:09:25:45 +0100] "GET /quiz/scripts/conditions.js HTTP/1.1" 200 20246 "https://manager.itsquizz.com/quiz/pilot" "Mozilla/5.0 (Windows; U; Windows NT 5.1; fr; rv:1.9.2.15) Gecko/20110303 Firefox/3.6.15"
80.11.149.210 - - [16/Nov/2011:09:25:45 +0100] "GET /quiz/scripts/calendar/mod_time.js HTTP/1.1" 200 3188 "https://manager.itsquizz.com/quiz/pilot" "Mozilla/5.0 (Windows; U; Windows NT 5.1; fr; rv:1.9.2.15) Gecko/20110303 Firefox/3.6.15"
80.11.149.210 - - [16/Nov/2011:09:25:45 +0100] "GET /quiz/scripts/wz_tooltip.js HTTP/1.1" 200 16560 "https://manager.itsquizz.com/quiz/pilot" "Mozilla/5.0 (Windows; U; Windows NT 5.1; fr; rv:1.9.2.15) Gecko/20110303 Firefox/3.6.15"
66.249.72.87 - - [16/Nov/2011:09:28:42 +0100] "GET /images/img_ico_pyw.jpg HTTP/1.1" 304 - "-" "Googlebot-Image/1.0"
95.108.245.253 - - [16/Nov/2011:09:31:58 +0100] "GET /pg_outils_pilot.htm HTTP/1.1" 304 - "-" "Mozilla/5.0 (compatible; YandexBot/3.0; +http://yandex.com/bots)"
80.11.149.210 - - [16/Nov/2011:09:34:49 +0100] "GET /quiz/pilot?service=accessQuestionnaire&idQuiz=131&key=3909374127 HTTP/1.1" 200 802 "-" "Mozilla/5.0 (Windows; U; Windows NT 5.1; fr; rv:1.9.2.15) Gecko/20110303 Firefox/3.6.15"
123.125.71.111 - - [16/Nov/2011:09:38:10 +0100] "GET / HTTP/1.1" 301 410 "-" "Mozilla/5.0 (compatible; Baiduspider/2.0; +http://www.baidu.com/search/spider.html)"
220.181.108.95 - - [16/Nov/2011:09:38:33 +0100] "GET / HTTP/1.1" 302 400 "-" "Mozilla/5.0 (compatible; Baiduspider/2.0; +http://www.baidu.com/search/spider.html)"
220.181.108.175 - - [16/Nov/2011:09:38:43 +0100] "GET / HTTP/1.1" 301 410 "-" "Mozilla/5.0 (compatible; Baiduspider/2.0; +http://www.baidu.com/search/spider.html)"
123.125.71.26 - - [16/Nov/2011:09:39:34 +0100] "GET / HTTP/1.1" 302 400 "-" "Mozilla/5.0 (compatible; Baiduspider/2.0; +http://www.baidu.com/search/spider.html)"
50.23.239.14 - - [16/Nov/2011:09:39:58 +0100] "GET /robots.txt HTTP/1.1" 200 24 "http://www.orangeask.com/" "Mozilla/4.0 (compatible; MSIE 7.0; Windows NT 5.1; Mozilla/4.0 (compatible; MSIE 6.0; Windows NT 5.1; SV1) ; .NET CLR 2.0.50727; .NET CLR 3.0.4506.2152; .NET CLR 3.5.30729)"
50.23.239.14 - - [16/Nov/2011:09:39:58 +0100] "GET / HTTP/1.1" 200 13136 "http://www.orangeask.com/" "Mozilla/4.0 (compatible; MSIE 7.0; Windows NT 5.1; Mozilla/4.0 (compatible; MSIE 6.0; Windows NT 5.1; SV1) ; .NET CLR 2.0.50727; .NET CLR 3.0.4506.2152; .NET CLR 3.5.30729)"
95.108.249.30 - - [16/Nov/2011:09:47:24 +0100] "GET /quiz/pilot?service=accessQuestionnaire&idQuiz=84&key=2143658709 HTTP/1.1" 200 812 "-" "Mozilla/5.0 (compatible; YandexBot/3.0; +http://yandex.com/bots)"
207.46.199.180 - - [16/Nov/2011:09:47:26 +0100] "GET /robots.txt HTTP/1.1" 404 390 "-" "Mozilla/5.0 (compatible; bingbot/2.0; +http://www.bing.com/bingbot.htm)"
66.249.72.121 - - [16/Nov/2011:09:53:06 +0100] "GET /quiz/pilot?ser...;key=8396418624 HTTP/1.1" 500 653 "-" "Mozilla/5.0 (compatible; Googlebot/2.1; +http://www.google.com/bot.html)"
66.249.72.213 - - [16/Nov/2011:09:56:53 +0100] "GET /robots.txt HTTP/1.1" 404 310 "-" "Mozilla/5.0 (compatible; Googlebot/2.1; +http://www.google.com/bot.html)"
66.249.72.213 - - [16/Nov/2011:09:56:53 +0100] "GET /de/pg_prod_services.htm HTTP/1.1" 404 318 "-" "Mozilla/5.0 (compatible; Googlebot/2.1; +http://www.google.com/bot.html)"
207.46.199.180 - - [16/Nov/2011:09:58:26 +0100] "GET /robots.txt HTTP/1.1" 404 386 "-" "Mozilla/5.0 (compatible; bingbot/2.0; +http://www.bing.com/bingbot.htm)"
66.249.72.87 - - [16/Nov/2011:10:05:50 +0100] "GET /images/img_ico_it.jpg HTTP/1.1" 304 - "-" "Googlebot-Image/1.0"
123.125.71.22 - - [16/Nov/2011:10:35:38 +0100] "GET / HTTP/1.1" 302 400 "-" "Mozilla/5.0 (compatible; Baiduspider/2.0; +http://www.baidu.com/search/spider.html)"
220.181.108.96 - - [16/Nov/2011:10:36:14 +0100] "GET / HTTP/1.1" 302 400 "-" "Mozilla/5.0 (compatible; Baiduspider/2.0; +http://www.baidu.com/search/spider.html)"
207.46.199.180 - - [16/Nov/2011:10:36:14 +0100] "GET /robots.txt HTTP/1.1" 404 386 "-" "Mozilla/5.0 (compatible; bingbot/2.0; +http://www.bing.com/bingbot.htm)"
66.249.72.87 - - [16/Nov/2011:10:40:39 +0100] "GET /images/img_fut4.jpg HTTP/1.1" 200 10801 "-" "Googlebot-Image/1.0"
111.186.15.134 - - [16/Nov/2011:10:40:39 +0100] "GET /quiz/pilot?service=accessQuestionnaire&idQuiz=194&key=4426852380 HTTP/1.1" 200 2797 "-" "Mozilla/5.0 (Windows NT 6.1) AppleWebKit/535.1 (KHTML, like Gecko) Chrome/14.0.835.202 Safari/535.1 360EE"
111.186.15.134 - - [16/Nov/2011:10:40:40 +0100] "GET /quiz/css/company/ecp/exec_43.css HTTP/1.1" 200 2091 "http://manager.itsquizz.com/quiz/pilot?service=accessQuestionnaire&idQuiz=194&key=4426852380" "Mozilla/5.0 (Windows NT 6.1) AppleWebKit/535.1 (KHTML, like Gecko) Chrome/14.0.835.202 Safari/535.1 360EE"
111.186.15.134 - - [16/Nov/2011:10:40:40 +0100] "GET /quiz/css/calendar/xc2_default.css HTTP/1.1" 200 6787 "http://manager.itsquizz.com/quiz/pilot?service=accessQuestionnaire&idQuiz=194&key=4426852380" "Mozilla/5.0 (Windows NT 6.1) AppleWebKit/535.1 (KHTML, like Gecko) Chrome/14.0.835.202 Safari/535.1 360EE"
111.186.15.134 - - [16/Nov/2011:10:40:41 +0100] "GET /quiz/scripts/calendar/xc2_default_fr.js HTTP/1.1" 200 7889 "http://manager.itsquizz.com/quiz/pilot?service=accessQuestionnaire&idQuiz=194&key=4426852380" "Mozilla/5.0 (Windows NT 6.1) AppleWebKit/535.1 (KHTML, like Gecko) Chrome/14.0.835.202 Safari/535.1 360EE"
111.186.15.134 - - [16/Nov/2011:10:40:41 +0100] "GET /quiz/scripts/util.js HTTP/1.1" 200 9080 "http://manager.itsquizz.com/quiz/pilot?service=accessQuestionnaire&idQuiz=194&key=4426852380" "Mozilla/5.0 (Windows NT 6.1) AppleWebKit/535.1 (KHTML, like Gecko) Chrome/14.0.835.202 Safari/535.1 360EE"
111.186.15.134 - - [16/Nov/2011:10:40:41 +0100] "GET /quiz/scripts/labelSubmit_fr.js HTTP/1.1" 200 585 "http://manager.itsquizz.com/quiz/pilot?service=accessQuestionnaire&idQuiz=194&key=4426852380" "Mozilla/5.0 (Windows NT 6.1) AppleWebKit/535.1 (KHTML, like Gecko) Chrome/14.0.835.202 Safari/535.1 360EE"
111.186.15.134 - - [16/Nov/2011:10:40:41 +0100] "GET /quiz/scripts/itsok_date.js HTTP/1.1" 200 1192 "http://manager.itsquizz.com/quiz/pilot?service=accessQuestionnaire&idQuiz=194&key=4426852380" "Mozilla/5.0 (Windows NT 6.1) AppleWebKit/535.1 (KHTML, like Gecko) Chrome/14.0.835.202 Safari/535.1 360EE"
111.186.15.134 - - [16/Nov/2011:10:40:42 +0100] "GET /quiz/scripts/dhtmlgoodies_slider.js HTTP/1.1" 200 5330 "http://manager.itsquizz.com/quiz/pilot?service=accessQuestionnaire&idQuiz=194&key=4426852380" "Mozilla/5.0 (Windows NT 6.1) AppleWebKit/535.1 (KHTML, like Gecko) Chrome/14.0.835.202 Safari/535.1 360EE"
111.186.15.134 - - [16/Nov/2011:10:40:41 +0100] "GET /quiz/scripts/calendar/xc2_inpage.js HTTP/1.1" 200 23111 "http://manager.itsquizz.com/quiz/pilot?service=accessQuestionnaire&idQuiz=194&key=4426852380" "Mozilla/5.0 (Windows NT 6.1) AppleWebKit/535.1 (KHTML, like Gecko) Chrome/14.0.835.202 Safari/535.1 360EE"
111.186.15.134 - - [16/Nov/2011:10:40:42 +0100] "GET /quiz/scripts/wz_tooltip.js HTTP/1.1" 200 16560 "http://manager.itsquizz.com/quiz/pilot?service=accessQuestionnaire&idQuiz=194&key=4426852380" "Mozilla/5.0 (Windows NT 6.1) AppleWebKit/535.1 (KHTML, like Gecko) Chrome/14.0.835.202 Safari/535.1 360EE"
111.186.15.134 - - [16/Nov/2011:10:40:41 +0100] "GET /quiz/scripts/itsok_form.js HTTP/1.1" 200 26467 "http://manager.itsquizz.com/quiz/pilot?service=accessQuestionnaire&idQuiz=194&key=4426852380" "Mozilla/5.0 (Windows NT 6.1) AppleWebKit/535.1 (KHTML, like Gecko) Chrome/14.0.835.202 Safari/535.1 360EE"
111.186.15.134 - - [16/Nov/2011:10:40:44 +0100] "GET /quiz/scripts/calendar/mod_time.js HTTP/1.1" 200 3188 "http://manager.itsquizz.com/quiz/pilot?service=accessQuestionnaire&idQuiz=194&key=4426852380" "Mozilla/5.0 (Windows NT 6.1) AppleWebKit/535.1 (KHTML, like Gecko) Chrome/14.0.835.202 Safari/535.1 360EE"
111.186.15.134 - - [16/Nov/2011:10:40:41 +0100] "GET /quiz/scripts/conditions.js HTTP/1.1" 200 20246 "http://manager.itsquizz.com/quiz/pilot?service=accessQuestionnaire&idQuiz=194&key=4426852380" "Mozilla/5.0 (Windows NT 6.1) AppleWebKit/535.1 (KHTML, like Gecko) Chrome/14.0.835.202 Safari/535.1 360EE"
111.186.15.134 - - [16/Nov/2011:10:40:46 +0100] "GET /quiz/images/company/ecp/headerImg_43 HTTP/1.1" 200 20601 "http://manager.itsquizz.com/quiz/pilot?service=accessQuestionnaire&idQuiz=194&key=4426852380" "Mozilla/5.0 (Windows NT 6.1) AppleWebKit/535.1 (KHTML, like Gecko) Chrome/14.0.835.202 Safari/535.1 360EE"
111.186.15.134 - - [16/Nov/2011:10:40:48 +0100] "GET /favicon.ico HTTP/1.1" 404 312 "-" "Mozilla/5.0 (Windows NT 6.1) AppleWebKit/535.1 (KHTML, like Gecko) Chrome/14.0.835.202 Safari/535.1 360EE"
207.46.199.180 - - [16/Nov/2011:11:02:21 +0100] "GET /robots.txt HTTP/1.1" 404 386 "-" "Mozilla/5.0 (compatible; bingbot/2.0; +http://www.bing.com/bingbot.htm)"
66.249.72.87 - - [16/Nov/2011:11:15:46 +0100] "GET /images/paris.gif HTTP/1.1" 304 - "-" "Googlebot-Image/1.0"
157.55.50.77 - - [16/Nov/2011:11:29:34 +0100] "GET /robots.txt HTTP/1.1" 404 390 "-" "Mozilla/5.0 (compatible; bingbot/2.0; +http://www.bing.com/bingbot.htm)"
66.249.72.121 - - [16/Nov/2011:11:33:06 +0100] "GET /quiz/images/company/famillathlon/Famillathlon-AnimSommaire2.swf HTTP/1.1" 200 509747 "-" "Mozilla/5.0 (compatible; Googlebot/2.1; +http://www.google.com/bot.html)"
123.125.71.22 - - [16/Nov/2011:11:37:45 +0100] "GET / HTTP/1.1" 302 400 "-" "Mozilla/5.0 (compatible; Baiduspider/2.0; +http://www.baidu.com/search/spider.html)"
138.195.74.55 - - [16/Nov/2011:11:38:12 +0100] "GET /quiz/pilot?service=accessQuestionnaire&idQuiz=198&key=6307859303 HTTP/1.1" 200 2561 "-" "Mozilla/5.0 (compatible; MSIE 9.0; Windows NT 6.1; WOW64; Trident/5.0)"
138.195.74.55 - - [16/Nov/2011:11:38:12 +0100] "GET /favicon.ico HTTP/1.1" 404 312 "-" "Mozilla/5.0 (compatible; MSIE 9.0; Windows NT 6.1; WOW64; Trident/5.0)"
220.181.108.90 - - [16/Nov/2011:11:38:27 +0100] "GET / HTTP/1.1" 302 400 "-" "Mozilla/5.0 (compatible; Baiduspider/2.0; +http://www.baidu.com/search/spider.html)"
138.195.74.55 - - [16/Nov/2011:11:47:56 +0100] "POST /quiz/pilot?service=fillQuestionnaire&directory=generated&language=fr HTTP/1.1" 200 477 "http://manager.itsquizz.com/quiz/pilot?service=accessQuestionnaire&idQuiz=198&key=6307859303" "Mozilla/5.0 (compatible; MSIE 9.0; Windows NT 6.1; WOW64; Trident/5.0)"
138.195.74.55 - - [16/Nov/2011:11:47:56 +0100] "GET /quiz/scripts/timer.js HTTP/1.1" 200 255 "http://manager.itsquizz.com/quiz/pilot?service=fillQuestionnaire&directory=generated&language=fr" "Mozilla/5.0 (compatible; MSIE 9.0; Windows NT 6.1; WOW64; Trident/5.0)"
66.249.72.87 - - [16/Nov/2011:11:50:44 +0100] "GET /images/img_ico_pyc.jpg HTTP/1.1" 304 - "-" "Googlebot-Image/1.0"
138.195.13.2 - - [16/Nov/2011:12:00:32 +0100] "GET /quiz/pilot?service=accessQuestionnaire&idQuiz=198&key=6307859303 HTTP/1.1" 200 2561 "-" "Mozilla/5.0 (Windows; U; Windows NT 5.1; fr; rv:1.9.0.4) Gecko/2008102920 Firefox/3.0.4 ( .NET CLR 3.5.30729)"
138.195.13.2 - - [16/Nov/2011:12:00:32 +0100] "GET /quiz/css/company/ecp/exec_1.css HTTP/1.1" 200 1985 "http://manager.itsquizz.com/quiz/pilot?service=accessQuestionnaire&idQuiz=198&key=6307859303" "Mozilla/5.0 (Windows; U; Windows NT 5.1; fr; rv:1.9.0.4) Gecko/2008102920 Firefox/3.0.4 ( .NET CLR 3.5.30729)"
138.195.13.2 - - [16/Nov/2011:12:00:32 +0100] "GET /quiz/css/calendar/xc2_default.css HTTP/1.1" 200 6787 "http://manager.itsquizz.com/quiz/pilot?service=accessQuestionnaire&idQuiz=198&key=6307859303" "Mozilla/5.0 (Windows; U; Windows NT 5.1; fr; rv:1.9.0.4) Gecko/2008102920 Firefox/3.0.4 ( .NET CLR 3.5.30729)"
138.195.13.2 - - [16/Nov/2011:12:00:32 +0100] "GET /quiz/scripts/calendar/xc2_default_fr.js HTTP/1.1" 200 7889 "http://manager.itsquizz.com/quiz/pilot?service=accessQuestionnaire&idQuiz=198&key=6307859303" "Mozilla/5.0 (Windows; U; Windows NT 5.1; fr; rv:1.9.0.4) Gecko/2008102920 Firefox/3.0.4 ( .NET CLR 3.5.30729)"
138.195.13.2 - - [16/Nov/2011:12:00:32 +0100] "GET /quiz/scripts/calendar/xc2_inpage.js HTTP/1.1" 200 23111 "http://manager.itsquizz.com/quiz/pilot?service=accessQuestionnaire&idQuiz=198&key=6307859303" "Mozilla/5.0 (Windows; U; Windows NT 5.1; fr; rv:1.9.0.4) Gecko/2008102920 Firefox/3.0.4 ( .NET CLR 3.5.30729)"
138.195.13.2 - - [16/Nov/2011:12:00:33 +0100] "GET /quiz/scripts/calendar/mod_time.js HTTP/1.1" 200 3188 "http://manager.itsquizz.com/quiz/pilot?service=accessQuestionnaire&idQuiz=198&key=6307859303" "Mozilla/5.0 (Windows; U; Windows NT 5.1; fr; rv:1.9.0.4) Gecko/2008102920 Firefox/3.0.4 ( .NET CLR 3.5.30729)"
138.195.13.2 - - [16/Nov/2011:12:00:33 +0100] "GET /quiz/scripts/conditions.js HTTP/1.1" 200 20246 "http://manager.itsquizz.com/quiz/pilot?service=accessQuestionnaire&idQuiz=198&key=6307859303" "Mozilla/5.0 (Windows; U; Windows NT 5.1; fr; rv:1.9.0.4) Gecko/2008102920 Firefox/3.0.4 ( .NET CLR 3.5.30729)"
138.195.13.2 - - [16/Nov/2011:12:00:33 +0100] "GET /quiz/scripts/util.js HTTP/1.1" 200 9080 "http://manager.itsquizz.com/quiz/pilot?service=accessQuestionnaire&idQuiz=198&key=6307859303" "Mozilla/5.0 (Windows; U; Windows NT 5.1; fr; rv:1.9.0.4) Gecko/2008102920 Firefox/3.0.4 ( .NET CLR 3.5.30729)"
138.195.13.2 - - [16/Nov/2011:12:00:33 +0100] "GET /quiz/scripts/labelSubmit_fr.js HTTP/1.1" 200 585 "http://manager.itsquizz.com/quiz/pilot?service=accessQuestionnaire&idQuiz=198&key=6307859303" "Mozilla/5.0 (Windows; U; Windows NT 5.1; fr; rv:1.9.0.4) Gecko/2008102920 Firefox/3.0.4 ( .NET CLR 3.5.30729)"
138.195.13.2 - - [16/Nov/2011:12:00:33 +0100] "GET /quiz/scripts/itsok_form.js HTTP/1.1" 200 26467 "http://manager.itsquizz.com/quiz/pilot?service=accessQuestionnaire&idQuiz=198&key=6307859303" "Mozilla/5.0 (Windows; U; Windows NT 5.1; fr; rv:1.9.0.4) Gecko/2008102920 Firefox/3.0.4 ( .NET CLR 3.5.30729)"
138.195.13.2 - - [16/Nov/2011:12:00:33 +0100] "GET /quiz/scripts/itsok_date.js HTTP/1.1" 200 1192 "http://manager.itsquizz.com/quiz/pilot?service=accessQuestionnaire&idQuiz=198&key=6307859303" "Mozilla/5.0 (Windows; U; Windows NT 5.1; fr; rv:1.9.0.4) Gecko/2008102920 Firefox/3.0.4 ( .NET CLR 3.5.30729)"
138.195.13.2 - - [16/Nov/2011:12:00:33 +0100] "GET /quiz/scripts/dhtmlgoodies_slider.js HTTP/1.1" 200 5330 "http://manager.itsquizz.com/quiz/pilot?service=accessQuestionnaire&idQuiz=198&key=6307859303" "Mozilla/5.0 (Windows; U; Windows NT 5.1; fr; rv:1.9.0.4) Gecko/2008102920 Firefox/3.0.4 ( .NET CLR 3.5.30729)"
138.195.13.2 - - [16/Nov/2011:12:00:33 +0100] "GET /quiz/scripts/wz_tooltip.js HTTP/1.1" 200 16560 "http://manager.itsquizz.com/quiz/pilot?service=accessQuestionnaire&idQuiz=198&key=6307859303" "Mozilla/5.0 (Windows; U; Windows NT 5.1; fr; rv:1.9.0.4) Gecko/2008102920 Firefox/3.0.4 ( .NET CLR 3.5.30729)"
138.195.13.2 - - [16/Nov/2011:12:00:33 +0100] "GET /favicon.ico HTTP/1.1" 404 312 "-" "Mozilla/5.0 (Windows; U; Windows NT 5.1; fr; rv:1.9.0.4) Gecko/2008102920 Firefox/3.0.4 ( .NET CLR 3.5.30729)"
138.195.13.2 - - [16/Nov/2011:12:00:33 +0100] "GET /quiz/images/button-bg.jpg HTTP/1.1" 200 797 "http://manager.itsquizz.com/quiz/css/company/ecp/exec_1.css" "Mozilla/5.0 (Windows; U; Windows NT 5.1; fr; rv:1.9.0.4) Gecko/2008102920 Firefox/3.0.4 ( .NET CLR 3.5.30729)"
95.108.245.253 - - [16/Nov/2011:12:01:20 +0100] "GET /pg_log_pyc.htm HTTP/1.1" 304 - "-" "Mozilla/5.0 (compatible; YandexBot/3.0; +http://yandex.com/bots)"
138.195.13.2 - - [16/Nov/2011:12:01:27 +0100] "POST /quiz/pilot?service=fillQuestionnaire&directory=generated&language=fr HTTP/1.1" 200 477 "http://manager.itsquizz.com/quiz/pilot?service=accessQuestionnaire&idQuiz=198&key=6307859303" "Mozilla/5.0 (Windows; U; Windows NT 5.1; fr; rv:1.9.0.4) Gecko/2008102920 Firefox/3.0.4 ( .NET CLR 3.5.30729)"
138.195.13.2 - - [16/Nov/2011:12:01:27 +0100] "GET /quiz/scripts/timer.js HTTP/1.1" 200 255 "http://manager.itsquizz.com/quiz/pilot?service=fillQuestionnaire&directory=generated&language=fr" "Mozilla/5.0 (Windows; U; Windows NT 5.1; fr; rv:1.9.0.4) Gecko/2008102920 Firefox/3.0.4 ( .NET CLR 3.5.30729)"
138.195.74.55 - - [16/Nov/2011:12:06:03 +0100] "GET /quiz/pilot?service=accessQuestionnaire&idQuiz=198&key=6307859303 HTTP/1.1" 200 2561 "-" "Mozilla/5.0 (compatible; MSIE 9.0; Windows NT 6.1; WOW64; Trident/5.0)"
207.46.199.180 - - [16/Nov/2011:12:07:51 +0100] "GET /robots.txt HTTP/1.1" 404 386 "-" "Mozilla/5.0 (compatible; bingbot/2.0; +http://www.bing.com/bingbot.htm)"
193.252.118.174 - - [16/Nov/2011:12:11:42 +0100] "GET /robots.txt HTTP/1.1" 404 312 "-" "Mozilla/5.0 (Windows; U; Windows NT 5.1; fr; rv:1.8.1) VoilaBot BETA 1.2 (support.voilabot@orange-ftgroup.com)"
193.252.118.174 - - [16/Nov/2011:12:11:51 +0100] "GET /quiz/ HTTP/1.1" 200 755 "-" "Mozilla/5.0 (Windows; U; Windows NT 5.1; fr; rv:1.8.1) VoilaBot BETA 1.2 (support.voilabot@orange-ftgroup.com)"
138.195.25.20 - - [16/Nov/2011:12:22:24 +0100] "GET /quiz/pilot?service=accessQuestionnaire&idQuiz=198&key=6307859303 HTTP/1.1" 200 2561 "-" "Mozilla/5.0 (Windows NT 6.1; rv:7.0.1) Gecko/20100101 Firefox/7.0.1"
138.195.25.20 - - [16/Nov/2011:12:22:25 +0100] "GET /quiz/css/company/ecp/exec_1.css HTTP/1.1" 200 1985 "http://manager.itsquizz.com/quiz/pilot?service=accessQuestionnaire&idQuiz=198&key=6307859303" "Mozilla/5.0 (Windows NT 6.1; rv:7.0.1) Gecko/20100101 Firefox/7.0.1"
138.195.25.20 - - [16/Nov/2011:12:22:25 +0100] "GET /quiz/css/calendar/xc2_default.css HTTP/1.1" 200 6787 "http://manager.itsquizz.com/quiz/pilot?service=accessQuestionnaire&idQuiz=198&key=6307859303" "Mozilla/5.0 (Windows NT 6.1; rv:7.0.1) Gecko/20100101 Firefox/7.0.1"
138.195.25.20 - - [16/Nov/2011:12:22:25 +0100] "GET /quiz/scripts/calendar/xc2_default_fr.js HTTP/1.1" 200 7889 "http://manager.itsquizz.com/quiz/pilot?service=accessQuestionnaire&idQuiz=198&key=6307859303" "Mozilla/5.0 (Windows NT 6.1; rv:7.0.1) Gecko/20100101 Firefox/7.0.1"
138.195.25.20 - - [16/Nov/2011:12:22:25 +0100] "GET /quiz/scripts/util.js HTTP/1.1" 200 9080 "http://manager.itsquizz.com/quiz/pilot?service=accessQuestionnaire&idQuiz=198&key=6307859303" "Mozilla/5.0 (Windows NT 6.1; rv:7.0.1) Gecko/20100101 Firefox/7.0.1"
138.195.25.20 - - [16/Nov/2011:12:22:25 +0100] "GET /quiz/scripts/labelSubmit_fr.js HTTP/1.1" 200 585 "http://manager.itsquizz.com/quiz/pilot?service=accessQuestionnaire&idQuiz=198&key=6307859303" "Mozilla/5.0 (Windows NT 6.1; rv:7.0.1) Gecko/20100101 Firefox/7.0.1"
138.195.25.20 - - [16/Nov/2011:12:22:26 +0100] "GET /quiz/scripts/itsok_date.js HTTP/1.1" 200 1192 "http://manager.itsquizz.com/quiz/pilot?service=accessQuestionnaire&idQuiz=198&key=6307859303" "Mozilla/5.0 (Windows NT 6.1; rv:7.0.1) Gecko/20100101 Firefox/7.0.1"
138.195.25.20 - - [16/Nov/2011:12:22:27 +0100] "GET /quiz/scripts/dhtmlgoodies_slider.js HTTP/1.1" 200 5330 "http://manager.itsquizz.com/quiz/pilot?service=accessQuestionnaire&idQuiz=198&key=6307859303" "Mozilla/5.0 (Windows NT 6.1; rv:7.0.1) Gecko/20100101 Firefox/7.0.1"
138.195.25.20 - - [16/Nov/2011:12:22:25 +0100] "GET /quiz/scripts/itsok_form.js HTTP/1.1" 200 26467 "http://manager.itsquizz.com/quiz/pilot?service=accessQuestionnaire&idQuiz=198&key=6307859303" "Mozilla/5.0 (Windows NT 6.1; rv:7.0.1) Gecko/20100101 Firefox/7.0.1"
138.195.25.20 - - [16/Nov/2011:12:22:25 +0100] "GET /quiz/scripts/calendar/xc2_inpage.js HTTP/1.1" 200 23111 "http://manager.itsquizz.com/quiz/pilot?service=accessQuestionnaire&idQuiz=198&key=6307859303" "Mozilla/5.0 (Windows NT 6.1; rv:7.0.1) Gecko/20100101 Firefox/7.0.1"
138.195.25.20 - - [16/Nov/2011:12:22:25 +0100] "GET /quiz/scripts/conditions.js HTTP/1.1" 200 20246 "http://manager.itsquizz.com/quiz/pilot?service=accessQuestionnaire&idQuiz=198&key=6307859303" "Mozilla/5.0 (Windows NT 6.1; rv:7.0.1) Gecko/20100101 Firefox/7.0.1"
138.195.25.20 - - [16/Nov/2011:12:22:27 +0100] "GET /quiz/scripts/wz_tooltip.js HTTP/1.1" 200 16560 "http://manager.itsquizz.com/quiz/pilot?service=accessQuestionnaire&idQuiz=198&key=6307859303" "Mozilla/5.0 (Windows NT 6.1; rv:7.0.1) Gecko/20100101 Firefox/7.0.1"
138.195.25.20 - - [16/Nov/2011:12:22:29 +0100] "GET /quiz/scripts/calendar/mod_time.js HTTP/1.1" 200 3188 "http://manager.itsquizz.com/quiz/pilot?service=accessQuestionnaire&idQuiz=198&key=6307859303" "Mozilla/5.0 (Windows NT 6.1; rv:7.0.1) Gecko/20100101 Firefox/7.0.1"
138.195.25.20 - - [16/Nov/2011:12:22:30 +0100] "GET /favicon.ico HTTP/1.1" 404 312 "-" "Mozilla/5.0 (Windows NT 6.1; rv:7.0.1) Gecko/20100101 Firefox/7.0.1"
138.195.25.20 - - [16/Nov/2011:12:22:30 +0100] "GET /quiz/images/button-bg.jpg HTTP/1.1" 200 797 "http://manager.itsquizz.com/quiz/css/company/ecp/exec_1.css" "Mozilla/5.0 (Windows NT 6.1; rv:7.0.1) Gecko/20100101 Firefox/7.0.1"
138.195.25.20 - - [16/Nov/2011:12:22:30 +0100] "GET /favicon.ico HTTP/1.1" 404 312 "-" "Mozilla/5.0 (Windows NT 6.1; rv:7.0.1) Gecko/20100101 Firefox/7.0.1"
138.195.25.20 - - [16/Nov/2011:12:22:30 +0100] "GET /favicon.ico HTTP/1.1" 404 312 "-" "Mozilla/5.0 (Windows NT 6.1; rv:7.0.1) Gecko/20100101 Firefox/7.0.1"
123.125.71.117 - - [16/Nov/2011:12:23:17 +0100] "GET / HTTP/1.1" 302 394 "-" "Mozilla/5.0 (compatible; Baiduspider/2.0; +http://www.baidu.com/search/spider.html)"
220.181.108.169 - - [16/Nov/2011:12:23:24 +0100] "GET / HTTP/1.1" 302 394 "-" "Mozilla/5.0 (compatible; Baiduspider/2.0; +http://www.baidu.com/search/spider.html)"
138.195.25.20 - - [16/Nov/2011:12:23:33 +0100] "POST /quiz/pilot?service=fillQuestionnaire&directory=generated&language=fr HTTP/1.1" 200 477 "http://manager.itsquizz.com/quiz/pilot?service=accessQuestionnaire&idQuiz=198&key=6307859303" "Mozilla/5.0 (Windows NT 6.1; rv:7.0.1) Gecko/20100101 Firefox/7.0.1"
138.195.25.20 - - [16/Nov/2011:12:23:34 +0100] "GET /quiz/scripts/timer.js HTTP/1.1" 200 255 "http://manager.itsquizz.com/quiz/pilot?service=fillQuestionnaire&directory=generated&language=fr" "Mozilla/5.0 (Windows NT 6.1; rv:7.0.1) Gecko/20100101 Firefox/7.0.1"
66.249.72.87 - - [16/Nov/2011:12:25:33 +0100] "GET /images/img_ico_iq.jpg HTTP/1.1" 304 - "-" "Googlebot-Image/1.0"
123.125.71.18 - - [16/Nov/2011:12:37:10 +0100] "GET / HTTP/1.1" 302 400 "-" "Mozilla/5.0 (compatible; Baiduspider/2.0; +http://www.baidu.com/search/spider.html)"
220.181.108.88 - - [16/Nov/2011:12:37:54 +0100] "GET / HTTP/1.1" 302 400 "-" "Mozilla/5.0 (compatible; Baiduspider/2.0; +http://www.baidu.com/search/spider.html)"
66.249.72.213 - - [16/Nov/2011:12:41:49 +0100] "GET /gb/index.htm HTTP/1.1" 404 312 "-" "Mozilla/5.0 (compatible; Googlebot/2.1; +http://www.google.com/bot.html)"
138.195.13.2 - - [16/Nov/2011:12:46:45 +0100] "GET /quiz/pilot?service=accessQuestionnaire&idQuiz=198&key=6307859303 HTTP/1.1" 200 2561 "-" "Mozilla/5.0 (Windows NT 5.1; rv:6.0.2) Gecko/20100101 Firefox/6.0.2"
138.195.13.2 - - [16/Nov/2011:12:47:07 +0100] "GET /quiz/pilot?service=accessQuestionnaire&idQuiz=198&key=6307859303 HTTP/1.1" 200 2561 "-" "Mozilla/5.0 (Windows NT 5.1; rv:6.0.2) Gecko/20100101 Firefox/6.0.2"
138.195.13.2 - - [16/Nov/2011:12:47:08 +0100] "GET /quiz/pilot?service=accessQuestionnaire&idQuiz=198&key=6307859303 HTTP/1.1" 200 2561 "-" "Mozilla/5.0 (Windows NT 5.1; rv:6.0.2) Gecko/20100101 Firefox/6.0.2"
138.195.13.2 - - [16/Nov/2011:12:47:08 +0100] "GET /favicon.ico HTTP/1.1" 404 312 "-" "Mozilla/5.0 (Windows NT 5.1; rv:6.0.2) Gecko/20100101 Firefox/6.0.2"
138.195.13.2 - - [16/Nov/2011:12:47:08 +0100] "GET /favicon.ico HTTP/1.1" 404 312 "-" "Mozilla/5.0 (Windows NT 5.1; rv:6.0.2) Gecko/20100101 Firefox/6.0.2"
138.195.13.2 - - [16/Nov/2011:12:47:18 +0100] "GET /quiz/pilot?service=accessQuestionnaire&idQuiz=198&key=6307859303 HTTP/1.1" 200 2560 "-" "Mozilla/5.0 (Windows NT 5.1; rv:6.0.2) Gecko/20100101 Firefox/6.0.2"
138.195.13.2 - - [16/Nov/2011:12:47:19 +0100] "GET /quiz/pilot?service=accessQuestionnaire&idQuiz=198&key=6307859303 HTTP/1.1" 200 2560 "-" "Mozilla/5.0 (Windows NT 5.1; rv:6.0.2) Gecko/20100101 Firefox/6.0.2"
138.195.13.2 - - [16/Nov/2011:12:47:19 +0100] "GET /favicon.ico HTTP/1.1" 404 312 "-" "Mozilla/5.0 (Windows NT 5.1; rv:6.0.2) Gecko/20100101 Firefox/6.0.2"
138.195.13.2 - - [16/Nov/2011:12:47:19 +0100] "GET /favicon.ico HTTP/1.1" 404 312 "-" "Mozilla/5.0 (Windows NT 5.1; rv:6.0.2) Gecko/20100101 Firefox/6.0.2"
66.249.72.87 - - [16/Nov/2011:13:00:37 +0100] "GET /images/img_logo_motile.gif HTTP/1.1" 304 - "-" "Googlebot-Image/1.0"
207.46.199.180 - - [16/Nov/2011:13:13:32 +0100] "GET /robots.txt HTTP/1.1" 404 386 "-" "Mozilla/5.0 (compatible; bingbot/2.0; +http://www.bing.com/bingbot.htm)"
92.103.160.226 - - [16/Nov/2011:13:26:28 +0100] "GET /quiz/pilot?service=accessQuestionnaire&idQuiz=146&key=7650035784 HTTP/1.1" 200 800 "-" "Mozilla/4.0 (compatible; MSIE 8.0; Windows NT 6.1; Trident/4.0; SLCC2; .NET CLR 2.0.50727; .NET CLR 3.5.30729; .NET CLR 3.0.30729; Media Center PC 6.0; .NET4.0C; .NET CLR 1.1.4322; InfoPath.1)"
92.103.160.226 - - [16/Nov/2011:13:26:28 +0100] "GET /quiz/css/company/cnrs/exec_56.css HTTP/1.1" 304 - "https://manager.itsquizz.com/quiz/pilot?service=accessQuestionnaire&idQuiz=146&key=7650035784" "Mozilla/4.0 (compatible; MSIE 8.0; Windows NT 6.1; Trident/4.0; SLCC2; .NET CLR 2.0.50727; .NET CLR 3.5.30729; .NET CLR 3.0.30729; Media Center PC 6.0; .NET4.0C; .NET CLR 1.1.4322; InfoPath.1)"
92.103.160.226 - - [16/Nov/2011:13:26:28 +0100] "GET /quiz/images/bt_ok_off.gif HTTP/1.1" 304 - "https://manager.itsquizz.com/quiz/pilot?service=accessQuestionnaire&idQuiz=146&key=7650035784" "Mozilla/4.0 (compatible; MSIE 8.0; Windows NT 6.1; Trident/4.0; SLCC2; .NET CLR 2.0.50727; .NET CLR 3.5.30729; .NET CLR 3.0.30729; Media Center PC 6.0; .NET4.0C; .NET CLR 1.1.4322; InfoPath.1)"
92.103.160.226 - - [16/Nov/2011:13:26:28 +0100] "GET /quiz/images/company/cnrs/headerLogoImg_56 HTTP/1.1" 304 - "https://manager.itsquizz.com/quiz/pilot?service=accessQuestionnaire&idQuiz=146&key=7650035784" "Mozilla/4.0 (compatible; MSIE 8.0; Windows NT 6.1; Trident/4.0; SLCC2; .NET CLR 2.0.50727; .NET CLR 3.5.30729; .NET CLR 3.0.30729; Media Center PC 6.0; .NET4.0C; .NET CLR 1.1.4322; InfoPath.1)"
92.103.160.226 - - [16/Nov/2011:13:27:04 +0100] "GET /quiz/pilot?service=accessQuestionnaire&idQuiz=131&key=3909374127 HTTP/1.1" 200 802 "-" "Mozilla/4.0 (compatible; MSIE 8.0; Windows NT 6.1; Trident/4.0; SLCC2; .NET CLR 2.0.50727; .NET CLR 3.5.30729; .NET CLR 3.0.30729; Media Center PC 6.0; .NET4.0C; .NET CLR 1.1.4322; InfoPath.1)"
92.103.160.226 - - [16/Nov/2011:13:27:04 +0100] "GET /quiz/css/company/cnrs/exec_56.css HTTP/1.1" 304 - "https://manager.itsquizz.com/quiz/pilot?service=accessQuestionnaire&idQuiz=131&key=3909374127" "Mozilla/4.0 (compatible; MSIE 8.0; Windows NT 6.1; Trident/4.0; SLCC2; .NET CLR 2.0.50727; .NET CLR 3.5.30729; .NET CLR 3.0.30729; Media Center PC 6.0; .NET4.0C; .NET CLR 1.1.4322; InfoPath.1)"
92.103.160.226 - - [16/Nov/2011:13:27:04 +0100] "GET /quiz/images/company/cnrs/headerLogoImg_56 HTTP/1.1" 304 - "https://manager.itsquizz.com/quiz/pilot?service=accessQuestionnaire&idQuiz=131&key=3909374127" "Mozilla/4.0 (compatible; MSIE 8.0; Windows NT 6.1; Trident/4.0; SLCC2; .NET CLR 2.0.50727; .NET CLR 3.5.30729; .NET CLR 3.0.30729; Media Center PC 6.0; .NET4.0C; .NET CLR 1.1.4322; InfoPath.1)"
92.103.160.226 - - [16/Nov/2011:13:27:04 +0100] "GET /quiz/images/bt_ok_off.gif HTTP/1.1" 304 - "https://manager.itsquizz.com/quiz/pilot?service=accessQuestionnaire&idQuiz=131&key=3909374127" "Mozilla/4.0 (compatible; MSIE 8.0; Windows NT 6.1; Trident/4.0; SLCC2; .NET CLR 2.0.50727; .NET CLR 3.5.30729; .NET CLR 3.0.30729; Media Center PC 6.0; .NET4.0C; .NET CLR 1.1.4322; InfoPath.1)"
92.103.160.226 - - [16/Nov/2011:13:27:24 +0100] "GET / HTTP/1.1" 302 312 "-" "Mozilla/4.0 (compatible; MSIE 8.0; Windows NT 6.1; Trident/4.0; SLCC2; .NET CLR 2.0.50727; .NET CLR 3.5.30729; .NET CLR 3.0.30729; Media Center PC 6.0; .NET4.0C; .NET CLR 1.1.4322; InfoPath.1)"
92.103.160.226 - - [16/Nov/2011:13:27:28 +0100] "GET /quiz/ HTTP/1.1" 200 755 "-" "Mozilla/4.0 (compatible; MSIE 8.0; Windows NT 6.1; Trident/4.0; SLCC2; .NET CLR 2.0.50727; .NET CLR 3.5.30729; .NET CLR 3.0.30729; Media Center PC 6.0; .NET4.0C; .NET CLR 1.1.4322; InfoPath.1)"
92.103.160.226 - - [16/Nov/2011:13:27:28 +0100] "GET /quiz/css/main.css HTTP/1.1" 200 2554 "https://manager.itsquizz.com/quiz/" "Mozilla/4.0 (compatible; MSIE 8.0; Windows NT 6.1; Trident/4.0; SLCC2; .NET CLR 2.0.50727; .NET CLR 3.5.30729; .NET CLR 3.0.30729; Media Center PC 6.0; .NET4.0C; .NET CLR 1.1.4322; InfoPath.1)"
92.103.160.226 - - [16/Nov/2011:13:27:28 +0100] "GET /quiz/css/login.css HTTP/1.1" 200 119 "https://manager.itsquizz.com/quiz/" "Mozilla/4.0 (compatible; MSIE 8.0; Windows NT 6.1; Trident/4.0; SLCC2; .NET CLR 2.0.50727; .NET CLR 3.5.30729; .NET CLR 3.0.30729; Media Center PC 6.0; .NET4.0C; .NET CLR 1.1.4322; InfoPath.1)"
92.103.160.226 - - [16/Nov/2011:13:27:28 +0100] "GET /quiz/images/bt_ok_off.gif HTTP/1.1" 200 169 "https://manager.itsquizz.com/quiz/" "Mozilla/4.0 (compatible; MSIE 8.0; Windows NT 6.1; Trident/4.0; SLCC2; .NET CLR 2.0.50727; .NET CLR 3.5.30729; .NET CLR 3.0.30729; Media Center PC 6.0; .NET4.0C; .NET CLR 1.1.4322; InfoPath.1)"
92.103.160.226 - - [16/Nov/2011:13:27:28 +0100] "GET /quiz/css/content.css HTTP/1.1" 200 2664 "https://manager.itsquizz.com/quiz/" "Mozilla/4.0 (compatible; MSIE 8.0; Windows NT 6.1; Trident/4.0; SLCC2; .NET CLR 2.0.50727; .NET CLR 3.5.30729; .NET CLR 3.0.30729; Media Center PC 6.0; .NET4.0C; .NET CLR 1.1.4322; InfoPath.1)"
92.103.160.226 - - [16/Nov/2011:13:27:28 +0100] "GET /quiz/images/login-bg.jpg HTTP/1.1" 200 28459 "https://manager.itsquizz.com/quiz/" "Mozilla/4.0 (compatible; MSIE 8.0; Windows NT 6.1; Trident/4.0; SLCC2; .NET CLR 2.0.50727; .NET CLR 3.5.30729; .NET CLR 3.0.30729; Media Center PC 6.0; .NET4.0C; .NET CLR 1.1.4322; InfoPath.1)"
92.103.160.226 - - [16/Nov/2011:13:27:29 +0100] "GET /favicon.ico HTTP/1.1" 404 313 "-" "Mozilla/4.0 (compatible; MSIE 8.0; Windows NT 6.1; Trident/4.0; SLCC2; .NET CLR 2.0.50727; .NET CLR 3.5.30729; .NET CLR 3.0.30729; Media Center PC 6.0; .NET4.0C; .NET CLR 1.1.4322; InfoPath.1)"
92.103.160.226 - - [16/Nov/2011:13:27:44 +0100] "POST /quiz/pilot HTTP/1.1" 200 976 "https://manager.itsquizz.com/quiz/" "Mozilla/4.0 (compatible; MSIE 8.0; Windows NT 6.1; Trident/4.0; SLCC2; .NET CLR 2.0.50727; .NET CLR 3.5.30729; .NET CLR 3.0.30729; Media Center PC 6.0; .NET4.0C; .NET CLR 1.1.4322; InfoPath.1)"
92.103.160.226 - - [16/Nov/2011:13:27:44 +0100] "GET /favicon.ico HTTP/1.1" 404 313 "-" "Mozilla/4.0 (compatible; MSIE 8.0; Windows NT 6.1; Trident/4.0; SLCC2; .NET CLR 2.0.50727; .NET CLR 3.5.30729; .NET CLR 3.0.30729; Media Center PC 6.0; .NET4.0C; .NET CLR 1.1.4322; InfoPath.1)"
92.103.160.226 - - [16/Nov/2011:13:27:46 +0100] "GET /quiz/pilot?service=getQuestionnaires HTTP/1.1" 200 1238 "https://manager.itsquizz.com/quiz/pilot" "Mozilla/4.0 (compatible; MSIE 8.0; Windows NT 6.1; Trident/4.0; SLCC2; .NET CLR 2.0.50727; .NET CLR 3.5.30729; .NET CLR 3.0.30729; Media Center PC 6.0; .NET4.0C; .NET CLR 1.1.4322; InfoPath.1)"
92.103.160.226 - - [16/Nov/2011:13:27:46 +0100] "GET /quiz/scripts/wz_tooltip.js HTTP/1.1" 200 16560 "https://manager.itsquizz.com/quiz/pilot?service=getQuestionnaires" "Mozilla/4.0 (compatible; MSIE 8.0; Windows NT 6.1; Trident/4.0; SLCC2; .NET CLR 2.0.50727; .NET CLR 3.5.30729; .NET CLR 3.0.30729; Media Center PC 6.0; .NET4.0C; .NET CLR 1.1.4322; InfoPath.1)"
92.103.160.226 - - [16/Nov/2011:13:27:47 +0100] "GET /quiz/pilot?service=showQuestionnaire&id=146&quizName=Identification&quizType=I&quizOnline=Y HTTP/1.1" 200 3544 "https://manager.itsquizz.com/quiz/pilot?service=getQuestionnaires" "Mozilla/4.0 (compatible; MSIE 8.0; Windows NT 6.1; Trident/4.0; SLCC2; .NET CLR 2.0.50727; .NET CLR 3.5.30729; .NET CLR 3.0.30729; Media Center PC 6.0; .NET4.0C; .NET CLR 1.1.4322; InfoPath.1)"
92.103.160.226 - - [16/Nov/2011:13:27:47 +0100] "GET /quiz/css/calendar/xc2_default.css HTTP/1.1" 200 6787 "https://manager.itsquizz.com/quiz/pilot?service=showQuestionnaire&id=146&quizName=Identification&quizType=I&quizOnline=Y" "Mozilla/4.0 (compatible; MSIE 8.0; Windows NT 6.1; Trident/4.0; SLCC2; .NET CLR 2.0.50727; .NET CLR 3.5.30729; .NET CLR 3.0.30729; Media Center PC 6.0; .NET4.0C; .NET CLR 1.1.4322; InfoPath.1)"
92.103.160.226 - - [16/Nov/2011:13:27:48 +0100] "GET /quiz/scripts/util_window.js HTTP/1.1" 200 1122 "https://manager.itsquizz.com/quiz/pilot?service=showQuestionnaire&id=146&quizName=Identification&quizType=I&quizOnline=Y" "Mozilla/4.0 (compatible; MSIE 8.0; Windows NT 6.1; Trident/4.0; SLCC2; .NET CLR 2.0.50727; .NET CLR 3.5.30729; .NET CLR 3.0.30729; Media Center PC 6.0; .NET4.0C; .NET CLR 1.1.4322; InfoPath.1)"
92.103.160.226 - - [16/Nov/2011:13:27:48 +0100] "GET /quiz/scripts/calendar/xc2_default_fr.js HTTP/1.1" 200 7889 "https://manager.itsquizz.com/quiz/pilot?service=showQuestionnaire&id=146&quizName=Identification&quizType=I&quizOnline=Y" "Mozilla/4.0 (compatible; MSIE 8.0; Windows NT 6.1; Trident/4.0; SLCC2; .NET CLR 2.0.50727; .NET CLR 3.5.30729; .NET CLR 3.0.30729; Media Center PC 6.0; .NET4.0C; .NET CLR 1.1.4322; InfoPath.1)"
92.103.160.226 - - [16/Nov/2011:13:27:48 +0100] "GET /quiz/scripts/quizDate.js HTTP/1.1" 200 3333 "https://manager.itsquizz.com/quiz/pilot?service=showQuestionnaire&id=146&quizName=Identification&quizType=I&quizOnline=Y" "Mozilla/4.0 (compatible; MSIE 8.0; Windows NT 6.1; Trident/4.0; SLCC2; .NET CLR 2.0.50727; .NET CLR 3.5.30729; .NET CLR 3.0.30729; Media Center PC 6.0; .NET4.0C; .NET CLR 1.1.4322; InfoPath.1)"
92.103.160.226 - - [16/Nov/2011:13:27:48 +0100] "GET /quiz/scripts/itsok_menu.js HTTP/1.1" 200 4050 "https://manager.itsquizz.com/quiz/pilot?service=showQuestionnaire&id=146&quizName=Identification&quizType=I&quizOnline=Y" "Mozilla/4.0 (compatible; MSIE 8.0; Windows NT 6.1; Trident/4.0; SLCC2; .NET CLR 2.0.50727; .NET CLR 3.5.30729; .NET CLR 3.0.30729; Media Center PC 6.0; .NET4.0C; .NET CLR 1.1.4322; InfoPath.1)"
92.103.160.226 - - [16/Nov/2011:13:27:48 +0100] "GET /quiz/scripts/calendar/xc2_inpage.js HTTP/1.1" 200 23111 "https://manager.itsquizz.com/quiz/pilot?service=showQuestionnaire&id=146&quizName=Identification&quizType=I&quizOnline=Y" "Mozilla/4.0 (compatible; MSIE 8.0; Windows NT 6.1; Trident/4.0; SLCC2; .NET CLR 2.0.50727; .NET CLR 3.5.30729; .NET CLR 3.0.30729; Media Center PC 6.0; .NET4.0C; .NET CLR 1.1.4322; InfoPath.1)"
92.103.160.226 - - [16/Nov/2011:13:27:48 +0100] "GET /quiz/scripts/util.js HTTP/1.1" 200 9080 "https://manager.itsquizz.com/quiz/pilot?service=showQuestionnaire&id=146&quizName=Identification&quizType=I&quizOnline=Y" "Mozilla/4.0 (compatible; MSIE 8.0; Windows NT 6.1; Trident/4.0; SLCC2; .NET CLR 2.0.50727; .NET CLR 3.5.30729; .NET CLR 3.0.30729; Media Center PC 6.0; .NET4.0C; .NET CLR 1.1.4322; InfoPath.1)"
92.103.160.226 - - [16/Nov/2011:13:27:48 +0100] "GET /quiz/scripts/labelConfig.js HTTP/1.1" 200 4039 "https://manager.itsquizz.com/quiz/pilot?service=showQuestionnaire&id=146&quizName=Identification&quizType=I&quizOnline=Y" "Mozilla/4.0 (compatible; MSIE 8.0; Windows NT 6.1; Trident/4.0; SLCC2; .NET CLR 2.0.50727; .NET CLR 3.5.30729; .NET CLR 3.0.30729; Media Center PC 6.0; .NET4.0C; .NET CLR 1.1.4322; InfoPath.1)"
92.103.160.226 - - [16/Nov/2011:13:27:48 +0100] "GET /quiz/scripts/dhtmlgoodies_slider.js HTTP/1.1" 200 5330 "https://manager.itsquizz.com/quiz/pilot?service=showQuestionnaire&id=146&quizName=Identification&quizType=I&quizOnline=Y" "Mozilla/4.0 (compatible; MSIE 8.0; Windows NT 6.1; Trident/4.0; SLCC2; .NET CLR 2.0.50727; .NET CLR 3.5.30729; .NET CLR 3.0.30729; Media Center PC 6.0; .NET4.0C; .NET CLR 1.1.4322; InfoPath.1)"
92.103.160.226 - - [16/Nov/2011:13:27:48 +0100] "GET /quiz/scripts/itsok_form.js HTTP/1.1" 200 26467 "https://manager.itsquizz.com/quiz/pilot?service=showQuestionnaire&id=146&quizName=Identification&quizType=I&quizOnline=Y" "Mozilla/4.0 (compatible; MSIE 8.0; Windows NT 6.1; Trident/4.0; SLCC2; .NET CLR 2.0.50727; .NET CLR 3.5.30729; .NET CLR 3.0.30729; Media Center PC 6.0; .NET4.0C; .NET CLR 1.1.4322; InfoPath.1)"
92.103.160.226 - - [16/Nov/2011:13:27:48 +0100] "GET /quiz/scripts/labelSubmit_fr.js HTTP/1.1" 200 585 "https://manager.itsquizz.com/quiz/pilot?service=showQuestionnaire&id=146&quizName=Identification&quizType=I&quizOnline=Y" "Mozilla/4.0 (compatible; MSIE 8.0; Windows NT 6.1; Trident/4.0; SLCC2; .NET CLR 2.0.50727; .NET CLR 3.5.30729; .NET CLR 3.0.30729; Media Center PC 6.0; .NET4.0C; .NET CLR 1.1.4322; InfoPath.1)"
92.103.160.226 - - [16/Nov/2011:13:27:48 +0100] "GET /quiz/scripts/itsok_date.js HTTP/1.1" 200 1192 "https://manager.itsquizz.com/quiz/pilot?service=showQuestionnaire&id=146&quizName=Identification&quizType=I&quizOnline=Y" "Mozilla/4.0 (compatible; MSIE 8.0; Windows NT 6.1; Trident/4.0; SLCC2; .NET CLR 2.0.50727; .NET CLR 3.5.30729; .NET CLR 3.0.30729; Media Center PC 6.0; .NET4.0C; .NET CLR 1.1.4322; InfoPath.1)"
92.103.160.226 - - [16/Nov/2011:13:27:48 +0100] "GET /quiz/scripts/calendar/mod_time.js HTTP/1.1" 200 3188 "https://manager.itsquizz.com/quiz/pilot?service=showQuestionnaire&id=146&quizName=Identification&quizType=I&quizOnline=Y" "Mozilla/4.0 (compatible; MSIE 8.0; Windows NT 6.1; Trident/4.0; SLCC2; .NET CLR 2.0.50727; .NET CLR 3.5.30729; .NET CLR 3.0.30729; Media Center PC 6.0; .NET4.0C; .NET CLR 1.1.4322; InfoPath.1)"
92.103.160.226 - - [16/Nov/2011:13:27:48 +0100] "GET /quiz/scripts/quiz.js HTTP/1.1" 200 20706 "https://manager.itsquizz.com/quiz/pilot?service=showQuestionnaire&id=146&quizName=Identification&quizType=I&quizOnline=Y" "Mozilla/4.0 (compatible; MSIE 8.0; Windows NT 6.1; Trident/4.0; SLCC2; .NET CLR 2.0.50727; .NET CLR 3.5.30729; .NET CLR 3.0.30729; Media Center PC 6.0; .NET4.0C; .NET CLR 1.1.4322; InfoPath.1)"
92.103.160.226 - - [16/Nov/2011:13:27:48 +0100] "GET /quiz/images/info.gif HTTP/1.1" 200 204 "https://manager.itsquizz.com/quiz/pilot?service=showQuestionnaire&id=146&quizName=Identification&quizType=I&quizOnline=Y" "Mozilla/4.0 (compatible; MSIE 8.0; Windows NT 6.1; Trident/4.0; SLCC2; .NET CLR 2.0.50727; .NET CLR 3.5.30729; .NET CLR 3.0.30729; Media Center PC 6.0; .NET4.0C; .NET CLR 1.1.4322; InfoPath.1)"
92.103.160.226 - - [16/Nov/2011:13:27:48 +0100] "GET /quiz/images/close.gif HTTP/1.1" 200 1012 "https://manager.itsquizz.com/quiz/pilot?service=showQuestionnaire&id=146&quizName=Identification&quizType=I&quizOnline=Y" "Mozilla/4.0 (compatible; MSIE 8.0; Windows NT 6.1; Trident/4.0; SLCC2; .NET CLR 2.0.50727; .NET CLR 3.5.30729; .NET CLR 3.0.30729; Media Center PC 6.0; .NET4.0C; .NET CLR 1.1.4322; InfoPath.1)"
92.103.160.226 - - [16/Nov/2011:13:27:48 +0100] "GET /quiz/images/envoyer.gif HTTP/1.1" 200 251 "https://manager.itsquizz.com/quiz/pilot?service=showQuestionnaire&id=146&quizName=Identification&quizType=I&quizOnline=Y" "Mozilla/4.0 (compatible; MSIE 8.0; Windows NT 6.1; Trident/4.0; SLCC2; .NET CLR 2.0.50727; .NET CLR 3.5.30729; .NET CLR 3.0.30729; Media Center PC 6.0; .NET4.0C; .NET CLR 1.1.4322; InfoPath.1)"
92.103.160.226 - - [16/Nov/2011:13:27:51 +0100] "GET /quiz/pilot?service=accessQuestionnaire&idQuiz=146&key=7650035784 HTTP/1.1" 200 800 "https://manager.itsquizz.com/quiz/pilot?service=showQuestionnaire&id=146&quizName=Identification&quizType=I&quizOnline=Y" "Mozilla/4.0 (compatible; MSIE 8.0; Windows NT 6.1; Trident/4.0; SLCC2; .NET CLR 2.0.50727; .NET CLR 3.5.30729; .NET CLR 3.0.30729; Media Center PC 6.0; .NET4.0C; .NET CLR 1.1.4322; InfoPath.1)"
92.103.160.226 - - [16/Nov/2011:13:27:51 +0100] "GET /quiz/css/company/cnrs/exec_56.css HTTP/1.1" 200 2357 "https://manager.itsquizz.com/quiz/pilot?service=accessQuestionnaire&idQuiz=146&key=7650035784" "Mozilla/4.0 (compatible; MSIE 8.0; Windows NT 6.1; Trident/4.0; SLCC2; .NET CLR 2.0.50727; .NET CLR 3.5.30729; .NET CLR 3.0.30729; Media Center PC 6.0; .NET4.0C; .NET CLR 1.1.4322; InfoPath.1)"
92.103.160.226 - - [16/Nov/2011:13:27:51 +0100] "GET /quiz/images/bt_ok_off.gif HTTP/1.1" 304 - "https://manager.itsquizz.com/quiz/pilot?service=accessQuestionnaire&idQuiz=146&key=7650035784" "Mozilla/4.0 (compatible; MSIE 8.0; Windows NT 6.1; Trident/4.0; SLCC2; .NET CLR 2.0.50727; .NET CLR 3.5.30729; .NET CLR 3.0.30729; Media Center PC 6.0; .NET4.0C; .NET CLR 1.1.4322; InfoPath.1)"
92.103.160.226 - - [16/Nov/2011:13:27:51 +0100] "GET /quiz/images/company/cnrs/headerLogoImg_56 HTTP/1.1" 200 67304 "https://manager.itsquizz.com/quiz/pilot?service=accessQuestionnaire&idQuiz=146&key=7650035784" "Mozilla/4.0 (compatible; MSIE 8.0; Windows NT 6.1; Trident/4.0; SLCC2; .NET CLR 2.0.50727; .NET CLR 3.5.30729; .NET CLR 3.0.30729; Media Center PC 6.0; .NET4.0C; .NET CLR 1.1.4322; InfoPath.1)"
92.103.160.226 - - [16/Nov/2011:13:28:05 +0100] "GET /quiz/pilot?service=getQuestionnaires HTTP/1.1" 200 1238 "https://manager.itsquizz.com/quiz/pilot?service=showQuestionnaire&id=146&quizName=Identification&quizType=I&quizOnline=Y" "Mozilla/4.0 (compatible; MSIE 8.0; Windows NT 6.1; Trident/4.0; SLCC2; .NET CLR 2.0.50727; .NET CLR 3.5.30729; .NET CLR 3.0.30729; Media Center PC 6.0; .NET4.0C; .NET CLR 1.1.4322; InfoPath.1)"
92.103.160.226 - - [16/Nov/2011:13:28:05 +0100] "GET /quiz/css/main.css HTTP/1.1" 304 - "https://manager.itsquizz.com/quiz/pilot?service=getQuestionnaires" "Mozilla/4.0 (compatible; MSIE 8.0; Windows NT 6.1; Trident/4.0; SLCC2; .NET CLR 2.0.50727; .NET CLR 3.5.30729; .NET CLR 3.0.30729; Media Center PC 6.0; .NET4.0C; .NET CLR 1.1.4322; InfoPath.1)"
92.103.160.226 - - [16/Nov/2011:13:28:05 +0100] "GET /quiz/css/content.css HTTP/1.1" 304 - "https://manager.itsquizz.com/quiz/pilot?service=getQuestionnaires" "Mozilla/4.0 (compatible; MSIE 8.0; Windows NT 6.1; Trident/4.0; SLCC2; .NET CLR 2.0.50727; .NET CLR 3.5.30729; .NET CLR 3.0.30729; Media Center PC 6.0; .NET4.0C; .NET CLR 1.1.4322; InfoPath.1)"
92.103.160.226 - - [16/Nov/2011:13:28:05 +0100] "GET /quiz/scripts/wz_tooltip.js HTTP/1.1" 304 - "https://manager.itsquizz.com/quiz/pilot?service=getQuestionnaires" "Mozilla/4.0 (compatible; MSIE 8.0; Windows NT 6.1; Trident/4.0; SLCC2; .NET CLR 2.0.50727; .NET CLR 3.5.30729; .NET CLR 3.0.30729; Media Center PC 6.0; .NET4.0C; .NET CLR 1.1.4322; InfoPath.1)"
92.103.160.226 - - [16/Nov/2011:13:28:06 +0100] "GET /quiz/pilot?service=showQuestionnaire&id=131&quizName=Pass+Accompagnement&quizType=I&quizOnline=Y HTTP/1.1" 200 3575 "https://manager.itsquizz.com/quiz/pilot?service=getQuestionnaires" "Mozilla/4.0 (compatible; MSIE 8.0; Windows NT 6.1; Trident/4.0; SLCC2; .NET CLR 2.0.50727; .NET CLR 3.5.30729; .NET CLR 3.0.30729; Media Center PC 6.0; .NET4.0C; .NET CLR 1.1.4322; InfoPath.1)"
92.103.160.226 - - [16/Nov/2011:13:28:07 +0100] "GET /quiz/css/calendar/xc2_default.css HTTP/1.1" 304 - "https://manager.itsquizz.com/quiz/pilot?service=showQuestionnaire&id=131&quizName=Pass+Accompagnement&quizType=I&quizOnline=Y" "Mozilla/4.0 (compatible; MSIE 8.0; Windows NT 6.1; Trident/4.0; SLCC2; .NET CLR 2.0.50727; .NET CLR 3.5.30729; .NET CLR 3.0.30729; Media Center PC 6.0; .NET4.0C; .NET CLR 1.1.4322; InfoPath.1)"
92.103.160.226 - - [16/Nov/2011:13:28:07 +0100] "GET /quiz/scripts/calendar/xc2_default_fr.js HTTP/1.1" 304 - "https://manager.itsquizz.com/quiz/pilot?service=showQuestionnaire&id=131&quizName=Pass+Accompagnement&quizType=I&quizOnline=Y" "Mozilla/4.0 (compatible; MSIE 8.0; Windows NT 6.1; Trident/4.0; SLCC2; .NET CLR 2.0.50727; .NET CLR 3.5.30729; .NET CLR 3.0.30729; Media Center PC 6.0; .NET4.0C; .NET CLR 1.1.4322; InfoPath.1)"
92.103.160.226 - - [16/Nov/2011:13:28:07 +0100] "GET /quiz/scripts/calendar/xc2_inpage.js HTTP/1.1" 304 - "https://manager.itsquizz.com/quiz/pilot?service=showQuestionnaire&id=131&quizName=Pass+Accompagnement&quizType=I&quizOnline=Y" "Mozilla/4.0 (compatible; MSIE 8.0; Windows NT 6.1; Trident/4.0; SLCC2; .NET CLR 2.0.50727; .NET CLR 3.5.30729; .NET CLR 3.0.30729; Media Center PC 6.0; .NET4.0C; .NET CLR 1.1.4322; InfoPath.1)"
92.103.160.226 - - [16/Nov/2011:13:28:07 +0100] "GET /quiz/scripts/util_window.js HTTP/1.1" 304 - "https://manager.itsquizz.com/quiz/pilot?service=showQuestionnaire&id=131&quizName=Pass+Accompagnement&quizType=I&quizOnline=Y" "Mozilla/4.0 (compatible; MSIE 8.0; Windows NT 6.1; Trident/4.0; SLCC2; .NET CLR 2.0.50727; .NET CLR 3.5.30729; .NET CLR 3.0.30729; Media Center PC 6.0; .NET4.0C; .NET CLR 1.1.4322; InfoPath.1)"
92.103.160.226 - - [16/Nov/2011:13:28:07 +0100] "GET /quiz/scripts/labelConfig.js HTTP/1.1" 304 - "https://manager.itsquizz.com/quiz/pilot?service=showQuestionnaire&id=131&quizName=Pass+Accompagnement&quizType=I&quizOnline=Y" "Mozilla/4.0 (compatible; MSIE 8.0; Windows NT 6.1; Trident/4.0; SLCC2; .NET CLR 2.0.50727; .NET CLR 3.5.30729; .NET CLR 3.0.30729; Media Center PC 6.0; .NET4.0C; .NET CLR 1.1.4322; InfoPath.1)"
92.103.160.226 - - [16/Nov/2011:13:28:07 +0100] "GET /quiz/scripts/util.js HTTP/1.1" 304 - "https://manager.itsquizz.com/quiz/pilot?service=showQuestionnaire&id=131&quizName=Pass+Accompagnement&quizType=I&quizOnline=Y" "Mozilla/4.0 (compatible; MSIE 8.0; Windows NT 6.1; Trident/4.0; SLCC2; .NET CLR 2.0.50727; .NET CLR 3.5.30729; .NET CLR 3.0.30729; Media Center PC 6.0; .NET4.0C; .NET CLR 1.1.4322; InfoPath.1)"
92.103.160.226 - - [16/Nov/2011:13:28:07 +0100] "GET /quiz/scripts/labelSubmit_fr.js HTTP/1.1" 304 - "https://manager.itsquizz.com/quiz/pilot?service=showQuestionnaire&id=131&quizName=Pass+Accompagnement&quizType=I&quizOnline=Y" "Mozilla/4.0 (compatible; MSIE 8.0; Windows NT 6.1; Trident/4.0; SLCC2; .NET CLR 2.0.50727; .NET CLR 3.5.30729; .NET CLR 3.0.30729; Media Center PC 6.0; .NET4.0C; .NET CLR 1.1.4322; InfoPath.1)"
92.103.160.226 - - [16/Nov/2011:13:28:07 +0100] "GET /quiz/scripts/itsok_form.js HTTP/1.1" 304 - "https://manager.itsquizz.com/quiz/pilot?service=showQuestionnaire&id=131&quizName=Pass+Accompagnement&quizType=I&quizOnline=Y" "Mozilla/4.0 (compatible; MSIE 8.0; Windows NT 6.1; Trident/4.0; SLCC2; .NET CLR 2.0.50727; .NET CLR 3.5.30729; .NET CLR 3.0.30729; Media Center PC 6.0; .NET4.0C; .NET CLR 1.1.4322; InfoPath.1)"
92.103.160.226 - - [16/Nov/2011:13:28:07 +0100] "GET /quiz/scripts/itsok_date.js HTTP/1.1" 304 - "https://manager.itsquizz.com/quiz/pilot?service=showQuestionnaire&id=131&quizName=Pass+Accompagnement&quizType=I&quizOnline=Y" "Mozilla/4.0 (compatible; MSIE 8.0; Windows NT 6.1; Trident/4.0; SLCC2; .NET CLR 2.0.50727; .NET CLR 3.5.30729; .NET CLR 3.0.30729; Media Center PC 6.0; .NET4.0C; .NET CLR 1.1.4322; InfoPath.1)"
92.103.160.226 - - [16/Nov/2011:13:28:07 +0100] "GET /quiz/scripts/dhtmlgoodies_slider.js HTTP/1.1" 304 - "https://manager.itsquizz.com/quiz/pilot?service=showQuestionnaire&id=131&quizName=Pass+Accompagnement&quizType=I&quizOnline=Y" "Mozilla/4.0 (compatible; MSIE 8.0; Windows NT 6.1; Trident/4.0; SLCC2; .NET CLR 2.0.50727; .NET CLR 3.5.30729; .NET CLR 3.0.30729; Media Center PC 6.0; .NET4.0C; .NET CLR 1.1.4322; InfoPath.1)"
92.103.160.226 - - [16/Nov/2011:13:28:07 +0100] "GET /quiz/scripts/calendar/mod_time.js HTTP/1.1" 304 - "https://manager.itsquizz.com/quiz/pilot?service=showQuestionnaire&id=131&quizName=Pass+Accompagnement&quizType=I&quizOnline=Y" "Mozilla/4.0 (compatible; MSIE 8.0; Windows NT 6.1; Trident/4.0; SLCC2; .NET CLR 2.0.50727; .NET CLR 3.5.30729; .NET CLR 3.0.30729; Media Center PC 6.0; .NET4.0C; .NET CLR 1.1.4322; InfoPath.1)"
92.103.160.226 - - [16/Nov/2011:13:28:07 +0100] "GET /quiz/scripts/quiz.js HTTP/1.1" 304 - "https://manager.itsquizz.com/quiz/pilot?service=showQuestionnaire&id=131&quizName=Pass+Accompagnement&quizType=I&quizOnline=Y" "Mozilla/4.0 (compatible; MSIE 8.0; Windows NT 6.1; Trident/4.0; SLCC2; .NET CLR 2.0.50727; .NET CLR 3.5.30729; .NET CLR 3.0.30729; Media Center PC 6.0; .NET4.0C; .NET CLR 1.1.4322; InfoPath.1)"
92.103.160.226 - - [16/Nov/2011:13:28:07 +0100] "GET /quiz/scripts/itsok_menu.js HTTP/1.1" 304 - "https://manager.itsquizz.com/quiz/pilot?service=showQuestionnaire&id=131&quizName=Pass+Accompagnement&quizType=I&quizOnline=Y" "Mozilla/4.0 (compatible; MSIE 8.0; Windows NT 6.1; Trident/4.0; SLCC2; .NET CLR 2.0.50727; .NET CLR 3.5.30729; .NET CLR 3.0.30729; Media Center PC 6.0; .NET4.0C; .NET CLR 1.1.4322; InfoPath.1)"
