92.103.160.226 - - [18/Nov/2011:15:56:40 +0100] "GET /quiz/scripts/itsok_menu.js HTTP/1.1" 304 - "https://manager.itsquizz.com/quiz/pilot?service=fillQuestionnaire&directory=generated&language=fr" "Mozilla/4.0 (compatible; MSIE 8.0; Windows NT 6.1; Trident/4.0; SLCC2; .NET CLR 2.0.50727; .NET CLR 3.5.30729; .NET CLR 3.0.30729; Media Center PC 6.0; .NET4.0C; .NET CLR 1.1.4322; InfoPath.1)"
92.103.160.226 - - [18/Nov/2011:15:56:40 +0100] "GET /quiz/scripts/util.js HTTP/1.1" 304 - "https://manager.itsquizz.com/quiz/pilot?service=fillQuestionnaire&directory=generated&language=fr" "Mozilla/4.0 (compatible; MSIE 8.0; Windows NT 6.1; Trident/4.0; SLCC2; .NET CLR 2.0.50727; .NET CLR 3.5.30729; .NET CLR 3.0.30729; Media Center PC 6.0; .NET4.0C; .NET CLR 1.1.4322; InfoPath.1)"
92.103.160.226 - - [18/Nov/2011:15:56:40 +0100] "GET /quiz/scripts/conditions.js HTTP/1.1" 304 - "https://manager.itsquizz.com/quiz/pilot?service=fillQuestionnaire&directory=generated&language=fr" "Mozilla/4.0 (compatible; MSIE 8.0; Windows NT 6.1; Trident/4.0; SLCC2; .NET CLR 2.0.50727; .NET CLR 3.5.30729; .NET CLR 3.0.30729; Media Center PC 6.0; .NET4.0C; .NET CLR 1.1.4322; InfoPath.1)"
92.103.160.226 - - [18/Nov/2011:15:56:40 +0100] "GET /quiz/scripts/labelSubmit_fr.js HTTP/1.1" 304 - "https://manager.itsquizz.com/quiz/pilot?service=fillQuestionnaire&directory=generated&language=fr" "Mozilla/4.0 (compatible; MSIE 8.0; Windows NT 6.1; Trident/4.0; SLCC2; .NET CLR 2.0.50727; .NET CLR 3.5.30729; .NET CLR 3.0.30729; Media Center PC 6.0; .NET4.0C; .NET CLR 1.1.4322; InfoPath.1)"
92.103.160.226 - - [18/Nov/2011:15:56:40 +0100] "GET /quiz/scripts/itsok_form.js HTTP/1.1" 304 - "https://manager.itsquizz.com/quiz/pilot?service=fillQuestionnaire&directory=generated&language=fr" "Mozilla/4.0 (compatible; MSIE 8.0; Windows NT 6.1; Trident/4.0; SLCC2; .NET CLR 2.0.50727; .NET CLR 3.5.30729; .NET CLR 3.0.30729; Media Center PC 6.0; .NET4.0C; .NET CLR 1.1.4322; InfoPath.1)"
92.103.160.226 - - [18/Nov/2011:15:56:40 +0100] "GET /quiz/scripts/itsok_date.js HTTP/1.1" 304 - "https://manager.itsquizz.com/quiz/pilot?service=fillQuestionnaire&directory=generated&language=fr" "Mozilla/4.0 (compatible; MSIE 8.0; Windows NT 6.1; Trident/4.0; SLCC2; .NET CLR 2.0.50727; .NET CLR 3.5.30729; .NET CLR 3.0.30729; Media Center PC 6.0; .NET4.0C; .NET CLR 1.1.4322; InfoPath.1)"
92.103.160.226 - - [18/Nov/2011:15:56:40 +0100] "GET /quiz/scripts/calendar/xc2_inpage.js HTTP/1.1" 304 - "https://manager.itsquizz.com/quiz/pilot?service=fillQuestionnaire&directory=generated&language=fr" "Mozilla/4.0 (compatible; MSIE 8.0; Windows NT 6.1; Trident/4.0; SLCC2; .NET CLR 2.0.50727; .NET CLR 3.5.30729; .NET CLR 3.0.30729; Media Center PC 6.0; .NET4.0C; .NET CLR 1.1.4322; InfoPath.1)"
92.103.160.226 - - [18/Nov/2011:15:56:40 +0100] "GET /quiz/scripts/calendar/mod_time.js HTTP/1.1" 304 - "https://manager.itsquizz.com/quiz/pilot?service=fillQuestionnaire&directory=generated&language=fr" "Mozilla/4.0 (compatible; MSIE 8.0; Windows NT 6.1; Trident/4.0; SLCC2; .NET CLR 2.0.50727; .NET CLR 3.5.30729; .NET CLR 3.0.30729; Media Center PC 6.0; .NET4.0C; .NET CLR 1.1.4322; InfoPath.1)"
92.103.160.226 - - [18/Nov/2011:15:56:40 +0100] "GET /quiz/images/company/cnrs/headerLogoImg_56 HTTP/1.1" 304 - "https://manager.itsquizz.com/quiz/pilot?service=fillQuestionnaire&directory=generated&language=fr" "Mozilla/4.0 (compatible; MSIE 8.0; Windows NT 6.1; Trident/4.0; SLCC2; .NET CLR 2.0.50727; .NET CLR 3.5.30729; .NET CLR 3.0.30729; Media Center PC 6.0; .NET4.0C; .NET CLR 1.1.4322; InfoPath.1)"
92.103.160.226 - - [18/Nov/2011:15:56:40 +0100] "GET /quiz/images/info.gif HTTP/1.1" 304 - "https://manager.itsquizz.com/quiz/pilot?service=fillQuestionnaire&directory=generated&language=fr" "Mozilla/4.0 (compatible; MSIE 8.0; Windows NT 6.1; Trident/4.0; SLCC2; .NET CLR 2.0.50727; .NET CLR 3.5.30729; .NET CLR 3.0.30729; Media Center PC 6.0; .NET4.0C; .NET CLR 1.1.4322; InfoPath.1)"
92.103.160.226 - - [18/Nov/2011:15:56:40 +0100] "GET /quiz/scripts/wz_tooltip.js HTTP/1.1" 304 - "https://manager.itsquizz.com/quiz/pilot?service=fillQuestionnaire&directory=generated&language=fr" "Mozilla/4.0 (compatible; MSIE 8.0; Windows NT 6.1; Trident/4.0; SLCC2; .NET CLR 2.0.50727; .NET CLR 3.5.30729; .NET CLR 3.0.30729; Media Center PC 6.0; .NET4.0C; .NET CLR 1.1.4322; InfoPath.1)"
109.237.252.113 - - [18/Nov/2011:15:57:09 +0100] "POST /quiz/pilot?service=fillQuestionnaire&directory=generated&language=fr HTTP/1.1" 200 8813 "https://manager.itsquizz.com/quiz/pilot?service=fillQuestionnaire&directory=generated&language=fr" "Mozilla/4.0 (compatible; MSIE 8.0; Windows NT 6.1; Trident/4.0; SLCC2; .NET CLR 2.0.50727; .NET CLR 3.5.30729; .NET CLR 3.0.30729; Media Center PC 6.0; .NET4.0C; .NET CLR 1.1.4322; InfoPath.1)"
129.175.176.110 - - [18/Nov/2011:15:57:35 +0100] "GET / HTTP/1.1" 200 3725 "http://www.google.fr/url?sa=t&rct=j&q=its%20sauquet&source=web&cd=1&ved=0CB0QFjAA&url=http%3A%2F%2Fwww.itssauquet.com%2F&ei=cWvGTtfbKImw8QOC0L1O&usg=AFQjCNFi-ohR2h8f3sYswEGfEkNh98L4cA" "Mozilla/4.0 (compatible; MSIE 8.0; Windows NT 6.1; Trident/4.0; GTB7.2; SLCC2; .NET CLR 2.0.50727; .NET CLR 3.5.30729; .NET CLR 3.0.30729; Media Center PC 6.0; MDDR; .NET4.0C)"
129.175.176.110 - - [18/Nov/2011:15:57:35 +0100] "GET /css/mm_lodging1.css HTTP/1.1" 200 5074 "http://www.itssauquet.com/" "Mozilla/4.0 (compatible; MSIE 8.0; Windows NT 6.1; Trident/4.0; GTB7.2; SLCC2; .NET CLR 2.0.50727; .NET CLR 3.5.30729; .NET CLR 3.0.30729; Media Center PC 6.0; MDDR; .NET4.0C)"
92.103.160.226 - - [18/Nov/2011:15:59:13 +0100] "POST /quiz/pilot?service=fillQuestionnaire&directory=generated&language=fr HTTP/1.1" 200 7058 "https://manager.itsquizz.com/quiz/pilot?service=fillQuestionnaire&directory=generated&language=fr" "Mozilla/4.0 (compatible; MSIE 8.0; Windows NT 6.1; Trident/4.0; SLCC2; .NET CLR 2.0.50727; .NET CLR 3.5.30729; .NET CLR 3.0.30729; Media Center PC 6.0; .NET4.0C; .NET CLR 1.1.4322; InfoPath.1)"
92.103.160.226 - - [18/Nov/2011:16:01:50 +0100] "POST /quiz/pilot?service=fillQuestionnaire&directory=generated&language=fr HTTP/1.1" 200 2933 "https://manager.itsquizz.com/quiz/pilot?service=fillQuestionnaire&directory=generated&language=fr" "Mozilla/4.0 (compatible; MSIE 8.0; Windows NT 6.1; Trident/4.0; SLCC2; .NET CLR 2.0.50727; .NET CLR 3.5.30729; .NET CLR 3.0.30729; Media Center PC 6.0; .NET4.0C; .NET CLR 1.1.4322; InfoPath.1)"
207.46.199.180 - - [18/Nov/2011:16:03:14 +0100] "GET /robots.txt HTTP/1.1" 404 386 "-" "Mozilla/5.0 (compatible; bingbot/2.0; +http://www.bing.com/bingbot.htm)"
92.103.160.226 - - [18/Nov/2011:16:03:21 +0100] "POST /quiz/pilot?service=fillQuestionnaire&directory=generated&language=fr HTTP/1.1" 200 8811 "https://manager.itsquizz.com/quiz/pilot?service=fillQuestionnaire&directory=generated&language=fr" "Mozilla/4.0 (compatible; MSIE 8.0; Windows NT 6.1; Trident/4.0; SLCC2; .NET CLR 2.0.50727; .NET CLR 3.5.30729; .NET CLR 3.0.30729; Media Center PC 6.0; .NET4.0C; .NET CLR 1.1.4322; InfoPath.1)"
157.55.109.179 - - [18/Nov/2011:16:07:17 +0100] "GET /robots.txt HTTP/1.1" 404 390 "-" "Mozilla/5.0 (compatible; bingbot/2.0; +http://www.bing.com/bingbot.htm)"
109.237.252.113 - - [18/Nov/2011:16:08:53 +0100] "POST /quiz/pilot?service=fillQuestionnaire&directory=generated&language=fr HTTP/1.1" 200 5736 "https://manager.itsquizz.com/quiz/pilot?service=fillQuestionnaire&directory=generated&language=fr" "Mozilla/4.0 (compatible; MSIE 8.0; Windows NT 6.1; Trident/4.0; SLCC2; .NET CLR 2.0.50727; .NET CLR 3.5.30729; .NET CLR 3.0.30729; Media Center PC 6.0; .NET4.0C; .NET CLR 1.1.4322; InfoPath.1)"
95.108.245.253 - - [18/Nov/2011:16:10:05 +0100] "GET /enquete/quizz?service=quizz&d=demonstration HTTP/1.1" 200 2499 "-" "Mozilla/5.0 (compatible; YandexBot/3.0; +http://yandex.com/bots)"
92.103.160.226 - - [18/Nov/2011:16:11:02 +0100] "POST /quiz/pilot?service=fillQuestionnaire&directory=generated&language=fr HTTP/1.1" 200 5736 "https://manager.itsquizz.com/quiz/pilot?service=fillQuestionnaire&directory=generated&language=fr" "Mozilla/4.0 (compatible; MSIE 8.0; Windows NT 6.1; Trident/4.0; SLCC2; .NET CLR 2.0.50727; .NET CLR 3.5.30729; .NET CLR 3.0.30729; Media Center PC 6.0; .NET4.0C; .NET CLR 1.1.4322; InfoPath.1)"
92.103.160.226 - - [18/Nov/2011:16:12:53 +0100] "POST /quiz/pilot?service=fillQuestionnaire&directory=generated&language=fr HTTP/1.1" 200 5395 "https://manager.itsquizz.com/quiz/pilot?service=fillQuestionnaire&directory=generated&language=fr" "Mozilla/4.0 (compatible; MSIE 8.0; Windows NT 6.1; Trident/4.0; SLCC2; .NET CLR 2.0.50727; .NET CLR 3.5.30729; .NET CLR 3.0.30729; Media Center PC 6.0; .NET4.0C; .NET CLR 1.1.4322; InfoPath.1)"
109.237.252.113 - - [18/Nov/2011:16:14:13 +0100] "POST /quiz/pilot?service=fillQuestionnaire&directory=generated&language=fr HTTP/1.1" 200 5395 "https://manager.itsquizz.com/quiz/pilot?service=fillQuestionnaire&directory=generated&language=fr" "Mozilla/4.0 (compatible; MSIE 8.0; Windows NT 6.1; Trident/4.0; SLCC2; .NET CLR 2.0.50727; .NET CLR 3.5.30729; .NET CLR 3.0.30729; Media Center PC 6.0; .NET4.0C; .NET CLR 1.1.4322; InfoPath.1)"
157.55.109.179 - - [18/Nov/2011:16:14:13 +0100] "GET /robots.txt HTTP/1.1" 404 386 "-" "Mozilla/5.0 (compatible; bingbot/2.0; +http://www.bing.com/bingbot.htm)"
92.103.160.226 - - [18/Nov/2011:16:14:13 +0100] "POST /quiz/pilot?service=fillQuestionnaire&directory=generated&language=fr HTTP/1.1" 200 2321 "https://manager.itsquizz.com/quiz/pilot" "Mozilla/4.0 (compatible; MSIE 8.0; Windows NT 6.1; Trident/4.0; SLCC2; .NET CLR 2.0.50727; .NET CLR 3.5.30729; .NET CLR 3.0.30729; Media Center PC 6.0; .NET4.0C; .NET CLR 1.1.4322; InfoPath.1)"
92.103.160.226 - - [18/Nov/2011:16:14:41 +0100] "POST /quiz/pilot?service=fillQuestionnaire&directory=generated&language=fr HTTP/1.1" 200 3606 "https://manager.itsquizz.com/quiz/pilot?service=fillQuestionnaire&directory=generated&language=fr" "Mozilla/4.0 (compatible; MSIE 8.0; Windows NT 6.1; Trident/4.0; SLCC2; .NET CLR 2.0.50727; .NET CLR 3.5.30729; .NET CLR 3.0.30729; Media Center PC 6.0; .NET4.0C; .NET CLR 1.1.4322; InfoPath.1)"
66.249.72.121 - - [18/Nov/2011:16:14:51 +0100] "GET /quiz/pilot?ser...;key=8396418624 HTTP/1.1" 500 653 "-" "Mozilla/5.0 (compatible; Googlebot/2.1; +http://www.google.com/bot.html)"
92.103.160.226 - - [18/Nov/2011:16:15:20 +0100] "POST /quiz/pilot?service=fillQuestionnaire&directory=generated&language=fr HTTP/1.1" 200 8811 "https://manager.itsquizz.com/quiz/pilot?service=fillQuestionnaire&directory=generated&language=fr" "Mozilla/4.0 (compatible; MSIE 8.0; Windows NT 6.1; Trident/4.0; SLCC2; .NET CLR 2.0.50727; .NET CLR 3.5.30729; .NET CLR 3.0.30729; Media Center PC 6.0; .NET4.0C; .NET CLR 1.1.4322; InfoPath.1)"
109.237.252.113 - - [18/Nov/2011:16:16:18 +0100] "POST /quiz/pilot?service=fillQuestionnaire&directory=generated&language=fr HTTP/1.1" 200 8811 "https://manager.itsquizz.com/quiz/pilot?service=fillQuestionnaire&directory=generated&language=fr" "Mozilla/4.0 (compatible; MSIE 8.0; Windows NT 6.1; Trident/4.0; SLCC2; .NET CLR 2.0.50727; .NET CLR 3.5.30729; .NET CLR 3.0.30729; Media Center PC 6.0; .NET4.0C; .NET CLR 1.1.4322; InfoPath.1)"
207.46.199.180 - - [18/Nov/2011:16:17:11 +0100] "GET /robots.txt HTTP/1.1" 404 386 "-" "Mozilla/5.0 (compatible; bingbot/2.0; +http://www.bing.com/bingbot.htm)"
92.103.160.226 - - [18/Nov/2011:16:17:46 +0100] "POST /quiz/pilot?service=fillQuestionnaire&directory=generated&language=fr HTTP/1.1" 200 6813 "https://manager.itsquizz.com/quiz/pilot?service=fillQuestionnaire&directory=generated&language=fr" "Mozilla/4.0 (compatible; MSIE 8.0; Windows NT 6.1; Trident/4.0; SLCC2; .NET CLR 2.0.50727; .NET CLR 3.5.30729; .NET CLR 3.0.30729; Media Center PC 6.0; .NET4.0C; .NET CLR 1.1.4322; InfoPath.1)"
92.103.160.226 - - [18/Nov/2011:16:18:36 +0100] "POST /quiz/pilot?service=fillQuestionnaire&directory=generated&language=fr HTTP/1.1" 200 755 "https://manager.itsquizz.com/quiz/pilot?service=fillQuestionnaire&directory=generated&language=fr" "Mozilla/4.0 (compatible; MSIE 8.0; Windows NT 6.1; Trident/4.0; SLCC2; .NET CLR 2.0.50727; .NET CLR 3.5.30729; .NET CLR 3.0.30729; Media Center PC 6.0; .NET4.0C; .NET CLR 1.1.4322; InfoPath.1)"
92.103.160.226 - - [18/Nov/2011:16:18:36 +0100] "GET /quiz/scripts/timer.js HTTP/1.1" 304 - "https://manager.itsquizz.com/quiz/pilot?service=fillQuestionnaire&directory=generated&language=fr" "Mozilla/4.0 (compatible; MSIE 8.0; Windows NT 6.1; Trident/4.0; SLCC2; .NET CLR 2.0.50727; .NET CLR 3.5.30729; .NET CLR 3.0.30729; Media Center PC 6.0; .NET4.0C; .NET CLR 1.1.4322; InfoPath.1)"
92.103.160.226 - - [18/Nov/2011:16:18:56 +0100] "POST /quiz/pilot HTTP/1.1" 200 7593 "https://manager.itsquizz.com/quiz/pilot?service=accessQuestionnaire&idQuiz=131&key=3909374127" "Mozilla/4.0 (compatible; MSIE 8.0; Windows NT 6.1; Trident/4.0; SLCC2; .NET CLR 2.0.50727; .NET CLR 3.5.30729; .NET CLR 3.0.30729; Media Center PC 6.0; .NET4.0C; .NET CLR 1.1.4322; InfoPath.1)"
92.103.160.226 - - [18/Nov/2011:16:18:56 +0100] "GET /quiz/images/info.gif HTTP/1.1" 304 - "https://manager.itsquizz.com/quiz/pilot" "Mozilla/4.0 (compatible; MSIE 8.0; Windows NT 6.1; Trident/4.0; SLCC2; .NET CLR 2.0.50727; .NET CLR 3.5.30729; .NET CLR 3.0.30729; Media Center PC 6.0; .NET4.0C; .NET CLR 1.1.4322; InfoPath.1)"
109.237.252.113 - - [18/Nov/2011:16:22:06 +0100] "GET / HTTP/1.1" 302 312 "-" "Mozilla/4.0 (compatible; MSIE 8.0; Windows NT 6.1; Trident/4.0; SLCC2; .NET CLR 2.0.50727; .NET CLR 3.5.30729; .NET CLR 3.0.30729; Media Center PC 6.0; .NET4.0C; .NET CLR 1.1.4322; InfoPath.1)"
109.237.252.113 - - [18/Nov/2011:16:22:06 +0100] "GET /quiz/ HTTP/1.1" 200 755 "-" "Mozilla/4.0 (compatible; MSIE 8.0; Windows NT 6.1; Trident/4.0; SLCC2; .NET CLR 2.0.50727; .NET CLR 3.5.30729; .NET CLR 3.0.30729; Media Center PC 6.0; .NET4.0C; .NET CLR 1.1.4322; InfoPath.1)"
109.237.252.113 - - [18/Nov/2011:16:22:06 +0100] "GET /quiz/css/main.css HTTP/1.1" 304 - "https://manager.itsquizz.com/quiz/" "Mozilla/4.0 (compatible; MSIE 8.0; Windows NT 6.1; Trident/4.0; SLCC2; .NET CLR 2.0.50727; .NET CLR 3.5.30729; .NET CLR 3.0.30729; Media Center PC 6.0; .NET4.0C; .NET CLR 1.1.4322; InfoPath.1)"
109.237.252.113 - - [18/Nov/2011:16:22:06 +0100] "GET /quiz/css/login.css HTTP/1.1" 304 - "https://manager.itsquizz.com/quiz/" "Mozilla/4.0 (compatible; MSIE 8.0; Windows NT 6.1; Trident/4.0; SLCC2; .NET CLR 2.0.50727; .NET CLR 3.5.30729; .NET CLR 3.0.30729; Media Center PC 6.0; .NET4.0C; .NET CLR 1.1.4322; InfoPath.1)"
109.237.252.113 - - [18/Nov/2011:16:22:06 +0100] "GET /quiz/css/content.css HTTP/1.1" 304 - "https://manager.itsquizz.com/quiz/" "Mozilla/4.0 (compatible; MSIE 8.0; Windows NT 6.1; Trident/4.0; SLCC2; .NET CLR 2.0.50727; .NET CLR 3.5.30729; .NET CLR 3.0.30729; Media Center PC 6.0; .NET4.0C; .NET CLR 1.1.4322; InfoPath.1)"
109.237.252.113 - - [18/Nov/2011:16:22:06 +0100] "GET /quiz/images/bt_ok_off.gif HTTP/1.1" 304 - "https://manager.itsquizz.com/quiz/" "Mozilla/4.0 (compatible; MSIE 8.0; Windows NT 6.1; Trident/4.0; SLCC2; .NET CLR 2.0.50727; .NET CLR 3.5.30729; .NET CLR 3.0.30729; Media Center PC 6.0; .NET4.0C; .NET CLR 1.1.4322; InfoPath.1)"
109.237.252.113 - - [18/Nov/2011:16:22:06 +0100] "GET /quiz/images/login-bg.jpg HTTP/1.1" 304 - "https://manager.itsquizz.com/quiz/" "Mozilla/4.0 (compatible; MSIE 8.0; Windows NT 6.1; Trident/4.0; SLCC2; .NET CLR 2.0.50727; .NET CLR 3.5.30729; .NET CLR 3.0.30729; Media Center PC 6.0; .NET4.0C; .NET CLR 1.1.4322; InfoPath.1)"
92.103.160.226 - - [18/Nov/2011:16:22:11 +0100] "POST /quiz/pilot?service=fillQuestionnaire&directory=generated&language=fr HTTP/1.1" 200 3051 "https://manager.itsquizz.com/quiz/pilot?service=fillQuestionnaire&directory=generated&language=fr" "Mozilla/4.0 (compatible; MSIE 8.0; Windows NT 6.1; Trident/4.0; SLCC2; .NET CLR 2.0.50727; .NET CLR 3.5.30729; .NET CLR 3.0.30729; Media Center PC 6.0; .NET4.0C; .NET CLR 1.1.4322; InfoPath.1)"
109.237.252.113 - - [18/Nov/2011:16:22:16 +0100] "POST /quiz/pilot?service=fillQuestionnaire&directory=generated&language=fr HTTP/1.1" 200 6813 "https://manager.itsquizz.com/quiz/pilot?service=fillQuestionnaire&directory=generated&language=fr" "Mozilla/4.0 (compatible; MSIE 8.0; Windows NT 6.1; Trident/4.0; SLCC2; .NET CLR 2.0.50727; .NET CLR 3.5.30729; .NET CLR 3.0.30729; Media Center PC 6.0; .NET4.0C; .NET CLR 1.1.4322; InfoPath.1)"
109.237.252.113 - - [18/Nov/2011:16:22:17 +0100] "GET /quiz/css/company/cnrs/exec_56.css HTTP/1.1" 304 - "https://manager.itsquizz.com/quiz/pilot?service=fillQuestionnaire&directory=generated&language=fr" "Mozilla/4.0 (compatible; MSIE 8.0; Windows NT 6.1; Trident/4.0; SLCC2; .NET CLR 2.0.50727; .NET CLR 3.5.30729; .NET CLR 3.0.30729; Media Center PC 6.0; .NET4.0C; .NET CLR 1.1.4322; InfoPath.1)"
109.237.252.113 - - [18/Nov/2011:16:22:17 +0100] "GET /quiz/scripts/util.js HTTP/1.1" 304 - "https://manager.itsquizz.com/quiz/pilot?service=fillQuestionnaire&directory=generated&language=fr" "Mozilla/4.0 (compatible; MSIE 8.0; Windows NT 6.1; Trident/4.0; SLCC2; .NET CLR 2.0.50727; .NET CLR 3.5.30729; .NET CLR 3.0.30729; Media Center PC 6.0; .NET4.0C; .NET CLR 1.1.4322; InfoPath.1)"
109.237.252.113 - - [18/Nov/2011:16:22:17 +0100] "GET /quiz/scripts/itsok_menu.js HTTP/1.1" 304 - "https://manager.itsquizz.com/quiz/pilot?service=fillQuestionnaire&directory=generated&language=fr" "Mozilla/4.0 (compatible; MSIE 8.0; Windows NT 6.1; Trident/4.0; SLCC2; .NET CLR 2.0.50727; .NET CLR 3.5.30729; .NET CLR 3.0.30729; Media Center PC 6.0; .NET4.0C; .NET CLR 1.1.4322; InfoPath.1)"
109.237.252.113 - - [18/Nov/2011:16:22:17 +0100] "GET /quiz/scripts/labelSubmit_fr.js HTTP/1.1" 304 - "https://manager.itsquizz.com/quiz/pilot?service=fillQuestionnaire&directory=generated&language=fr" "Mozilla/4.0 (compatible; MSIE 8.0; Windows NT 6.1; Trident/4.0; SLCC2; .NET CLR 2.0.50727; .NET CLR 3.5.30729; .NET CLR 3.0.30729; Media Center PC 6.0; .NET4.0C; .NET CLR 1.1.4322; InfoPath.1)"
109.237.252.113 - - [18/Nov/2011:16:22:17 +0100] "GET /quiz/scripts/calendar/xc2_inpage.js HTTP/1.1" 304 - "https://manager.itsquizz.com/quiz/pilot?service=fillQuestionnaire&directory=generated&language=fr" "Mozilla/4.0 (compatible; MSIE 8.0; Windows NT 6.1; Trident/4.0; SLCC2; .NET CLR 2.0.50727; .NET CLR 3.5.30729; .NET CLR 3.0.30729; Media Center PC 6.0; .NET4.0C; .NET CLR 1.1.4322; InfoPath.1)"
109.237.252.113 - - [18/Nov/2011:16:22:17 +0100] "GET /quiz/scripts/util_window.js HTTP/1.1" 304 - "https://manager.itsquizz.com/quiz/pilot?service=fillQuestionnaire&directory=generated&language=fr" "Mozilla/4.0 (compatible; MSIE 8.0; Windows NT 6.1; Trident/4.0; SLCC2; .NET CLR 2.0.50727; .NET CLR 3.5.30729; .NET CLR 3.0.30729; Media Center PC 6.0; .NET4.0C; .NET CLR 1.1.4322; InfoPath.1)"
109.237.252.113 - - [18/Nov/2011:16:22:17 +0100] "GET /quiz/scripts/itsok_form.js HTTP/1.1" 304 - "https://manager.itsquizz.com/quiz/pilot?service=fillQuestionnaire&directory=generated&language=fr" "Mozilla/4.0 (compatible; MSIE 8.0; Windows NT 6.1; Trident/4.0; SLCC2; .NET CLR 2.0.50727; .NET CLR 3.5.30729; .NET CLR 3.0.30729; Media Center PC 6.0; .NET4.0C; .NET CLR 1.1.4322; InfoPath.1)"
109.237.252.113 - - [18/Nov/2011:16:22:17 +0100] "GET /quiz/scripts/dhtmlgoodies_slider.js HTTP/1.1" 304 - "https://manager.itsquizz.com/quiz/pilot?service=fillQuestionnaire&directory=generated&language=fr" "Mozilla/4.0 (compatible; MSIE 8.0; Windows NT 6.1; Trident/4.0; SLCC2; .NET CLR 2.0.50727; .NET CLR 3.5.30729; .NET CLR 3.0.30729; Media Center PC 6.0; .NET4.0C; .NET CLR 1.1.4322; InfoPath.1)"
109.237.252.113 - - [18/Nov/2011:16:22:17 +0100] "GET /quiz/scripts/itsok_date.js HTTP/1.1" 304 - "https://manager.itsquizz.com/quiz/pilot?service=fillQuestionnaire&directory=generated&language=fr" "Mozilla/4.0 (compatible; MSIE 8.0; Windows NT 6.1; Trident/4.0; SLCC2; .NET CLR 2.0.50727; .NET CLR 3.5.30729; .NET CLR 3.0.30729; Media Center PC 6.0; .NET4.0C; .NET CLR 1.1.4322; InfoPath.1)"
109.237.252.113 - - [18/Nov/2011:16:22:17 +0100] "GET /quiz/scripts/conditions.js HTTP/1.1" 304 - "https://manager.itsquizz.com/quiz/pilot?service=fillQuestionnaire&directory=generated&language=fr" "Mozilla/4.0 (compatible; MSIE 8.0; Windows NT 6.1; Trident/4.0; SLCC2; .NET CLR 2.0.50727; .NET CLR 3.5.30729; .NET CLR 3.0.30729; Media Center PC 6.0; .NET4.0C; .NET CLR 1.1.4322; InfoPath.1)"
109.237.252.113 - - [18/Nov/2011:16:22:17 +0100] "GET /quiz/css/calendar/xc2_default.css HTTP/1.1" 304 - "https://manager.itsquizz.com/quiz/pilot?service=fillQuestionnaire&directory=generated&language=fr" "Mozilla/4.0 (compatible; MSIE 8.0; Windows NT 6.1; Trident/4.0; SLCC2; .NET CLR 2.0.50727; .NET CLR 3.5.30729; .NET CLR 3.0.30729; Media Center PC 6.0; .NET4.0C; .NET CLR 1.1.4322; InfoPath.1)"
109.237.252.113 - - [18/Nov/2011:16:22:17 +0100] "GET /quiz/scripts/calendar/xc2_default_fr.js HTTP/1.1" 304 - "https://manager.itsquizz.com/quiz/pilot?service=fillQuestionnaire&directory=generated&language=fr" "Mozilla/4.0 (compatible; MSIE 8.0; Windows NT 6.1; Trident/4.0; SLCC2; .NET CLR 2.0.50727; .NET CLR 3.5.30729; .NET CLR 3.0.30729; Media Center PC 6.0; .NET4.0C; .NET CLR 1.1.4322; InfoPath.1)"
109.237.252.113 - - [18/Nov/2011:16:22:17 +0100] "GET /quiz/images/company/cnrs/validatePass.js HTTP/1.1" 304 - "https://manager.itsquizz.com/quiz/pilot?service=fillQuestionnaire&directory=generated&language=fr" "Mozilla/4.0 (compatible; MSIE 8.0; Windows NT 6.1; Trident/4.0; SLCC2; .NET CLR 2.0.50727; .NET CLR 3.5.30729; .NET CLR 3.0.30729; Media Center PC 6.0; .NET4.0C; .NET CLR 1.1.4322; InfoPath.1)"
109.237.252.113 - - [18/Nov/2011:16:22:17 +0100] "GET /quiz/scripts/calendar/mod_time.js HTTP/1.1" 304 - "https://manager.itsquizz.com/quiz/pilot?service=fillQuestionnaire&directory=generated&language=fr" "Mozilla/4.0 (compatible; MSIE 8.0; Windows NT 6.1; Trident/4.0; SLCC2; .NET CLR 2.0.50727; .NET CLR 3.5.30729; .NET CLR 3.0.30729; Media Center PC 6.0; .NET4.0C; .NET CLR 1.1.4322; InfoPath.1)"
109.237.252.113 - - [18/Nov/2011:16:22:17 +0100] "GET /quiz/images/info.gif HTTP/1.1" 304 - "https://manager.itsquizz.com/quiz/pilot?service=fillQuestionnaire&directory=generated&language=fr" "Mozilla/4.0 (compatible; MSIE 8.0; Windows NT 6.1; Trident/4.0; SLCC2; .NET CLR 2.0.50727; .NET CLR 3.5.30729; .NET CLR 3.0.30729; Media Center PC 6.0; .NET4.0C; .NET CLR 1.1.4322; InfoPath.1)"
109.237.252.113 - - [18/Nov/2011:16:22:17 +0100] "GET /quiz/images/company/cnrs/headerLogoImg_56 HTTP/1.1" 304 - "https://manager.itsquizz.com/quiz/pilot?service=fillQuestionnaire&directory=generated&language=fr" "Mozilla/4.0 (compatible; MSIE 8.0; Windows NT 6.1; Trident/4.0; SLCC2; .NET CLR 2.0.50727; .NET CLR 3.5.30729; .NET CLR 3.0.30729; Media Center PC 6.0; .NET4.0C; .NET CLR 1.1.4322; InfoPath.1)"
109.237.252.113 - - [18/Nov/2011:16:22:17 +0100] "GET /quiz/scripts/wz_tooltip.js HTTP/1.1" 304 - "https://manager.itsquizz.com/quiz/pilot?service=fillQuestionnaire&directory=generated&language=fr" "Mozilla/4.0 (compatible; MSIE 8.0; Windows NT 6.1; Trident/4.0; SLCC2; .NET CLR 2.0.50727; .NET CLR 3.5.30729; .NET CLR 3.0.30729; Media Center PC 6.0; .NET4.0C; .NET CLR 1.1.4322; InfoPath.1)"
109.237.252.113 - - [18/Nov/2011:16:22:42 +0100] "GET / HTTP/1.1" 302 312 "-" "Mozilla/4.0 (compatible; MSIE 8.0; Windows NT 6.1; Trident/4.0; SLCC2; .NET CLR 2.0.50727; .NET CLR 3.5.30729; .NET CLR 3.0.30729; Media Center PC 6.0; .NET4.0C; .NET CLR 1.1.4322; InfoPath.1)"
109.237.252.113 - - [18/Nov/2011:16:22:42 +0100] "GET /quiz/ HTTP/1.1" 200 755 "-" "Mozilla/4.0 (compatible; MSIE 8.0; Windows NT 6.1; Trident/4.0; SLCC2; .NET CLR 2.0.50727; .NET CLR 3.5.30729; .NET CLR 3.0.30729; Media Center PC 6.0; .NET4.0C; .NET CLR 1.1.4322; InfoPath.1)"
109.237.252.113 - - [18/Nov/2011:16:22:42 +0100] "GET /quiz/css/main.css HTTP/1.1" 304 - "https://manager.itsquizz.com/quiz/" "Mozilla/4.0 (compatible; MSIE 8.0; Windows NT 6.1; Trident/4.0; SLCC2; .NET CLR 2.0.50727; .NET CLR 3.5.30729; .NET CLR 3.0.30729; Media Center PC 6.0; .NET4.0C; .NET CLR 1.1.4322; InfoPath.1)"
109.237.252.113 - - [18/Nov/2011:16:22:42 +0100] "GET /quiz/css/content.css HTTP/1.1" 304 - "https://manager.itsquizz.com/quiz/" "Mozilla/4.0 (compatible; MSIE 8.0; Windows NT 6.1; Trident/4.0; SLCC2; .NET CLR 2.0.50727; .NET CLR 3.5.30729; .NET CLR 3.0.30729; Media Center PC 6.0; .NET4.0C; .NET CLR 1.1.4322; InfoPath.1)"
109.237.252.113 - - [18/Nov/2011:16:22:42 +0100] "GET /quiz/images/bt_ok_off.gif HTTP/1.1" 304 - "https://manager.itsquizz.com/quiz/" "Mozilla/4.0 (compatible; MSIE 8.0; Windows NT 6.1; Trident/4.0; SLCC2; .NET CLR 2.0.50727; .NET CLR 3.5.30729; .NET CLR 3.0.30729; Media Center PC 6.0; .NET4.0C; .NET CLR 1.1.4322; InfoPath.1)"
109.237.252.113 - - [18/Nov/2011:16:22:42 +0100] "GET /quiz/css/login.css HTTP/1.1" 304 - "https://manager.itsquizz.com/quiz/" "Mozilla/4.0 (compatible; MSIE 8.0; Windows NT 6.1; Trident/4.0; SLCC2; .NET CLR 2.0.50727; .NET CLR 3.5.30729; .NET CLR 3.0.30729; Media Center PC 6.0; .NET4.0C; .NET CLR 1.1.4322; InfoPath.1)"
109.237.252.113 - - [18/Nov/2011:16:22:42 +0100] "GET /quiz/images/login-bg.jpg HTTP/1.1" 304 - "https://manager.itsquizz.com/quiz/" "Mozilla/4.0 (compatible; MSIE 8.0; Windows NT 6.1; Trident/4.0; SLCC2; .NET CLR 2.0.50727; .NET CLR 3.5.30729; .NET CLR 3.0.30729; Media Center PC 6.0; .NET4.0C; .NET CLR 1.1.4322; InfoPath.1)"
109.237.252.113 - - [18/Nov/2011:16:22:52 +0100] "POST /quiz/pilot HTTP/1.1" 200 975 "https://manager.itsquizz.com/quiz/" "Mozilla/4.0 (compatible; MSIE 8.0; Windows NT 6.1; Trident/4.0; SLCC2; .NET CLR 2.0.50727; .NET CLR 3.5.30729; .NET CLR 3.0.30729; Media Center PC 6.0; .NET4.0C; .NET CLR 1.1.4322; InfoPath.1)"
92.103.160.226 - - [18/Nov/2011:16:22:52 +0100] "POST /quiz/pilot?service=fillQuestionnaire&directory=generated&language=fr HTTP/1.1" 200 2632 "https://manager.itsquizz.com/quiz/pilot?service=fillQuestionnaire&directory=generated&language=fr" "Mozilla/4.0 (compatible; MSIE 8.0; Windows NT 6.1; Trident/4.0; SLCC2; .NET CLR 2.0.50727; .NET CLR 3.5.30729; .NET CLR 3.0.30729; Media Center PC 6.0; .NET4.0C; .NET CLR 1.1.4322; InfoPath.1)"
109.237.252.113 - - [18/Nov/2011:16:22:54 +0100] "GET /quiz/pilot?service=getQuestionnaires HTTP/1.1" 200 1238 "https://manager.itsquizz.com/quiz/pilot" "Mozilla/4.0 (compatible; MSIE 8.0; Windows NT 6.1; Trident/4.0; SLCC2; .NET CLR 2.0.50727; .NET CLR 3.5.30729; .NET CLR 3.0.30729; Media Center PC 6.0; .NET4.0C; .NET CLR 1.1.4322; InfoPath.1)"
109.237.252.113 - - [18/Nov/2011:16:22:54 +0100] "GET /quiz/scripts/wz_tooltip.js HTTP/1.1" 304 - "https://manager.itsquizz.com/quiz/pilot?service=getQuestionnaires" "Mozilla/4.0 (compatible; MSIE 8.0; Windows NT 6.1; Trident/4.0; SLCC2; .NET CLR 2.0.50727; .NET CLR 3.5.30729; .NET CLR 3.0.30729; Media Center PC 6.0; .NET4.0C; .NET CLR 1.1.4322; InfoPath.1)"
109.237.252.113 - - [18/Nov/2011:16:22:56 +0100] "GET /quiz/pilot?service=showQuestionnaire&id=146&quizName=Identification&quizType=I&quizOnline=Y HTTP/1.1" 200 3543 "https://manager.itsquizz.com/quiz/pilot?service=getQuestionnaires" "Mozilla/4.0 (compatible; MSIE 8.0; Windows NT 6.1; Trident/4.0; SLCC2; .NET CLR 2.0.50727; .NET CLR 3.5.30729; .NET CLR 3.0.30729; Media Center PC 6.0; .NET4.0C; .NET CLR 1.1.4322; InfoPath.1)"
109.237.252.113 - - [18/Nov/2011:16:22:56 +0100] "GET /quiz/css/calendar/xc2_default.css HTTP/1.1" 304 - "https://manager.itsquizz.com/quiz/pilot?service=showQuestionnaire&id=146&quizName=Identification&quizType=I&quizOnline=Y" "Mozilla/4.0 (compatible; MSIE 8.0; Windows NT 6.1; Trident/4.0; SLCC2; .NET CLR 2.0.50727; .NET CLR 3.5.30729; .NET CLR 3.0.30729; Media Center PC 6.0; .NET4.0C; .NET CLR 1.1.4322; InfoPath.1)"
109.237.252.113 - - [18/Nov/2011:16:22:56 +0100] "GET /quiz/scripts/calendar/xc2_default_fr.js HTTP/1.1" 304 - "https://manager.itsquizz.com/quiz/pilot?service=showQuestionnaire&id=146&quizName=Identification&quizType=I&quizOnline=Y" "Mozilla/4.0 (compatible; MSIE 8.0; Windows NT 6.1; Trident/4.0; SLCC2; .NET CLR 2.0.50727; .NET CLR 3.5.30729; .NET CLR 3.0.30729; Media Center PC 6.0; .NET4.0C; .NET CLR 1.1.4322; InfoPath.1)"
109.237.252.113 - - [18/Nov/2011:16:22:56 +0100] "GET /quiz/scripts/calendar/xc2_inpage.js HTTP/1.1" 304 - "https://manager.itsquizz.com/quiz/pilot?service=showQuestionnaire&id=146&quizName=Identification&quizType=I&quizOnline=Y" "Mozilla/4.0 (compatible; MSIE 8.0; Windows NT 6.1; Trident/4.0; SLCC2; .NET CLR 2.0.50727; .NET CLR 3.5.30729; .NET CLR 3.0.30729; Media Center PC 6.0; .NET4.0C; .NET CLR 1.1.4322; InfoPath.1)"
109.237.252.113 - - [18/Nov/2011:16:22:56 +0100] "GET /quiz/scripts/quizDate.js HTTP/1.1" 304 - "https://manager.itsquizz.com/quiz/pilot?service=showQuestionnaire&id=146&quizName=Identification&quizType=I&quizOnline=Y" "Mozilla/4.0 (compatible; MSIE 8.0; Windows NT 6.1; Trident/4.0; SLCC2; .NET CLR 2.0.50727; .NET CLR 3.5.30729; .NET CLR 3.0.30729; Media Center PC 6.0; .NET4.0C; .NET CLR 1.1.4322; InfoPath.1)"
109.237.252.113 - - [18/Nov/2011:16:22:56 +0100] "GET /quiz/scripts/quiz.js HTTP/1.1" 304 - "https://manager.itsquizz.com/quiz/pilot?service=showQuestionnaire&id=146&quizName=Identification&quizType=I&quizOnline=Y" "Mozilla/4.0 (compatible; MSIE 8.0; Windows NT 6.1; Trident/4.0; SLCC2; .NET CLR 2.0.50727; .NET CLR 3.5.30729; .NET CLR 3.0.30729; Media Center PC 6.0; .NET4.0C; .NET CLR 1.1.4322; InfoPath.1)"
109.237.252.113 - - [18/Nov/2011:16:22:56 +0100] "GET /quiz/scripts/itsok_menu.js HTTP/1.1" 304 - "https://manager.itsquizz.com/quiz/pilot?service=showQuestionnaire&id=146&quizName=Identification&quizType=I&quizOnline=Y" "Mozilla/4.0 (compatible; MSIE 8.0; Windows NT 6.1; Trident/4.0; SLCC2; .NET CLR 2.0.50727; .NET CLR 3.5.30729; .NET CLR 3.0.30729; Media Center PC 6.0; .NET4.0C; .NET CLR 1.1.4322; InfoPath.1)"
109.237.252.113 - - [18/Nov/2011:16:22:56 +0100] "GET /quiz/scripts/labelConfig.js HTTP/1.1" 304 - "https://manager.itsquizz.com/quiz/pilot?service=showQuestionnaire&id=146&quizName=Identification&quizType=I&quizOnline=Y" "Mozilla/4.0 (compatible; MSIE 8.0; Windows NT 6.1; Trident/4.0; SLCC2; .NET CLR 2.0.50727; .NET CLR 3.5.30729; .NET CLR 3.0.30729; Media Center PC 6.0; .NET4.0C; .NET CLR 1.1.4322; InfoPath.1)"
109.237.252.113 - - [18/Nov/2011:16:22:56 +0100] "GET /quiz/scripts/util.js HTTP/1.1" 304 - "https://manager.itsquizz.com/quiz/pilot?service=showQuestionnaire&id=146&quizName=Identification&quizType=I&quizOnline=Y" "Mozilla/4.0 (compatible; MSIE 8.0; Windows NT 6.1; Trident/4.0; SLCC2; .NET CLR 2.0.50727; .NET CLR 3.5.30729; .NET CLR 3.0.30729; Media Center PC 6.0; .NET4.0C; .NET CLR 1.1.4322; InfoPath.1)"
109.237.252.113 - - [18/Nov/2011:16:22:56 +0100] "GET /quiz/scripts/labelSubmit_fr.js HTTP/1.1" 304 - "https://manager.itsquizz.com/quiz/pilot?service=showQuestionnaire&id=146&quizName=Identification&quizType=I&quizOnline=Y" "Mozilla/4.0 (compatible; MSIE 8.0; Windows NT 6.1; Trident/4.0; SLCC2; .NET CLR 2.0.50727; .NET CLR 3.5.30729; .NET CLR 3.0.30729; Media Center PC 6.0; .NET4.0C; .NET CLR 1.1.4322; InfoPath.1)"
109.237.252.113 - - [18/Nov/2011:16:22:56 +0100] "GET /quiz/scripts/itsok_form.js HTTP/1.1" 304 - "https://manager.itsquizz.com/quiz/pilot?service=showQuestionnaire&id=146&quizName=Identification&quizType=I&quizOnline=Y" "Mozilla/4.0 (compatible; MSIE 8.0; Windows NT 6.1; Trident/4.0; SLCC2; .NET CLR 2.0.50727; .NET CLR 3.5.30729; .NET CLR 3.0.30729; Media Center PC 6.0; .NET4.0C; .NET CLR 1.1.4322; InfoPath.1)"
109.237.252.113 - - [18/Nov/2011:16:22:56 +0100] "GET /quiz/scripts/dhtmlgoodies_slider.js HTTP/1.1" 304 - "https://manager.itsquizz.com/quiz/pilot?service=showQuestionnaire&id=146&quizName=Identification&quizType=I&quizOnline=Y" "Mozilla/4.0 (compatible; MSIE 8.0; Windows NT 6.1; Trident/4.0; SLCC2; .NET CLR 2.0.50727; .NET CLR 3.5.30729; .NET CLR 3.0.30729; Media Center PC 6.0; .NET4.0C; .NET CLR 1.1.4322; InfoPath.1)"
109.237.252.113 - - [18/Nov/2011:16:22:56 +0100] "GET /quiz/scripts/util_window.js HTTP/1.1" 304 - "https://manager.itsquizz.com/quiz/pilot?service=showQuestionnaire&id=146&quizName=Identification&quizType=I&quizOnline=Y" "Mozilla/4.0 (compatible; MSIE 8.0; Windows NT 6.1; Trident/4.0; SLCC2; .NET CLR 2.0.50727; .NET CLR 3.5.30729; .NET CLR 3.0.30729; Media Center PC 6.0; .NET4.0C; .NET CLR 1.1.4322; InfoPath.1)"
109.237.252.113 - - [18/Nov/2011:16:22:56 +0100] "GET /quiz/scripts/itsok_date.js HTTP/1.1" 304 - "https://manager.itsquizz.com/quiz/pilot?service=showQuestionnaire&id=146&quizName=Identification&quizType=I&quizOnline=Y" "Mozilla/4.0 (compatible; MSIE 8.0; Windows NT 6.1; Trident/4.0; SLCC2; .NET CLR 2.0.50727; .NET CLR 3.5.30729; .NET CLR 3.0.30729; Media Center PC 6.0; .NET4.0C; .NET CLR 1.1.4322; InfoPath.1)"
109.237.252.113 - - [18/Nov/2011:16:22:56 +0100] "GET /quiz/scripts/calendar/mod_time.js HTTP/1.1" 304 - "https://manager.itsquizz.com/quiz/pilot?service=showQuestionnaire&id=146&quizName=Identification&quizType=I&quizOnline=Y" "Mozilla/4.0 (compatible; MSIE 8.0; Windows NT 6.1; Trident/4.0; SLCC2; .NET CLR 2.0.50727; .NET CLR 3.5.30729; .NET CLR 3.0.30729; Media Center PC 6.0; .NET4.0C; .NET CLR 1.1.4322; InfoPath.1)"
109.237.252.113 - - [18/Nov/2011:16:22:56 +0100] "GET /quiz/images/info.gif HTTP/1.1" 304 - "https://manager.itsquizz.com/quiz/pilot?service=showQuestionnaire&id=146&quizName=Identification&quizType=I&quizOnline=Y" "Mozilla/4.0 (compatible; MSIE 8.0; Windows NT 6.1; Trident/4.0; SLCC2; .NET CLR 2.0.50727; .NET CLR 3.5.30729; .NET CLR 3.0.30729; Media Center PC 6.0; .NET4.0C; .NET CLR 1.1.4322; InfoPath.1)"
109.237.252.113 - - [18/Nov/2011:16:22:56 +0100] "GET /quiz/images/close.gif HTTP/1.1" 304 - "https://manager.itsquizz.com/quiz/pilot?service=showQuestionnaire&id=146&quizName=Identification&quizType=I&quizOnline=Y" "Mozilla/4.0 (compatible; MSIE 8.0; Windows NT 6.1; Trident/4.0; SLCC2; .NET CLR 2.0.50727; .NET CLR 3.5.30729; .NET CLR 3.0.30729; Media Center PC 6.0; .NET4.0C; .NET CLR 1.1.4322; InfoPath.1)"
109.237.252.113 - - [18/Nov/2011:16:22:57 +0100] "GET /quiz/images/envoyer.gif HTTP/1.1" 304 - "https://manager.itsquizz.com/quiz/pilot?service=showQuestionnaire&id=146&quizName=Identification&quizType=I&quizOnline=Y" "Mozilla/4.0 (compatible; MSIE 8.0; Windows NT 6.1; Trident/4.0; SLCC2; .NET CLR 2.0.50727; .NET CLR 3.5.30729; .NET CLR 3.0.30729; Media Center PC 6.0; .NET4.0C; .NET CLR 1.1.4322; InfoPath.1)"
109.237.252.113 - - [18/Nov/2011:16:22:59 +0100] "GET /quiz/pilot?service=initShowAnswer&idQuiz=146&nbPages=3&idPanel=99 HTTP/1.1" 200 2699 "https://manager.itsquizz.com/quiz/pilot?service=showQuestionnaire&id=146&quizName=Identification&quizType=I&quizOnline=Y" "Mozilla/4.0 (compatible; MSIE 8.0; Windows NT 6.1; Trident/4.0; SLCC2; .NET CLR 2.0.50727; .NET CLR 3.5.30729; .NET CLR 3.0.30729; Media Center PC 6.0; .NET4.0C; .NET CLR 1.1.4322; InfoPath.1)"
109.237.252.113 - - [18/Nov/2011:16:22:59 +0100] "GET /quiz/scripts/statistics.js HTTP/1.1" 304 - "https://manager.itsquizz.com/quiz/pilot?service=initShowAnswer&idQuiz=146&nbPages=3&idPanel=99" "Mozilla/4.0 (compatible; MSIE 8.0; Windows NT 6.1; Trident/4.0; SLCC2; .NET CLR 2.0.50727; .NET CLR 3.5.30729; .NET CLR 3.0.30729; Media Center PC 6.0; .NET4.0C; .NET CLR 1.1.4322; InfoPath.1)"
109.237.252.113 - - [18/Nov/2011:16:23:02 +0100] "POST /quiz/pilot?service=showAnswer HTTP/1.1" 200 1849 "https://manager.itsquizz.com/quiz/pilot?service=initShowAnswer&idQuiz=146&nbPages=3&idPanel=99" "Mozilla/4.0 (compatible; MSIE 8.0; Windows NT 6.1; Trident/4.0; SLCC2; .NET CLR 2.0.50727; .NET CLR 3.5.30729; .NET CLR 3.0.30729; Media Center PC 6.0; .NET4.0C; .NET CLR 1.1.4322; InfoPath.1)"
109.237.252.113 - - [18/Nov/2011:16:23:02 +0100] "GET /quiz/scripts/labelConfig.js HTTP/1.1" 304 - "https://manager.itsquizz.com/quiz/pilot?service=showAnswer" "Mozilla/4.0 (compatible; MSIE 8.0; Windows NT 6.1; Trident/4.0; SLCC2; .NET CLR 2.0.50727; .NET CLR 3.5.30729; .NET CLR 3.0.30729; Media Center PC 6.0; .NET4.0C; .NET CLR 1.1.4322; InfoPath.1)"
109.237.252.113 - - [18/Nov/2011:16:23:02 +0100] "GET /quiz/scripts/net.js HTTP/1.1" 304 - "https://manager.itsquizz.com/quiz/pilot?service=showAnswer" "Mozilla/4.0 (compatible; MSIE 8.0; Windows NT 6.1; Trident/4.0; SLCC2; .NET CLR 2.0.50727; .NET CLR 3.5.30729; .NET CLR 3.0.30729; Media Center PC 6.0; .NET4.0C; .NET CLR 1.1.4322; InfoPath.1)"
109.237.252.113 - - [18/Nov/2011:16:23:02 +0100] "GET /quiz/css/main.css HTTP/1.1" 304 - "https://manager.itsquizz.com/quiz/pilot?service=showAnswer" "Mozilla/4.0 (compatible; MSIE 8.0; Windows NT 6.1; Trident/4.0; SLCC2; .NET CLR 2.0.50727; .NET CLR 3.5.30729; .NET CLR 3.0.30729; Media Center PC 6.0; .NET4.0C; .NET CLR 1.1.4322; InfoPath.1)"
109.237.252.113 - - [18/Nov/2011:16:23:02 +0100] "GET /quiz/scripts/itsok_menu.js HTTP/1.1" 304 - "https://manager.itsquizz.com/quiz/pilot?service=showAnswer" "Mozilla/4.0 (compatible; MSIE 8.0; Windows NT 6.1; Trident/4.0; SLCC2; .NET CLR 2.0.50727; .NET CLR 3.5.30729; .NET CLR 3.0.30729; Media Center PC 6.0; .NET4.0C; .NET CLR 1.1.4322; InfoPath.1)"
109.237.252.113 - - [18/Nov/2011:16:23:02 +0100] "GET /quiz/scripts/ajaxRequestsTools.js HTTP/1.1" 304 - "https://manager.itsquizz.com/quiz/pilot?service=showAnswer" "Mozilla/4.0 (compatible; MSIE 8.0; Windows NT 6.1; Trident/4.0; SLCC2; .NET CLR 2.0.50727; .NET CLR 3.5.30729; .NET CLR 3.0.30729; Media Center PC 6.0; .NET4.0C; .NET CLR 1.1.4322; InfoPath.1)"
109.237.252.113 - - [18/Nov/2011:16:23:02 +0100] "GET /quiz/css/content.css HTTP/1.1" 304 - "https://manager.itsquizz.com/quiz/pilot?service=showAnswer" "Mozilla/4.0 (compatible; MSIE 8.0; Windows NT 6.1; Trident/4.0; SLCC2; .NET CLR 2.0.50727; .NET CLR 3.5.30729; .NET CLR 3.0.30729; Media Center PC 6.0; .NET4.0C; .NET CLR 1.1.4322; InfoPath.1)"
109.237.252.113 - - [18/Nov/2011:16:23:02 +0100] "GET /quiz/scripts/ajaxRequests.js HTTP/1.1" 304 - "https://manager.itsquizz.com/quiz/pilot?service=showAnswer" "Mozilla/4.0 (compatible; MSIE 8.0; Windows NT 6.1; Trident/4.0; SLCC2; .NET CLR 2.0.50727; .NET CLR 3.5.30729; .NET CLR 3.0.30729; Media Center PC 6.0; .NET4.0C; .NET CLR 1.1.4322; InfoPath.1)"
109.237.252.113 - - [18/Nov/2011:16:23:02 +0100] "GET /quiz/images/save.gif HTTP/1.1" 304 - "https://manager.itsquizz.com/quiz/pilot?service=showAnswer" "Mozilla/4.0 (compatible; MSIE 8.0; Windows NT 6.1; Trident/4.0; SLCC2; .NET CLR 2.0.50727; .NET CLR 3.5.30729; .NET CLR 3.0.30729; Media Center PC 6.0; .NET4.0C; .NET CLR 1.1.4322; InfoPath.1)"
109.237.252.113 - - [18/Nov/2011:16:23:02 +0100] "GET /quiz/images/trashLarge.gif HTTP/1.1" 304 - "https://manager.itsquizz.com/quiz/pilot?service=showAnswer" "Mozilla/4.0 (compatible; MSIE 8.0; Windows NT 6.1; Trident/4.0; SLCC2; .NET CLR 2.0.50727; .NET CLR 3.5.30729; .NET CLR 3.0.30729; Media Center PC 6.0; .NET4.0C; .NET CLR 1.1.4322; InfoPath.1)"
109.237.252.113 - - [18/Nov/2011:16:23:03 +0100] "GET /quiz/pilot?service=showAnswerOne&idQuiz=146&action=last&id=1003&first=13&last=1003 HTTP/1.1" 200 1887 "https://manager.itsquizz.com/quiz/pilot?service=showAnswer" "Mozilla/4.0 (compatible; MSIE 8.0; Windows NT 6.1; Trident/4.0; SLCC2; .NET CLR 2.0.50727; .NET CLR 3.5.30729; .NET CLR 3.0.30729; Media Center PC 6.0; .NET4.0C; .NET CLR 1.1.4322; InfoPath.1)"
92.103.160.226 - - [18/Nov/2011:16:23:15 +0100] "POST /quiz/pilot?service=fillQuestionnaire&directory=generated&language=fr HTTP/1.1" 200 2918 "https://manager.itsquizz.com/quiz/pilot?service=fillQuestionnaire&directory=generated&language=fr" "Mozilla/4.0 (compatible; MSIE 8.0; Windows NT 6.1; Trident/4.0; SLCC2; .NET CLR 2.0.50727; .NET CLR 3.5.30729; .NET CLR 3.0.30729; Media Center PC 6.0; .NET4.0C; .NET CLR 1.1.4322; InfoPath.1)"
92.103.160.226 - - [18/Nov/2011:16:23:28 +0100] "POST /quiz/pilot?service=fillQuestionnaire&directory=generated&language=fr HTTP/1.1" 200 4593 "https://manager.itsquizz.com/quiz/pilot?service=fillQuestionnaire&directory=generated&language=fr" "Mozilla/4.0 (compatible; MSIE 8.0; Windows NT 6.1; Trident/4.0; SLCC2; .NET CLR 2.0.50727; .NET CLR 3.5.30729; .NET CLR 3.0.30729; Media Center PC 6.0; .NET4.0C; .NET CLR 1.1.4322; InfoPath.1)"
109.237.252.113 - - [18/Nov/2011:16:23:53 +0100] "GET /quiz/pilot?service=showAnswerOne&idQuiz=146&action=prev&id=1003&first=13&last=1003 HTTP/1.1" 200 1954 "https://manager.itsquizz.com/quiz/pilot?service=showAnswerOne&idQuiz=146&action=last&id=1003&first=13&last=1003" "Mozilla/4.0 (compatible; MSIE 8.0; Windows NT 6.1; Trident/4.0; SLCC2; .NET CLR 2.0.50727; .NET CLR 3.5.30729; .NET CLR 3.0.30729; Media Center PC 6.0; .NET4.0C; .NET CLR 1.1.4322; InfoPath.1)"
92.103.160.226 - - [18/Nov/2011:16:24:09 +0100] "POST /quiz/pilot?service=fillQuestionnaire&directory=generated&language=fr HTTP/1.1" 200 7891 "https://manager.itsquizz.com/quiz/pilot" "Mozilla/4.0 (compatible; MSIE 8.0; Windows NT 6.1; Trident/4.0; SLCC2; .NET CLR 2.0.50727; .NET CLR 3.5.30729; .NET CLR 3.0.30729; Media Center PC 6.0; .NET4.0C; .NET CLR 1.1.4322; InfoPath.1)"
109.237.252.113 - - [18/Nov/2011:16:24:28 +0100] "GET /quiz/pilot?service=showAnswerOne&idQuiz=146&action=prev&id=1002&first=13&last=1003 HTTP/1.1" 200 1787 "https://manager.itsquizz.com/quiz/pilot?service=showAnswerOne&idQuiz=146&action=prev&id=1003&first=13&last=1003" "Mozilla/4.0 (compatible; MSIE 8.0; Windows NT 6.1; Trident/4.0; SLCC2; .NET CLR 2.0.50727; .NET CLR 3.5.30729; .NET CLR 3.0.30729; Media Center PC 6.0; .NET4.0C; .NET CLR 1.1.4322; InfoPath.1)"
109.237.252.113 - - [18/Nov/2011:16:24:29 +0100] "GET /quiz/pilot?service=showAnswerOne&idQuiz=146&action=prev&id=1001&first=13&last=1003 HTTP/1.1" 200 1906 "https://manager.itsquizz.com/quiz/pilot?service=showAnswerOne&idQuiz=146&action=prev&id=1002&first=13&last=1003" "Mozilla/4.0 (compatible; MSIE 8.0; Windows NT 6.1; Trident/4.0; SLCC2; .NET CLR 2.0.50727; .NET CLR 3.5.30729; .NET CLR 3.0.30729; Media Center PC 6.0; .NET4.0C; .NET CLR 1.1.4322; InfoPath.1)"
95.108.245.253 - - [18/Nov/2011:16:25:02 +0100] "GET /enquete/quizz?service=quizz&d=devis HTTP/1.1" 200 2252 "-" "Mozilla/5.0 (compatible; YandexBot/3.0; +http://yandex.com/bots)"
157.55.109.179 - - [18/Nov/2011:16:25:11 +0100] "GET /robots.txt HTTP/1.1" 404 390 "-" "Mozilla/5.0 (compatible; bingbot/2.0; +http://www.bing.com/bingbot.htm)"
92.103.160.226 - - [18/Nov/2011:16:25:39 +0100] "POST /quiz/pilot?service=fillQuestionnaire&directory=generated&language=fr HTTP/1.1" 200 8899 "https://manager.itsquizz.com/quiz/pilot?service=fillQuestionnaire&directory=generated&language=fr" "Mozilla/4.0 (compatible; MSIE 8.0; Windows NT 6.1; Trident/4.0; SLCC2; .NET CLR 2.0.50727; .NET CLR 3.5.30729; .NET CLR 3.0.30729; Media Center PC 6.0; .NET4.0C; .NET CLR 1.1.4322; InfoPath.1)"
192.114.71.13 - - [18/Nov/2011:16:26:59 +0100] "GET / HTTP/1.1" 200 3725 "-" "Mozilla/5.0 (compatible)"
192.114.71.13 - - [18/Nov/2011:16:27:13 +0100] "GET /css/mm_lodging1.css HTTP/1.1" 200 5074 "http://www.itssauquet.com/" "Mozilla/5.0 (compatible)"
192.114.71.13 - - [18/Nov/2011:16:27:13 +0100] "GET /index.html HTTP/1.1" 200 3725 "http://www.itssauquet.com/" "Mozilla/5.0 (Windows NT 6.0; WOW64) AppleWebKit/534.30 (KHTML, like Gecko) Chrome/12.0.742.91 Safari/534.30"
192.114.71.13 - - [18/Nov/2011:16:27:13 +0100] "GET /pg_log.htm HTTP/1.1" 200 1707 "http://www.itssauquet.com/" "Mozilla/5.0 (compatible)"
192.114.71.13 - - [18/Nov/2011:16:27:13 +0100] "GET /pg_outils.htm HTTP/1.1" 200 1686 "http://www.itssauquet.com/" "Mozilla/5.0 (Windows NT 6.0; WOW64) AppleWebKit/534.30 (KHTML, like Gecko) Chrome/12.0.742.91 Safari/534.30"
192.114.71.13 - - [18/Nov/2011:16:27:13 +0100] "GET /pg_outils_pilot.htm HTTP/1.1" 200 2344 "http://www.itssauquet.com/" "Mozilla/5.0 (Windows NT 6.0; WOW64) AppleWebKit/534.30 (KHTML, like Gecko) Chrome/12.0.742.91 Safari/534.30"
192.114.71.13 - - [18/Nov/2011:16:27:13 +0100] "GET /pg_log_iquizz.htm HTTP/1.1" 200 2381 "http://www.itssauquet.com/" "Mozilla/5.0 (compatible)"
192.114.71.13 - - [18/Nov/2011:16:27:13 +0100] "GET /pg_outils_pyw.htm HTTP/1.1" 200 2381 "http://www.itssauquet.com/" "Mozilla/6.0 (compatible)"
192.114.71.13 - - [18/Nov/2011:16:27:13 +0100] "GET /pg_log_itime.htm HTTP/1.1" 200 2623 "http://www.itssauquet.com/" "Mozilla/5.0 (compatible)"
192.114.71.13 - - [18/Nov/2011:16:27:13 +0100] "GET /pg_log_pyc.htm HTTP/1.1" 200 2209 "http://www.itssauquet.com/" "Mozilla/4.0 (compatible; MSIE 7.0; Windows NT 5.1)"
192.114.71.13 - - [18/Nov/2011:16:27:14 +0100] "GET /pg_services.htm HTTP/1.1" 200 1965 "http://www.itssauquet.com/" "Mozilla/6.0 (compatible)"
192.114.71.13 - - [18/Nov/2011:16:27:15 +0100] "GET /pg_pres_qui.htm HTTP/1.1" 200 2444 "http://www.itssauquet.com/" "Mozilla/4.0 (compatible; MSIE 7.0; Windows NT 5.1)"
192.114.71.13 - - [18/Nov/2011:16:27:15 +0100] "GET /pg_pres_part.htm HTTP/1.1" 200 1599 "http://www.itssauquet.com/" "Mozilla/6.0 (compatible)"
192.114.71.13 - - [18/Nov/2011:16:27:16 +0100] "GET /pg_documents.htm HTTP/1.1" 200 1321 "http://www.itssauquet.com/" "Mozilla/5.0 (Windows NT 6.0; WOW64) AppleWebKit/534.30 (KHTML, like Gecko) Chrome/12.0.742.91 Safari/534.30"
192.114.71.13 - - [18/Nov/2011:16:27:16 +0100] "GET /pg_form1.php HTTP/1.1" 200 645 "http://www.itssauquet.com/" "Mozilla/5.0 (compatible)"
192.114.71.13 - - [18/Nov/2011:16:27:16 +0100] "GET /pg_mlegales.htm HTTP/1.1" 200 1930 "http://www.itssauquet.com/" "Mozilla/6.0 (compatible)"
192.114.71.13 - - [18/Nov/2011:16:27:16 +0100] "GET /pg_pres_contact.htm HTTP/1.1" 200 1791 "http://www.itssauquet.com/" "Mozilla/6.0 (compatible)"
192.114.71.13 - - [18/Nov/2011:16:27:16 +0100] "GET /pg_pres_clients.htm HTTP/1.1" 200 1926 "http://www.itssauquet.com/" "Mozilla/6.0 (compatible)"
192.114.71.13 - - [18/Nov/2011:16:27:23 +0100] "GET /pg_outils_pilot_quid.htm HTTP/1.1" 200 2644 "http://www.itssauquet.com/pg_outils_pilot.htm" "Mozilla/4.0 (compatible; MSIE 7.0; Windows NT 5.1)"
109.237.252.113 - - [18/Nov/2011:16:27:27 +0100] "POST /quiz/pilot?service=fillQuestionnaire&directory=generated&language=fr HTTP/1.1" 200 3051 "https://manager.itsquizz.com/quiz/pilot?service=fillQuestionnaire&directory=generated&language=fr" "Mozilla/4.0 (compatible; MSIE 8.0; Windows NT 6.1; Trident/4.0; SLCC2; .NET CLR 2.0.50727; .NET CLR 3.5.30729; .NET CLR 3.0.30729; Media Center PC 6.0; .NET4.0C; .NET CLR 1.1.4322; InfoPath.1)"
192.114.71.13 - - [18/Nov/2011:16:27:28 +0100] "GET /doc/WP-PushletPilot.pdf HTTP/1.1" 200 348634 "http://www.itssauquet.com/pg_documents.htm" "Mozilla/5.0 (compatible)"
192.114.71.13 - - [18/Nov/2011:16:27:28 +0100] "GET /doc/PilotYourGrid.pdf HTTP/1.1" 200 93756 "http://www.itssauquet.com/pg_documents.htm" "Mozilla/6.0 (compatible)"
192.114.71.13 - - [18/Nov/2011:16:27:28 +0100] "GET /doc/Plaquette_ItsQuizz.pdf HTTP/1.1" 200 250673 "http://www.itssauquet.com/pg_documents.htm" "Mozilla/4.0 (compatible; MSIE 7.0; Windows NT 5.1)"
192.114.71.13 - - [18/Nov/2011:16:27:29 +0100] "GET /doc/PilotYourCom.pdf HTTP/1.1" 200 46686 "http://www.itssauquet.com/pg_documents.htm" "Mozilla/5.0 (compatible)"
192.114.71.13 - - [18/Nov/2011:16:27:29 +0100] "GET /doc/PilotDescription.pdf HTTP/1.1" 200 120019 "http://www.itssauquet.com/pg_documents.htm" "Mozilla/6.0 (compatible)"
109.237.252.113 - - [18/Nov/2011:16:28:17 +0100] "POST /quiz/pilot?service=fillQuestionnaire&directory=generated&language=fr HTTP/1.1" 200 2632 "https://manager.itsquizz.com/quiz/pilot?service=fillQuestionnaire&directory=generated&language=fr" "Mozilla/4.0 (compatible; MSIE 8.0; Windows NT 6.1; Trident/4.0; SLCC2; .NET CLR 2.0.50727; .NET CLR 3.5.30729; .NET CLR 3.0.30729; Media Center PC 6.0; .NET4.0C; .NET CLR 1.1.4322; InfoPath.1)"
109.237.252.113 - - [18/Nov/2011:16:28:45 +0100] "POST /quiz/pilot?service=fillQuestionnaire&directory=generated&language=fr HTTP/1.1" 200 2918 "https://manager.itsquizz.com/quiz/pilot?service=fillQuestionnaire&directory=generated&language=fr" "Mozilla/4.0 (compatible; MSIE 8.0; Windows NT 6.1; Trident/4.0; SLCC2; .NET CLR 2.0.50727; .NET CLR 3.5.30729; .NET CLR 3.0.30729; Media Center PC 6.0; .NET4.0C; .NET CLR 1.1.4322; InfoPath.1)"
92.103.160.226 - - [18/Nov/2011:16:29:16 +0100] "POST /quiz/pilot?service=fillQuestionnaire&directory=generated&language=fr HTTP/1.1" 503 365 "https://manager.itsquizz.com/quiz/pilot?service=fillQuestionnaire&directory=generated&language=fr" "Mozilla/4.0 (compatible; MSIE 8.0; Windows NT 6.1; Trident/4.0; SLCC2; .NET CLR 2.0.50727; .NET CLR 3.5.30729; .NET CLR 3.0.30729; Media Center PC 6.0; .NET4.0C; .NET CLR 1.1.4322; InfoPath.1)"
109.237.252.113 - - [18/Nov/2011:16:29:23 +0100] "GET /quiz/pilot?service=getQuestionnaires HTTP/1.1" 503 365 "https://manager.itsquizz.com/quiz/pilot?service=initShowAnswer&idQuiz=146&nbPages=3&idPanel=99" "Mozilla/4.0 (compatible; MSIE 8.0; Windows NT 6.1; Trident/4.0; SLCC2; .NET CLR 2.0.50727; .NET CLR 3.5.30729; .NET CLR 3.0.30729; Media Center PC 6.0; .NET4.0C; .NET CLR 1.1.4322; InfoPath.1)"
109.237.252.113 - - [18/Nov/2011:16:29:27 +0100] "GET /quiz/pilot?service=initShowAnswer&idQuiz=146&nbPages=3&idPanel=99 HTTP/1.1" 503 365 "https://manager.itsquizz.com/quiz/pilot?service=showQuestionnaire&id=146&quizName=Identification&quizType=I&quizOnline=Y" "Mozilla/4.0 (compatible; MSIE 8.0; Windows NT 6.1; Trident/4.0; SLCC2; .NET CLR 2.0.50727; .NET CLR 3.5.30729; .NET CLR 3.0.30729; Media Center PC 6.0; .NET4.0C; .NET CLR 1.1.4322; InfoPath.1)"
109.237.252.113 - - [18/Nov/2011:16:29:28 +0100] "GET /quiz/pilot?service=showQuestionnaire&id=146&quizName=Identification&quizType=I&quizOnline=Y HTTP/1.1" 503 365 "https://manager.itsquizz.com/quiz/pilot?service=getQuestionnaires" "Mozilla/4.0 (compatible; MSIE 8.0; Windows NT 6.1; Trident/4.0; SLCC2; .NET CLR 2.0.50727; .NET CLR 3.5.30729; .NET CLR 3.0.30729; Media Center PC 6.0; .NET4.0C; .NET CLR 1.1.4322; InfoPath.1)"
109.237.252.113 - - [18/Nov/2011:16:29:29 +0100] "GET /quiz/pilot?service=getQuestionnaires HTTP/1.1" 503 365 "https://manager.itsquizz.com/quiz/pilot" "Mozilla/4.0 (compatible; MSIE 8.0; Windows NT 6.1; Trident/4.0; SLCC2; .NET CLR 2.0.50727; .NET CLR 3.5.30729; .NET CLR 3.0.30729; Media Center PC 6.0; .NET4.0C; .NET CLR 1.1.4322; InfoPath.1)"
