85.68.143.65 - - [15/Nov/2011:21:16:11 +0100] "GET /enquete/scripts/itsok_modal.js HTTP/1.1" 200 3818 "http://www.itsquizz.com/enquete/quizz?service=quizz&d=avantagesProduit" "Mozilla/5.0 (Windows NT 6.1; WOW64) AppleWebKit/535.2 (KHTML, like Gecko) Chrome/15.0.874.120 Safari/535.2"
85.68.143.65 - - [15/Nov/2011:21:16:11 +0100] "GET /enquete/scripts/itsok_menu.js HTTP/1.1" 200 4053 "http://www.itsquizz.com/enquete/quizz?service=quizz&d=avantagesProduit" "Mozilla/5.0 (Windows NT 6.1; WOW64) AppleWebKit/535.2 (KHTML, like Gecko) Chrome/15.0.874.120 Safari/535.2"
85.68.143.65 - - [15/Nov/2011:21:16:11 +0100] "GET /enquete/scripts/itsok_modalFooter.js HTTP/1.1" 200 334 "http://www.itsquizz.com/enquete/quizz?service=quizz&d=avantagesProduit" "Mozilla/5.0 (Windows NT 6.1; WOW64) AppleWebKit/535.2 (KHTML, like Gecko) Chrome/15.0.874.120 Safari/535.2"
85.68.143.65 - - [15/Nov/2011:21:16:11 +0100] "GET /enquete/images/bulletTransp.png HTTP/1.1" 200 405 "http://www.itsquizz.com/enquete/quizz?service=quizz&d=avantagesProduit" "Mozilla/5.0 (Windows NT 6.1; WOW64) AppleWebKit/535.2 (KHTML, like Gecko) Chrome/15.0.874.120 Safari/535.2"
85.68.143.65 - - [15/Nov/2011:21:16:11 +0100] "GET /enquete/images/data/histogramSmall.jpg HTTP/1.1" 200 20907 "http://www.itsquizz.com/enquete/quizz?service=quizz&d=avantagesProduit" "Mozilla/5.0 (Windows NT 6.1; WOW64) AppleWebKit/535.2 (KHTML, like Gecko) Chrome/15.0.874.120 Safari/535.2"
85.68.143.65 - - [15/Nov/2011:21:16:11 +0100] "GET /enquete/quizz?service=quizz&d=avantagesProduit HTTP/1.1" 200 2460 "http://www.google.fr/url?sa=f&rct=j&url=http://www.itsquizz.com/enquete/quizz%3Fservice%3Dquizz%26d%3DavantagesProduit&q=graphique+camembert+excel&ei=iMjCToyxKuH44QS4lcmjDQ&usg=AFQjCNFOIpC4yRszDnO5k5KYijrfgcf75w" "Mozilla/5.0 (Windows NT 6.1; WOW64) AppleWebKit/535.2 (KHTML, like Gecko) Chrome/15.0.874.120 Safari/535.2"
85.68.143.65 - - [15/Nov/2011:21:17:27 +0100] "GET /enquete/quizz?service=quizz&d=avantagesProduit HTTP/1.1" 200 2460 "http://www.google.fr/imgres?q=graphique+camembert+excel&um=1&hl=fr&biw=1280&bih=675&tbm=isch&tbnid=ikDBiEOG95D-3M:&imgrefurl=http://www.itsquizz.com/enquete/quizz%3Fservice%3Dquizz%26d%3DavantagesProduit&docid=kUAJQgDUv4gmXM&imgurl=http://www.itsquizz.com/enquete/images/data/pie-chartSmall.jpg&w=240&h=192&ei=XMjCTrObEoPE4gSAptSwDQ&zoom=1&iact=rc&dur=370&sig=104944746928011547863&page=5&tbnh=144&tbnw=180&start=68&ndsp=18&ved=1t:429,r:0,s:68&tx=70&ty=13" "Mozilla/5.0 (Windows NT 6.1; WOW64) AppleWebKit/535.2 (KHTML, like Gecko) Chrome/15.0.874.120 Safari/535.2"
85.68.143.65 - - [15/Nov/2011:21:17:27 +0100] "GET /enquete/images/favicon.ico HTTP/1.1" 200 3638 "-" "Mozilla/5.0 (Windows NT 6.1; WOW64) AppleWebKit/535.2 (KHTML, like Gecko) Chrome/15.0.874.120 Safari/535.2"
123.125.71.30 - - [15/Nov/2011:21:38:22 +0100] "GET / HTTP/1.1" 302 400 "-" "Mozilla/5.0 (compatible; Baiduspider/2.0; +http://www.baidu.com/search/spider.html)"
220.181.108.87 - - [15/Nov/2011:21:39:05 +0100] "GET / HTTP/1.1" 302 400 "-" "Mozilla/5.0 (compatible; Baiduspider/2.0; +http://www.baidu.com/search/spider.html)"
66.249.72.87 - - [15/Nov/2011:21:45:34 +0100] "GET /images/img_fut3.jpg HTTP/1.1" 304 - "-" "Googlebot-Image/1.0"
212.7.212.112 - - [15/Nov/2011:21:55:26 +0100] "GET /" 400 655 "-" "-"
157.55.107.141 - - [15/Nov/2011:21:58:50 +0100] "GET /robots.txt HTTP/1.1" 404 386 "-" "Mozilla/5.0 (compatible; bingbot/2.0; +http://www.bing.com/bingbot.htm)"
66.249.72.87 - - [15/Nov/2011:22:22:30 +0100] "GET /images/img_fut1.jpg HTTP/1.1" 304 - "-" "Googlebot-Image/1.0"
82.246.28.216 - - [15/Nov/2011:22:31:40 +0100] "GET /favicon.ico HTTP/1.1" 404 313 "-" "Mozilla/4.0 (compatible; MSIE 7.0; Windows NT 5.1; .NET CLR 1.1.4322; .NET CLR 2.0.50727)"
82.246.28.216 - - [15/Nov/2011:22:31:40 +0100] "GET /quiz/pilot?service=accessQuestionnaire&idQuiz=198&key=6307859303 HTTP/1.1" 200 2560 "http://webmail.laposte.net/webmail/fr_FR/read.html?FOLDER=SF_INBOX&IDMSG=12388&ORIGIN=SYSTEM_FOLDER" "Mozilla/4.0 (compatible; MSIE 7.0; Windows NT 5.1; .NET CLR 1.1.4322; .NET CLR 2.0.50727)"
82.246.28.216 - - [15/Nov/2011:22:31:40 +0100] "GET /quiz/css/company/ecp/exec_1.css HTTP/1.1" 200 1985 "https://manager.itsquizz.com/quiz/pilot?service=accessQuestionnaire&idQuiz=198&key=6307859303" "Mozilla/4.0 (compatible; MSIE 7.0; Windows NT 5.1; .NET CLR 1.1.4322; .NET CLR 2.0.50727)"
82.246.28.216 - - [15/Nov/2011:22:31:40 +0100] "GET /quiz/css/calendar/xc2_default.css HTTP/1.1" 200 6787 "https://manager.itsquizz.com/quiz/pilot?service=accessQuestionnaire&idQuiz=198&key=6307859303" "Mozilla/4.0 (compatible; MSIE 7.0; Windows NT 5.1; .NET CLR 1.1.4322; .NET CLR 2.0.50727)"
82.246.28.216 - - [15/Nov/2011:22:31:40 +0100] "GET /quiz/scripts/calendar/xc2_default_fr.js HTTP/1.1" 200 7889 "https://manager.itsquizz.com/quiz/pilot?service=accessQuestionnaire&idQuiz=198&key=6307859303" "Mozilla/4.0 (compatible; MSIE 7.0; Windows NT 5.1; .NET CLR 1.1.4322; .NET CLR 2.0.50727)"
82.246.28.216 - - [15/Nov/2011:22:31:41 +0100] "GET /quiz/scripts/calendar/xc2_inpage.js HTTP/1.1" 200 23111 "https://manager.itsquizz.com/quiz/pilot?service=accessQuestionnaire&idQuiz=198&key=6307859303" "Mozilla/4.0 (compatible; MSIE 7.0; Windows NT 5.1; .NET CLR 1.1.4322; .NET CLR 2.0.50727)"
82.246.28.216 - - [15/Nov/2011:22:31:41 +0100] "GET /quiz/scripts/calendar/mod_time.js HTTP/1.1" 200 3188 "https://manager.itsquizz.com/quiz/pilot?service=accessQuestionnaire&idQuiz=198&key=6307859303" "Mozilla/4.0 (compatible; MSIE 7.0; Windows NT 5.1; .NET CLR 1.1.4322; .NET CLR 2.0.50727)"
82.246.28.216 - - [15/Nov/2011:22:31:41 +0100] "GET /quiz/scripts/conditions.js HTTP/1.1" 200 20246 "https://manager.itsquizz.com/quiz/pilot?service=accessQuestionnaire&idQuiz=198&key=6307859303" "Mozilla/4.0 (compatible; MSIE 7.0; Windows NT 5.1; .NET CLR 1.1.4322; .NET CLR 2.0.50727)"
82.246.28.216 - - [15/Nov/2011:22:31:41 +0100] "GET /quiz/scripts/util.js HTTP/1.1" 200 9080 "https://manager.itsquizz.com/quiz/pilot?service=accessQuestionnaire&idQuiz=198&key=6307859303" "Mozilla/4.0 (compatible; MSIE 7.0; Windows NT 5.1; .NET CLR 1.1.4322; .NET CLR 2.0.50727)"
82.246.28.216 - - [15/Nov/2011:22:31:41 +0100] "GET /quiz/scripts/labelSubmit_fr.js HTTP/1.1" 200 585 "https://manager.itsquizz.com/quiz/pilot?service=accessQuestionnaire&idQuiz=198&key=6307859303" "Mozilla/4.0 (compatible; MSIE 7.0; Windows NT 5.1; .NET CLR 1.1.4322; .NET CLR 2.0.50727)"
82.246.28.216 - - [15/Nov/2011:22:31:41 +0100] "GET /quiz/scripts/itsok_form.js HTTP/1.1" 200 26467 "https://manager.itsquizz.com/quiz/pilot?service=accessQuestionnaire&idQuiz=198&key=6307859303" "Mozilla/4.0 (compatible; MSIE 7.0; Windows NT 5.1; .NET CLR 1.1.4322; .NET CLR 2.0.50727)"
82.246.28.216 - - [15/Nov/2011:22:31:42 +0100] "GET /quiz/scripts/itsok_date.js HTTP/1.1" 200 1192 "https://manager.itsquizz.com/quiz/pilot?service=accessQuestionnaire&idQuiz=198&key=6307859303" "Mozilla/4.0 (compatible; MSIE 7.0; Windows NT 5.1; .NET CLR 1.1.4322; .NET CLR 2.0.50727)"
82.246.28.216 - - [15/Nov/2011:22:31:42 +0100] "GET /quiz/scripts/dhtmlgoodies_slider.js HTTP/1.1" 200 5330 "https://manager.itsquizz.com/quiz/pilot?service=accessQuestionnaire&idQuiz=198&key=6307859303" "Mozilla/4.0 (compatible; MSIE 7.0; Windows NT 5.1; .NET CLR 1.1.4322; .NET CLR 2.0.50727)"
82.246.28.216 - - [15/Nov/2011:22:31:42 +0100] "GET /quiz/scripts/wz_tooltip.js HTTP/1.1" 200 16560 "https://manager.itsquizz.com/quiz/pilot?service=accessQuestionnaire&idQuiz=198&key=6307859303" "Mozilla/4.0 (compatible; MSIE 7.0; Windows NT 5.1; .NET CLR 1.1.4322; .NET CLR 2.0.50727)"
82.246.28.216 - - [15/Nov/2011:22:31:42 +0100] "GET /quiz/images/button-bg.jpg HTTP/1.1" 200 797 "https://manager.itsquizz.com/quiz/pilot?service=accessQuestionnaire&idQuiz=198&key=6307859303" "Mozilla/4.0 (compatible; MSIE 7.0; Windows NT 5.1; .NET CLR 1.1.4322; .NET CLR 2.0.50727)"
82.246.28.216 - - [15/Nov/2011:22:33:16 +0100] "POST /quiz/pilot?service=fillQuestionnaire&directory=generated&language=fr HTTP/1.1" 200 477 "https://manager.itsquizz.com/quiz/pilot?service=accessQuestionnaire&idQuiz=198&key=6307859303" "Mozilla/4.0 (compatible; MSIE 7.0; Windows NT 5.1; .NET CLR 1.1.4322; .NET CLR 2.0.50727)"
82.246.28.216 - - [15/Nov/2011:22:33:16 +0100] "GET /quiz/scripts/timer.js HTTP/1.1" 200 255 "https://manager.itsquizz.com/quiz/pilot?service=fillQuestionnaire&directory=generated&language=fr" "Mozilla/4.0 (compatible; MSIE 7.0; Windows NT 5.1; .NET CLR 1.1.4322; .NET CLR 2.0.50727)"
207.46.199.193 - - [15/Nov/2011:22:38:24 +0100] "GET /robots.txt HTTP/1.1" 404 386 "-" "Mozilla/5.0 (compatible; bingbot/2.0; +http://www.bing.com/bingbot.htm)"
123.125.71.23 - - [15/Nov/2011:22:38:52 +0100] "GET / HTTP/1.1" 302 400 "-" "Mozilla/5.0 (compatible; Baiduspider/2.0; +http://www.baidu.com/search/spider.html)"
220.181.108.93 - - [15/Nov/2011:22:39:38 +0100] "GET / HTTP/1.1" 302 400 "-" "Mozilla/5.0 (compatible; Baiduspider/2.0; +http://www.baidu.com/search/spider.html)"
208.115.111.68 - - [15/Nov/2011:22:44:25 +0100] "GET /robots.txt HTTP/1.1" 404 390 "-" "Mozilla/5.0 (compatible; Ezooms/1.0; ezooms.bot@gmail.com)"
207.46.199.193 - - [15/Nov/2011:22:49:14 +0100] "GET /robots.txt HTTP/1.1" 404 386 "-" "Mozilla/5.0 (compatible; bingbot/2.0; +http://www.bing.com/bingbot.htm)"
66.249.72.87 - - [15/Nov/2011:22:59:33 +0100] "GET /images/img_accueil_pilot.jpg HTTP/1.1" 304 - "-" "Googlebot-Image/1.0"
119.63.196.40 - - [15/Nov/2011:23:01:28 +0100] "GET /robots.txt HTTP/1.1" 404 312 "-" "Baiduspider+(+http://www.baidu.com/search/spider.htm)"
207.46.199.193 - - [15/Nov/2011:23:02:06 +0100] "GET /robots.txt HTTP/1.1" 404 390 "-" "Mozilla/5.0 (compatible; bingbot/2.0; +http://www.bing.com/bingbot.htm)"
207.46.199.193 - - [15/Nov/2011:23:03:03 +0100] "GET /robots.txt HTTP/1.1" 404 386 "-" "Mozilla/5.0 (compatible; bingbot/2.0; +http://www.bing.com/bingbot.htm)"
208.115.111.68 - - [15/Nov/2011:23:29:08 +0100] "GET /quiz/pilot?service=accessQuestionnaire&idQuiz=22&key=7676939328 HTTP/1.1" 200 3774 "-" "Mozilla/5.0 (compatible; Ezooms/1.0; ezooms.bot@gmail.com)"
95.108.245.253 - - [15/Nov/2011:23:34:34 +0100] "GET /enquete/quizz?service=quizz&d=qui HTTP/1.1" 200 2363 "-" "Mozilla/5.0 (compatible; YandexBot/3.0; +http://yandex.com/bots)"
123.125.71.26 - - [15/Nov/2011:23:36:31 +0100] "GET / HTTP/1.1" 302 400 "-" "Mozilla/5.0 (compatible; Baiduspider/2.0; +http://www.baidu.com/search/spider.html)"
66.249.72.87 - - [15/Nov/2011:23:36:38 +0100] "GET /images/itsourdateLogo.jpg HTTP/1.1" 304 - "-" "Googlebot-Image/1.0"
220.181.108.92 - - [15/Nov/2011:23:37:09 +0100] "GET / HTTP/1.1" 302 400 "-" "Mozilla/5.0 (compatible; Baiduspider/2.0; +http://www.baidu.com/search/spider.html)"
124.115.0.102 - - [15/Nov/2011:23:50:00 +0100] "GET / HTTP/1.0" 302 394 "-" "Sosospider+(+http://help.soso.com/webspider.htm)"
124.115.0.102 - - [15/Nov/2011:23:50:04 +0100] "GET /enquete/ HTTP/1.0" 200 10282 "-" "Sosospider+(+http://help.soso.com/webspider.htm)"
207.46.199.180 - - [15/Nov/2011:23:59:24 +0100] "GET /robots.txt HTTP/1.1" 404 390 "-" "Mozilla/5.0 (compatible; bingbot/2.0; +http://www.bing.com/bingbot.htm)"
207.46.199.180 - - [16/Nov/2011:00:01:33 +0100] "GET /robots.txt HTTP/1.1" 404 386 "-" "Mozilla/5.0 (compatible; bingbot/2.0; +http://www.bing.com/bingbot.htm)"
50.23.239.14 - - [16/Nov/2011:00:03:19 +0100] "GET /robots.txt HTTP/1.1" 404 390 "http://www.orangeask.com/" "Mozilla/4.0 (compatible; MSIE 7.0; Windows NT 5.1; Mozilla/4.0 (compatible; MSIE 6.0; Windows NT 5.1; SV1) ; .NET CLR 2.0.50727; .NET CLR 3.0.4506.2152; .NET CLR 3.5.30729)"
50.23.239.14 - - [16/Nov/2011:00:03:20 +0100] "GET / HTTP/1.1" 200 5198 "http://www.orangeask.com/" "Mozilla/4.0 (compatible; MSIE 7.0; Windows NT 5.1; Mozilla/4.0 (compatible; MSIE 6.0; Windows NT 5.1; SV1) ; .NET CLR 2.0.50727; .NET CLR 3.0.4506.2152; .NET CLR 3.5.30729)"
66.249.72.87 - - [16/Nov/2011:00:13:38 +0100] "GET /images/img_fut2.jpg HTTP/1.1" 304 - "-" "Googlebot-Image/1.0"
180.76.5.150 - - [16/Nov/2011:00:15:10 +0100] "GET /robots.txt HTTP/1.1" 404 308 "-" "Baiduspider+(+http://www.baidu.com/search/spider.htm)"
207.46.199.55 - - [16/Nov/2011:00:17:47 +0100] "GET /robots.txt HTTP/1.1" 404 390 "-" "Mozilla/5.0 (compatible; bingbot/2.0; +http://www.bing.com/bingbot.htm)"
207.46.199.55 - - [16/Nov/2011:00:18:42 +0100] "GET /quiz/pilot?service=fillQuestionnaire&directory=generated&language=fr HTTP/1.1" 200 298 "-" "Mozilla/5.0 (compatible; bingbot/2.0; +http://www.bing.com/bingbot.htm)"
123.125.71.25 - - [16/Nov/2011:00:35:20 +0100] "GET / HTTP/1.1" 302 400 "-" "Mozilla/5.0 (compatible; Baiduspider/2.0; +http://www.baidu.com/search/spider.html)"
123.125.71.108 - - [16/Nov/2011:00:35:34 +0100] "GET / HTTP/1.1" 301 410 "-" "Mozilla/5.0 (compatible; Baiduspider/2.0; +http://www.baidu.com/search/spider.html)"
220.181.108.95 - - [16/Nov/2011:00:35:57 +0100] "GET / HTTP/1.1" 302 400 "-" "Mozilla/5.0 (compatible; Baiduspider/2.0; +http://www.baidu.com/search/spider.html)"
220.181.108.184 - - [16/Nov/2011:00:36:08 +0100] "GET / HTTP/1.1" 301 410 "-" "Mozilla/5.0 (compatible; Baiduspider/2.0; +http://www.baidu.com/search/spider.html)"
66.249.72.121 - - [16/Nov/2011:00:40:59 +0100] "GET /robots.txt HTTP/1.1" 404 312 "-" "Mozilla/5.0 (compatible; Googlebot/2.1; +http://www.google.com/bot.html)"
66.249.72.121 - - [16/Nov/2011:00:40:59 +0100] "GET /quiz/pilot?ser...;key=8396418624 HTTP/1.1" 500 653 "-" "Mozilla/5.0 (compatible; Googlebot/2.1; +http://www.google.com/bot.html)"
66.249.72.87 - - [16/Nov/2011:00:50:36 +0100] "GET /images/DiapmeLogo.png HTTP/1.1" 304 - "-" "Googlebot-Image/1.0"
123.125.71.25 - - [16/Nov/2011:00:52:01 +0100] "GET / HTTP/1.1" 200 2069 "-" "Mozilla/5.0 (compatible; Baiduspider/2.0; +http://www.baidu.com/search/spider.html)"
123.125.67.146 - - [16/Nov/2011:01:10:57 +0100] "GET / HTTP/1.1" 301 315 "-" "Mozilla/5.0 (Windows NT 5.1; rv:6.0.2) Gecko/20100101 Firefox/6.0.2"
123.125.67.149 - - [16/Nov/2011:01:10:58 +0100] "GET / HTTP/1.1" 200 3725 "-" "Mozilla/5.0 (Windows NT 5.1; rv:6.0.2) Gecko/20100101 Firefox/6.0.2"
123.125.67.145 - - [16/Nov/2011:01:11:39 +0100] "GET / HTTP/1.1" 200 3725 "-" "Mozilla/5.0 (Windows NT 5.1; rv:6.0.2) Gecko/20100101 Firefox/6.0.2"
202.137.11.183 - - [16/Nov/2011:01:13:36 +0100] "GET / HTTP/1.1" 200 5198 "http://www.teliad.com/affiliates.html?id=29322" "Opera/9.51 (Windows NT 5.1; U; en-GB)"
123.125.71.12 - - [16/Nov/2011:01:34:37 +0100] "GET / HTTP/1.1" 302 400 "-" "Mozilla/5.0 (compatible; Baiduspider/2.0; +http://www.baidu.com/search/spider.html)"
123.125.71.102 - - [16/Nov/2011:01:34:51 +0100] "GET / HTTP/1.1" 301 410 "-" "Mozilla/5.0 (compatible; Baiduspider/2.0; +http://www.baidu.com/search/spider.html)"
220.181.108.86 - - [16/Nov/2011:01:35:14 +0100] "GET / HTTP/1.1" 302 400 "-" "Mozilla/5.0 (compatible; Baiduspider/2.0; +http://www.baidu.com/search/spider.html)"
220.181.108.184 - - [16/Nov/2011:01:35:26 +0100] "GET / HTTP/1.1" 301 410 "-" "Mozilla/5.0 (compatible; Baiduspider/2.0; +http://www.baidu.com/search/spider.html)"
119.63.196.105 - - [16/Nov/2011:01:44:30 +0100] "GET /robots.txt HTTP/1.1" 404 310 "-" "Baiduspider+(+http://www.baidu.com/search/spider.htm)"
95.108.245.253 - - [16/Nov/2011:02:03:55 +0100] "GET /robots.txt HTTP/1.1" 200 24 "-" "Mozilla/5.0 (compatible; YandexBot/3.0; +http://yandex.com/bots)"
66.249.72.213 - - [16/Nov/2011:02:04:37 +0100] "GET /enquete/images/clients/img_logo_SF.gif HTTP/1.1" 304 - "-" "Googlebot-Image/1.0"
66.121.63.28 - - [16/Nov/2011:02:07:54 +0100] "GET /" 400 655 "-" "-"
81.52.143.35 - - [16/Nov/2011:02:36:36 +0100] "GET /robots.txt HTTP/1.1" 200 44 "-" "Mozilla/5.0 (Windows; U; Windows NT 5.1; fr; rv:1.8.1) VoilaBot BETA 1.2 (support.voilabot@orange-ftgroup.com)"
81.52.143.35 - - [16/Nov/2011:02:36:54 +0100] "GET /pg_log_itime.htm HTTP/1.1" 200 2623 "-" "Mozilla/5.0 (Windows; U; Windows NT 5.1; fr; rv:1.8.1) VoilaBot BETA 1.2 (support.voilabot@orange-ftgroup.com)"
46.21.144.176 - - [16/Nov/2011:02:39:22 +0100] "GET /gb/index.htm HTTP/1.1" 404 388 "-" "Mozilla/4.0 (compatible; MSIE 6.0; Windows NT 5.1; SV1)"
66.249.72.121 - - [16/Nov/2011:02:40:15 +0100] "GET /quiz/pilot?service=accessQuestionnaire&idQuiz=53&key=0841834867 HTTP/1.1" 200 503 "-" "Mozilla/5.0 (compatible; Googlebot/2.1; +http://www.google.com/bot.html)"
123.125.71.30 - - [16/Nov/2011:02:40:34 +0100] "GET / HTTP/1.1" 302 400 "-" "Mozilla/5.0 (compatible; Baiduspider/2.0; +http://www.baidu.com/search/spider.html)"
220.181.108.97 - - [16/Nov/2011:02:41:17 +0100] "GET / HTTP/1.1" 302 400 "-" "Mozilla/5.0 (compatible; Baiduspider/2.0; +http://www.baidu.com/search/spider.html)"
66.249.72.213 - - [16/Nov/2011:02:41:39 +0100] "GET /enquete/images/clients/img_logo_Ffmed.jpg HTTP/1.1" 304 - "-" "Googlebot-Image/1.0"
66.249.72.213 - - [16/Nov/2011:03:18:35 +0100] "GET /enquete/images/clients/img_logo_HEGP.jpg HTTP/1.1" 304 - "-" "Googlebot-Image/1.0"
157.55.107.141 - - [16/Nov/2011:03:18:46 +0100] "GET /robots.txt HTTP/1.1" 404 386 "-" "Mozilla/5.0 (compatible; bingbot/2.0; +http://www.bing.com/bingbot.htm)"
77.75.77.11 - - [16/Nov/2011:03:25:25 +0100] "GET /robots.txt HTTP/1.1" 404 312 "-" "SeznamBot/3.0 (+http://fulltext.sblog.cz/)"
77.75.77.11 - - [16/Nov/2011:03:25:25 +0100] "GET /quiz/pilot?service=accessQuestionnaire&idQuiz=107&key=2059613341 HTTP/1.1" 200 2490 "-" "SeznamBot/3.0 (+http://fulltext.sblog.cz/)"
77.75.77.11 - - [16/Nov/2011:03:25:25 +0100] "GET /quiz/pilot?service=accessQuestionnaire&idQuiz=108&key=4054707601 HTTP/1.1" 200 3249 "-" "SeznamBot/3.0 (+http://fulltext.sblog.cz/)"
173.31.75.172 - - [16/Nov/2011:03:31:16 +0100] "GET /robots.txt HTTP/1.0" 200 24 "-" "Mozilla/5.0 (compatible; MJ12bot/v1.4.0; http://www.majestic12.co.uk/bot.php?+)"
173.31.75.172 - - [16/Nov/2011:03:31:18 +0100] "GET / HTTP/1.1" 200 13136 "-" "Mozilla/5.0 (compatible; MJ12bot/v1.4.0; http://www.majestic12.co.uk/bot.php?+)"
123.125.71.35 - - [16/Nov/2011:03:32:42 +0100] "GET / HTTP/1.1" 302 400 "-" "Mozilla/5.0 (compatible; Baiduspider/2.0; +http://www.baidu.com/search/spider.html)"
220.181.108.88 - - [16/Nov/2011:03:33:10 +0100] "GET / HTTP/1.1" 302 400 "-" "Mozilla/5.0 (compatible; Baiduspider/2.0; +http://www.baidu.com/search/spider.html)"
193.252.118.175 - - [16/Nov/2011:03:41:13 +0100] "GET /robots.txt HTTP/1.1" 200 44 "-" "Mozilla/5.0 (Windows; U; Windows NT 5.1; fr; rv:1.8.1) VoilaBot BETA 1.2 (support.voilabot@orange-ftgroup.com)"
66.249.72.213 - - [16/Nov/2011:03:42:31 +0100] "GET /de/pg_prod_etudes.htm HTTP/1.1" 404 317 "-" "Mozilla/5.0 (compatible; Googlebot/2.1; +http://www.google.com/bot.html)"
66.249.72.213 - - [16/Nov/2011:03:45:56 +0100] "GET / HTTP/1.1" 302 312 "-" "Mozilla/5.0 (compatible; Googlebot/2.1; +http://www.google.com/bot.html)"
66.249.72.213 - - [16/Nov/2011:03:55:44 +0100] "GET /enquete/images/clients/img_aprec.jpg HTTP/1.1" 304 - "-" "Googlebot-Image/1.0"
65.111.171.90 - - [16/Nov/2011:04:03:47 +0100] "GET /robots.txt HTTP/1.0" 404 390 "-" "Gigabot/3.0 (http://www.gigablast.com/spider.html)"
65.111.171.90 - - [16/Nov/2011:04:03:47 +0100] "GET / HTTP/1.0" 302 400 "-" "Gigabot/3.0 (http://www.gigablast.com/spider.html)"
65.111.171.90 - - [16/Nov/2011:04:03:50 +0100] "GET /quiz/ HTTP/1.0" 200 1677 "-" "Gigabot/3.0 (http://www.gigablast.com/spider.html)"
81.52.143.33 - - [16/Nov/2011:04:09:03 +0100] "GET /robots.txt HTTP/1.1" 200 44 "-" "Mozilla/5.0 (Windows; U; Windows NT 5.1; fr; rv:1.8.1) VoilaBot BETA 1.2 (support.voilabot@orange-ftgroup.com)"
81.52.143.33 - - [16/Nov/2011:04:09:17 +0100] "GET /pg_outils_pyw.htm HTTP/1.1" 200 2381 "-" "Mozilla/5.0 (Windows; U; Windows NT 5.1; fr; rv:1.8.1) VoilaBot BETA 1.2 (support.voilabot@orange-ftgroup.com)"
207.46.199.180 - - [16/Nov/2011:04:15:28 +0100] "GET /robots.txt HTTP/1.1" 404 386 "-" "Mozilla/5.0 (compatible; bingbot/2.0; +http://www.bing.com/bingbot.htm)"
123.125.71.109 - - [16/Nov/2011:04:21:59 +0100] "GET / HTTP/1.1" 302 394 "-" "Mozilla/5.0 (compatible; Baiduspider/2.0; +http://www.baidu.com/search/spider.html)"
220.181.108.167 - - [16/Nov/2011:04:22:04 +0100] "GET / HTTP/1.1" 302 394 "-" "Mozilla/5.0 (compatible; Baiduspider/2.0; +http://www.baidu.com/search/spider.html)"
66.249.72.213 - - [16/Nov/2011:04:32:35 +0100] "GET /enquete/images/clients/img_logo_SFMG.jpg HTTP/1.1" 304 - "-" "Googlebot-Image/1.0"
123.125.71.31 - - [16/Nov/2011:04:34:33 +0100] "GET / HTTP/1.1" 302 400 "-" "Mozilla/5.0 (compatible; Baiduspider/2.0; +http://www.baidu.com/search/spider.html)"
66.249.72.87 - - [16/Nov/2011:04:35:06 +0100] "GET /pg_outils.htm HTTP/1.1" 304 - "-" "Mozilla/5.0 (compatible; Googlebot/2.1; +http://www.google.com/bot.html)"
220.181.108.87 - - [16/Nov/2011:04:35:08 +0100] "GET / HTTP/1.1" 302 400 "-" "Mozilla/5.0 (compatible; Baiduspider/2.0; +http://www.baidu.com/search/spider.html)"
81.52.143.32 - - [16/Nov/2011:04:51:01 +0100] "GET /pg_outils_pilot.htm HTTP/1.1" 200 2344 "-" "Mozilla/5.0 (Windows; U; Windows NT 5.1; fr; rv:1.8.1) VoilaBot BETA 1.2 (support.voilabot@orange-ftgroup.com)"
213.155.89.220 - - [16/Nov/2011:04:56:46 +0100] "GET /quiz/pilot?service=accessQuestionnaire&idQuiz=194&key=4426852380 HTTP/1.1" 200 2797 "-" "Mozilla/5.0 (Windows NT 6.1) AppleWebKit/535.1 (KHTML, like Gecko) Chrome/14.0.835.202 Safari/535.1"
213.155.89.220 - - [16/Nov/2011:04:56:48 +0100] "GET /quiz/css/calendar/xc2_default.css HTTP/1.1" 200 6787 "http://manager.itsquizz.com/quiz/pilot?service=accessQuestionnaire&idQuiz=194&key=4426852380" "Mozilla/5.0 (Windows NT 6.1) AppleWebKit/535.1 (KHTML, like Gecko) Chrome/14.0.835.202 Safari/535.1"
213.155.89.220 - - [16/Nov/2011:04:56:48 +0100] "GET /quiz/css/company/ecp/exec_43.css HTTP/1.1" 200 2091 "http://manager.itsquizz.com/quiz/pilot?service=accessQuestionnaire&idQuiz=194&key=4426852380" "Mozilla/5.0 (Windows NT 6.1) AppleWebKit/535.1 (KHTML, like Gecko) Chrome/14.0.835.202 Safari/535.1"
213.155.89.220 - - [16/Nov/2011:04:56:48 +0100] "GET /quiz/scripts/calendar/xc2_default_fr.js HTTP/1.1" 200 7889 "http://manager.itsquizz.com/quiz/pilot?service=accessQuestionnaire&idQuiz=194&key=4426852380" "Mozilla/5.0 (Windows NT 6.1) AppleWebKit/535.1 (KHTML, like Gecko) Chrome/14.0.835.202 Safari/535.1"
213.155.89.220 - - [16/Nov/2011:04:56:48 +0100] "GET /quiz/scripts/calendar/xc2_inpage.js HTTP/1.1" 200 23111 "http://manager.itsquizz.com/quiz/pilot?service=accessQuestionnaire&idQuiz=194&key=4426852380" "Mozilla/5.0 (Windows NT 6.1) AppleWebKit/535.1 (KHTML, like Gecko) Chrome/14.0.835.202 Safari/535.1"
213.155.89.220 - - [16/Nov/2011:04:56:48 +0100] "GET /quiz/scripts/util.js HTTP/1.1" 200 9080 "http://manager.itsquizz.com/quiz/pilot?service=accessQuestionnaire&idQuiz=194&key=4426852380" "Mozilla/5.0 (Windows NT 6.1) AppleWebKit/535.1 (KHTML, like Gecko) Chrome/14.0.835.202 Safari/535.1"
213.155.89.220 - - [16/Nov/2011:04:56:48 +0100] "GET /quiz/scripts/conditions.js HTTP/1.1" 200 20246 "http://manager.itsquizz.com/quiz/pilot?service=accessQuestionnaire&idQuiz=194&key=4426852380" "Mozilla/5.0 (Windows NT 6.1) AppleWebKit/535.1 (KHTML, like Gecko) Chrome/14.0.835.202 Safari/535.1"
213.155.89.220 - - [16/Nov/2011:04:56:49 +0100] "GET /quiz/scripts/itsok_date.js HTTP/1.1" 200 1192 "http://manager.itsquizz.com/quiz/pilot?service=accessQuestionnaire&idQuiz=194&key=4426852380" "Mozilla/5.0 (Windows NT 6.1) AppleWebKit/535.1 (KHTML, like Gecko) Chrome/14.0.835.202 Safari/535.1"
213.155.89.220 - - [16/Nov/2011:04:56:49 +0100] "GET /quiz/scripts/labelSubmit_fr.js HTTP/1.1" 200 585 "http://manager.itsquizz.com/quiz/pilot?service=accessQuestionnaire&idQuiz=194&key=4426852380" "Mozilla/5.0 (Windows NT 6.1) AppleWebKit/535.1 (KHTML, like Gecko) Chrome/14.0.835.202 Safari/535.1"
213.155.89.220 - - [16/Nov/2011:04:56:49 +0100] "GET /quiz/scripts/itsok_form.js HTTP/1.1" 200 26467 "http://manager.itsquizz.com/quiz/pilot?service=accessQuestionnaire&idQuiz=194&key=4426852380" "Mozilla/5.0 (Windows NT 6.1) AppleWebKit/535.1 (KHTML, like Gecko) Chrome/14.0.835.202 Safari/535.1"
213.155.89.220 - - [16/Nov/2011:04:56:49 +0100] "GET /quiz/scripts/wz_tooltip.js HTTP/1.1" 200 16560 "http://manager.itsquizz.com/quiz/pilot?service=accessQuestionnaire&idQuiz=194&key=4426852380" "Mozilla/5.0 (Windows NT 6.1) AppleWebKit/535.1 (KHTML, like Gecko) Chrome/14.0.835.202 Safari/535.1"
213.155.89.220 - - [16/Nov/2011:04:56:50 +0100] "GET /quiz/scripts/dhtmlgoodies_slider.js HTTP/1.1" 200 5330 "http://manager.itsquizz.com/quiz/pilot?service=accessQuestionnaire&idQuiz=194&key=4426852380" "Mozilla/5.0 (Windows NT 6.1) AppleWebKit/535.1 (KHTML, like Gecko) Chrome/14.0.835.202 Safari/535.1"
213.155.89.220 - - [16/Nov/2011:04:56:52 +0100] "GET /quiz/scripts/calendar/mod_time.js HTTP/1.1" 200 3188 "http://manager.itsquizz.com/quiz/pilot?service=accessQuestionnaire&idQuiz=194&key=4426852380" "Mozilla/5.0 (Windows NT 6.1) AppleWebKit/535.1 (KHTML, like Gecko) Chrome/14.0.835.202 Safari/535.1"
213.155.89.220 - - [16/Nov/2011:04:56:55 +0100] "GET /quiz/images/company/ecp/headerImg_43 HTTP/1.1" 200 20601 "http://manager.itsquizz.com/quiz/pilot?service=accessQuestionnaire&idQuiz=194&key=4426852380" "Mozilla/5.0 (Windows NT 6.1) AppleWebKit/535.1 (KHTML, like Gecko) Chrome/14.0.835.202 Safari/535.1"
213.155.89.220 - - [16/Nov/2011:04:56:56 +0100] "GET /favicon.ico HTTP/1.1" 404 312 "-" "Mozilla/5.0 (Windows NT 6.1) AppleWebKit/535.1 (KHTML, like Gecko) Chrome/14.0.835.202 Safari/535.1"
207.46.199.180 - - [16/Nov/2011:05:02:39 +0100] "GET /robots.txt HTTP/1.1" 404 386 "-" "Mozilla/5.0 (compatible; bingbot/2.0; +http://www.bing.com/bingbot.htm)"
66.249.72.213 - - [16/Nov/2011:05:09:37 +0100] "GET /enquete/images/clients/img_avtel.gif HTTP/1.1" 304 - "-" "Googlebot-Image/1.0"
123.125.71.116 - - [16/Nov/2011:05:21:27 +0100] "GET / HTTP/1.1" 302 394 "-" "Mozilla/5.0 (compatible; Baiduspider/2.0; +http://www.baidu.com/search/spider.html)"
220.181.108.186 - - [16/Nov/2011:05:21:30 +0100] "GET / HTTP/1.1" 302 394 "-" "Mozilla/5.0 (compatible; Baiduspider/2.0; +http://www.baidu.com/search/spider.html)"
207.46.199.180 - - [16/Nov/2011:05:24:08 +0100] "GET /robots.txt HTTP/1.1" 404 386 "-" "Mozilla/5.0 (compatible; bingbot/2.0; +http://www.bing.com/bingbot.htm)"
157.55.107.141 - - [16/Nov/2011:05:25:20 +0100] "GET /robots.txt HTTP/1.1" 404 386 "-" "Mozilla/5.0 (compatible; bingbot/2.0; +http://www.bing.com/bingbot.htm)"
123.125.71.13 - - [16/Nov/2011:05:34:38 +0100] "GET / HTTP/1.1" 302 400 "-" "Mozilla/5.0 (compatible; Baiduspider/2.0; +http://www.baidu.com/search/spider.html)"
66.249.72.121 - - [16/Nov/2011:05:35:07 +0100] "GET /robots.txt HTTP/1.1" 404 312 "-" "Mozilla/5.0 (compatible; Googlebot/2.1; +http://www.google.com/bot.html)"
66.249.72.121 - - [16/Nov/2011:05:35:07 +0100] "GET /quiz/pilot?service=accessQuestionnaire&idQuiz=107&key=2059613341 HTTP/1.1" 200 2490 "-" "Mozilla/5.0 (compatible; Googlebot/2.1; +http://www.google.com/bot.html)"
220.181.108.90 - - [16/Nov/2011:05:35:17 +0100] "GET / HTTP/1.1" 302 400 "-" "Mozilla/5.0 (compatible; Baiduspider/2.0; +http://www.baidu.com/search/spider.html)"
66.249.72.213 - - [16/Nov/2011:05:46:38 +0100] "GET /enquete/images/clients/img_logo_aphp.gif HTTP/1.1" 304 - "-" "Googlebot-Image/1.0"
38.100.21.14 - - [16/Nov/2011:05:53:56 +0100] "GET / HTTP/1.1" 200 13136 "-" "Mozilla/4.0 (compatible; MSIE 7.0; Windows NT 5.2)"
38.100.21.14 - - [16/Nov/2011:05:54:03 +0100] "GET /pg_outils_pilot.htm HTTP/1.1" 200 7599 "-" "Mozilla/4.0 (compatible; MSIE 7.0; Windows NT 5.2)"
38.100.21.14 - - [16/Nov/2011:05:54:11 +0100] "GET /pg_log_itime.htm HTTP/1.1" 200 8179 "-" "Mozilla/4.0 (compatible; MSIE 7.0; Windows NT 5.2)"
38.100.21.14 - - [16/Nov/2011:05:54:15 +0100] "GET /index.html HTTP/1.1" 200 13136 "-" "Mozilla/4.0 (compatible; MSIE 7.0; Windows NT 5.2)"
38.100.21.14 - - [16/Nov/2011:05:54:17 +0100] "GET /pg_log_iquizz.htm HTTP/1.1" 200 7453 "-" "Mozilla/4.0 (compatible; MSIE 7.0; Windows NT 5.2)"
38.100.21.14 - - [16/Nov/2011:05:54:17 +0100] "GET /pg_pres_part.htm HTTP/1.1" 200 5755 "-" "Mozilla/4.0 (compatible; MSIE 7.0; Windows NT 5.2)"
38.100.21.14 - - [16/Nov/2011:05:54:18 +0100] "GET /pg_log_pyc.htm HTTP/1.1" 200 7211 "-" "Mozilla/4.0 (compatible; MSIE 7.0; Windows NT 5.2)"
38.100.21.14 - - [16/Nov/2011:05:54:19 +0100] "GET /css/mm_lodging1.css HTTP/1.1" 200 5074 "-" "Mozilla/4.0 (compatible; MSIE 7.0; Windows NT 5.2)"
38.100.21.14 - - [16/Nov/2011:05:54:23 +0100] "GET /pg_documents.htm HTTP/1.1" 200 3240 "-" "Mozilla/4.0 (compatible; MSIE 7.0; Windows NT 5.2)"
38.100.21.14 - - [16/Nov/2011:05:54:32 +0100] "GET /pg_log.htm HTTP/1.1" 200 7047 "-" "Mozilla/4.0 (compatible; MSIE 7.0; Windows NT 5.2)"
38.100.21.14 - - [16/Nov/2011:05:54:38 +0100] "GET /pg_outils.htm HTTP/1.1" 200 6351 "-" "Mozilla/4.0 (compatible; MSIE 7.0; Windows NT 5.2)"
38.100.21.14 - - [16/Nov/2011:05:54:42 +0100] "GET /pg_pres_contact.htm HTTP/1.1" 200 6247 "-" "Mozilla/4.0 (compatible; MSIE 7.0; Windows NT 5.2)"
38.100.21.14 - - [16/Nov/2011:05:54:43 +0100] "GET /pg_outils_pyw.htm HTTP/1.1" 200 7472 "-" "Mozilla/4.0 (compatible; MSIE 7.0; Windows NT 5.2)"
38.100.21.14 - - [16/Nov/2011:05:54:46 +0100] "GET /pg_pres_qui.htm HTTP/1.1" 200 7394 "-" "Mozilla/4.0 (compatible; MSIE 7.0; Windows NT 5.2)"
38.100.21.14 - - [16/Nov/2011:05:54:51 +0100] "GET /pg_services.htm HTTP/1.1" 200 6239 "-" "Mozilla/4.0 (compatible; MSIE 7.0; Windows NT 5.2)"
38.100.21.14 - - [16/Nov/2011:05:54:54 +0100] "GET /pg_pres_clients.htm HTTP/1.1" 200 8410 "-" "Mozilla/4.0 (compatible; MSIE 7.0; Windows NT 5.2)"
208.115.111.68 - - [16/Nov/2011:06:04:21 +0100] "GET /robots.txt HTTP/1.1" 404 386 "-" "Mozilla/5.0 (compatible; Ezooms/1.0; ezooms.bot@gmail.com)"
65.92.81.6 - - [16/Nov/2011:06:17:48 +0100] "GET / HTTP/1.1" 302 394 "-" "-"
65.92.81.6 - - [16/Nov/2011:06:17:48 +0100] "GET /enquete/ HTTP/1.1" 200 10295 "-" "-"
180.76.5.179 - - [16/Nov/2011:06:20:34 +0100] "GET /robots.txt HTTP/1.1" 404 312 "-" "Baiduspider+(+http://www.baidu.com/search/spider.htm)"
66.249.72.213 - - [16/Nov/2011:06:23:38 +0100] "GET /enquete/images/data/quiz8.png HTTP/1.1" 304 - "-" "Googlebot-Image/1.0"
123.125.71.29 - - [16/Nov/2011:06:36:53 +0100] "GET / HTTP/1.1" 302 400 "-" "Mozilla/5.0 (compatible; Baiduspider/2.0; +http://www.baidu.com/search/spider.html)"
220.181.108.81 - - [16/Nov/2011:06:37:32 +0100] "GET / HTTP/1.1" 302 400 "-" "Mozilla/5.0 (compatible; Baiduspider/2.0; +http://www.baidu.com/search/spider.html)"
208.115.111.68 - - [16/Nov/2011:06:54:18 +0100] "GET /pg_pres_qui.htm HTTP/1.1" 404 391 "-" "Mozilla/5.0 (compatible; Ezooms/1.0; ezooms.bot@gmail.com)"
66.249.72.213 - - [16/Nov/2011:07:00:40 +0100] "GET /enquete/images/data/pie-chartSmall.jpg HTTP/1.1" 304 - "-" "Googlebot-Image/1.0"
95.108.245.253 - - [16/Nov/2011:07:02:37 +0100] "GET /pg_services.htm HTTP/1.1" 304 - "-" "Mozilla/5.0 (compatible; YandexBot/3.0; +http://yandex.com/bots)"
124.115.6.11 - - [16/Nov/2011:07:06:59 +0100] "GET /robots.txt HTTP/1.1" 404 310 "-" "Sosospider+(+http://help.soso.com/webspider.htm)"
207.46.199.250 - - [16/Nov/2011:07:11:01 +0100] "GET /robots.txt HTTP/1.1" 200 44 "-" "msnbot-media/1.1 (+http://search.msn.com/msnbot.htm)"
207.46.199.250 - - [16/Nov/2011:07:11:01 +0100] "GET /images/newsItsok.jpg HTTP/1.1" 200 6629 "-" "msnbot-media/1.1 (+http://search.msn.com/msnbot.htm)"
207.46.199.250 - - [16/Nov/2011:07:11:01 +0100] "GET /pg_pres_qui.htm HTTP/1.1" 200 2444 "-" "msnbot-media/1.1 (+http://search.msn.com/msnbot.htm)"
207.46.204.224 - - [16/Nov/2011:07:15:40 +0100] "GET /robots.txt HTTP/1.1" 200 24 "-" "Mozilla/5.0 (compatible; bingbot/2.0; +http://www.bing.com/bingbot.htm)"
207.46.204.224 - - [16/Nov/2011:07:16:27 +0100] "GET /pg_outils_pilot.htm HTTP/1.1" 200 2344 "-" "Mozilla/5.0 (compatible; bingbot/2.0; +http://www.bing.com/bingbot.htm)"
207.46.199.180 - - [16/Nov/2011:07:22:31 +0100] "GET /robots.txt HTTP/1.1" 404 386 "-" "Mozilla/5.0 (compatible; bingbot/2.0; +http://www.bing.com/bingbot.htm)"
207.46.199.180 - - [16/Nov/2011:07:28:53 +0100] "GET /robots.txt HTTP/1.1" 404 390 "-" "Mozilla/5.0 (compatible; bingbot/2.0; +http://www.bing.com/bingbot.htm)"
123.125.71.16 - - [16/Nov/2011:07:37:40 +0100] "GET / HTTP/1.1" 302 400 "-" "Mozilla/5.0 (compatible; Baiduspider/2.0; +http://www.baidu.com/search/spider.html)"
66.249.72.213 - - [16/Nov/2011:07:37:45 +0100] "GET /enquete/images/data/quiz7.png HTTP/1.1" 304 - "-" "Googlebot-Image/1.0"
220.181.108.78 - - [16/Nov/2011:07:38:21 +0100] "GET / HTTP/1.1" 302 400 "-" "Mozilla/5.0 (compatible; Baiduspider/2.0; +http://www.baidu.com/search/spider.html)"
77.20.40.89 - - [16/Nov/2011:07:45:48 +0100] "GET /quiz/pilot?service=accessQuestionnaire&idQuiz=164&key=0984155605 HTTP/1.1" 200 11255 "-" "findlinks/2.0.2 (+http://wortschatz.uni-leipzig.de/findlinks/)"
77.20.40.89 - - [16/Nov/2011:07:45:49 +0100] "GET /quiz/pilot?service=accessQuestionnaire&idQuiz=164&key=0984155605 HTTP/1.1" 200 11255 "-" "findlinks/2.0.2 (+http://wortschatz.uni-leipzig.de/findlinks/)"
124.115.6.11 - - [16/Nov/2011:07:57:12 +0100] "GET /robots.txt HTTP/1.1" 404 312 "-" "Sosospider+(+http://help.soso.com/webspider.htm)"
66.249.72.213 - - [16/Nov/2011:08:06:09 +0100] "GET /enquete/quizz?service=quizz&d=servicesPlus HTTP/1.1" 200 2988 "-" "Mozilla/5.0 (compatible; Googlebot/2.1; +http://www.google.com/bot.html)"
66.249.72.87 - - [16/Nov/2011:08:14:42 +0100] "GET /images/img_icone_pdf.gif HTTP/1.1" 304 - "-" "Googlebot-Image/1.0"
62.231.141.193 - - [16/Nov/2011:08:17:53 +0100] "GET /robots.txt HTTP/1.0" 404 390 "-" "Mozilla/5.0 (compatible; MJ12bot/v1.4.0; http://www.majestic12.co.uk/bot.php?+)"
62.231.141.193 - - [16/Nov/2011:08:17:55 +0100] "GET / HTTP/1.0" 200 2069 "-" "Mozilla/5.0 (compatible; MJ12bot/v1.4.0; http://www.majestic12.co.uk/bot.php?+)"
207.46.199.180 - - [16/Nov/2011:08:18:15 +0100] "GET /robots.txt HTTP/1.1" 404 386 "-" "Mozilla/5.0 (compatible; bingbot/2.0; +http://www.bing.com/bingbot.htm)"
50.23.239.14 - - [16/Nov/2011:08:32:10 +0100] "GET /robots.txt HTTP/1.1" 404 386 "http://www.orangeask.com/" "Mozilla/4.0 (compatible; MSIE 7.0; Windows NT 5.1; Mozilla/4.0 (compatible; MSIE 6.0; Windows NT 5.1; SV1) ; .NET CLR 2.0.50727; .NET CLR 3.0.4506.2152; .NET CLR 3.5.30729)"
50.23.239.14 - - [16/Nov/2011:08:32:10 +0100] "GET / HTTP/1.1" 302 394 "http://www.orangeask.com/" "Mozilla/4.0 (compatible; MSIE 7.0; Windows NT 5.1; Mozilla/4.0 (compatible; MSIE 6.0; Windows NT 5.1; SV1) ; .NET CLR 2.0.50727; .NET CLR 3.0.4506.2152; .NET CLR 3.5.30729)"
50.23.239.14 - - [16/Nov/2011:08:32:10 +0100] "GET /enquete/ HTTP/1.1" 200 10282 "http://www.orangeask.com/" "Mozilla/4.0 (compatible; MSIE 7.0; Windows NT 5.1; Mozilla/4.0 (compatible; MSIE 6.0; Windows NT 5.1; SV1) ; .NET CLR 2.0.50727; .NET CLR 3.0.4506.2152; .NET CLR 3.5.30729)"
66.249.72.121 - - [16/Nov/2011:08:34:28 +0100] "GET /quiz/pilot?service=accessQuestionnaire&idQuiz=59&key=2010429418 HTTP/1.1" 200 3999 "-" "Mozilla/5.0 (compatible; Googlebot/2.1; +http://www.google.com/bot.html)"
123.125.71.32 - - [16/Nov/2011:08:37:56 +0100] "GET / HTTP/1.1" 302 400 "-" "Mozilla/5.0 (compatible; Baiduspider/2.0; +http://www.baidu.com/search/spider.html)"
220.181.108.90 - - [16/Nov/2011:08:38:08 +0100] "GET / HTTP/1.1" 302 400 "-" "Mozilla/5.0 (compatible; Baiduspider/2.0; +http://www.baidu.com/search/spider.html)"
220.181.108.174 - - [16/Nov/2011:08:38:17 +0100] "GET / HTTP/1.1" 301 410 "-" "Mozilla/5.0 (compatible; Baiduspider/2.0; +http://www.baidu.com/search/spider.html)"
123.125.71.115 - - [16/Nov/2011:08:38:40 +0100] "GET / HTTP/1.1" 301 410 "-" "Mozilla/5.0 (compatible; Baiduspider/2.0; +http://www.baidu.com/search/spider.html)"
138.195.13.2 - - [16/Nov/2011:08:46:53 +0100] "GET /quiz/pilot?service=accessQuestionnaire&idQuiz=198&key=6307859303 HTTP/1.1" 200 2561 "-" "Mozilla/5.0 (Macintosh; U; Intel Mac OS X 10.6; fr; rv:1.9.2.24) Gecko/20111103 Firefox/3.6.24"
138.195.13.2 - - [16/Nov/2011:08:46:53 +0100] "GET /quiz/css/company/ecp/exec_1.css HTTP/1.1" 200 1985 "http://manager.itsquizz.com/quiz/pilot?service=accessQuestionnaire&idQuiz=198&key=6307859303" "Mozilla/5.0 (Macintosh; U; Intel Mac OS X 10.6; fr; rv:1.9.2.24) Gecko/20111103 Firefox/3.6.24"
138.195.13.2 - - [16/Nov/2011:08:46:53 +0100] "GET /quiz/css/calendar/xc2_default.css HTTP/1.1" 200 6787 "http://manager.itsquizz.com/quiz/pilot?service=accessQuestionnaire&idQuiz=198&key=6307859303" "Mozilla/5.0 (Macintosh; U; Intel Mac OS X 10.6; fr; rv:1.9.2.24) Gecko/20111103 Firefox/3.6.24"
138.195.13.2 - - [16/Nov/2011:08:46:53 +0100] "GET /quiz/scripts/calendar/xc2_default_fr.js HTTP/1.1" 200 7889 "http://manager.itsquizz.com/quiz/pilot?service=accessQuestionnaire&idQuiz=198&key=6307859303" "Mozilla/5.0 (Macintosh; U; Intel Mac OS X 10.6; fr; rv:1.9.2.24) Gecko/20111103 Firefox/3.6.24"
138.195.13.2 - - [16/Nov/2011:08:46:53 +0100] "GET /quiz/scripts/util.js HTTP/1.1" 200 9080 "http://manager.itsquizz.com/quiz/pilot?service=accessQuestionnaire&idQuiz=198&key=6307859303" "Mozilla/5.0 (Macintosh; U; Intel Mac OS X 10.6; fr; rv:1.9.2.24) Gecko/20111103 Firefox/3.6.24"
138.195.13.2 - - [16/Nov/2011:08:46:53 +0100] "GET /quiz/scripts/labelSubmit_fr.js HTTP/1.1" 200 585 "http://manager.itsquizz.com/quiz/pilot?service=accessQuestionnaire&idQuiz=198&key=6307859303" "Mozilla/5.0 (Macintosh; U; Intel Mac OS X 10.6; fr; rv:1.9.2.24) Gecko/20111103 Firefox/3.6.24"
138.195.13.2 - - [16/Nov/2011:08:46:53 +0100] "GET /quiz/scripts/itsok_date.js HTTP/1.1" 200 1192 "http://manager.itsquizz.com/quiz/pilot?service=accessQuestionnaire&idQuiz=198&key=6307859303" "Mozilla/5.0 (Macintosh; U; Intel Mac OS X 10.6; fr; rv:1.9.2.24) Gecko/20111103 Firefox/3.6.24"
138.195.13.2 - - [16/Nov/2011:08:46:53 +0100] "GET /quiz/scripts/dhtmlgoodies_slider.js HTTP/1.1" 200 5330 "http://manager.itsquizz.com/quiz/pilot?service=accessQuestionnaire&idQuiz=198&key=6307859303" "Mozilla/5.0 (Macintosh; U; Intel Mac OS X 10.6; fr; rv:1.9.2.24) Gecko/20111103 Firefox/3.6.24"
138.195.13.2 - - [16/Nov/2011:08:46:53 +0100] "GET /quiz/scripts/itsok_form.js HTTP/1.1" 200 26467 "http://manager.itsquizz.com/quiz/pilot?service=accessQuestionnaire&idQuiz=198&key=6307859303" "Mozilla/5.0 (Macintosh; U; Intel Mac OS X 10.6; fr; rv:1.9.2.24) Gecko/20111103 Firefox/3.6.24"
138.195.13.2 - - [16/Nov/2011:08:46:53 +0100] "GET /quiz/scripts/conditions.js HTTP/1.1" 200 20246 "http://manager.itsquizz.com/quiz/pilot?service=accessQuestionnaire&idQuiz=198&key=6307859303" "Mozilla/5.0 (Macintosh; U; Intel Mac OS X 10.6; fr; rv:1.9.2.24) Gecko/20111103 Firefox/3.6.24"
138.195.13.2 - - [16/Nov/2011:08:46:53 +0100] "GET /quiz/scripts/calendar/xc2_inpage.js HTTP/1.1" 200 23111 "http://manager.itsquizz.com/quiz/pilot?service=accessQuestionnaire&idQuiz=198&key=6307859303" "Mozilla/5.0 (Macintosh; U; Intel Mac OS X 10.6; fr; rv:1.9.2.24) Gecko/20111103 Firefox/3.6.24"
138.195.13.2 - - [16/Nov/2011:08:46:53 +0100] "GET /quiz/scripts/wz_tooltip.js HTTP/1.1" 200 16560 "http://manager.itsquizz.com/quiz/pilot?service=accessQuestionnaire&idQuiz=198&key=6307859303" "Mozilla/5.0 (Macintosh; U; Intel Mac OS X 10.6; fr; rv:1.9.2.24) Gecko/20111103 Firefox/3.6.24"
138.195.13.2 - - [16/Nov/2011:08:46:53 +0100] "GET /quiz/scripts/calendar/mod_time.js HTTP/1.1" 200 3188 "http://manager.itsquizz.com/quiz/pilot?service=accessQuestionnaire&idQuiz=198&key=6307859303" "Mozilla/5.0 (Macintosh; U; Intel Mac OS X 10.6; fr; rv:1.9.2.24) Gecko/20111103 Firefox/3.6.24"
138.195.13.2 - - [16/Nov/2011:08:46:53 +0100] "GET /favicon.ico HTTP/1.1" 404 312 "-" "Mozilla/5.0 (Macintosh; U; Intel Mac OS X 10.6; fr; rv:1.9.2.24) Gecko/20111103 Firefox/3.6.24"
138.195.13.2 - - [16/Nov/2011:08:46:53 +0100] "GET /quiz/images/button-bg.jpg HTTP/1.1" 200 797 "http://manager.itsquizz.com/quiz/css/company/ecp/exec_1.css" "Mozilla/5.0 (Macintosh; U; Intel Mac OS X 10.6; fr; rv:1.9.2.24) Gecko/20111103 Firefox/3.6.24"
138.195.13.2 - - [16/Nov/2011:08:46:56 +0100] "GET /favicon.ico HTTP/1.1" 404 312 "-" "Mozilla/5.0 (Macintosh; U; Intel Mac OS X 10.6; fr; rv:1.9.2.24) Gecko/20111103 Firefox/3.6.24"
66.249.72.87 - - [16/Nov/2011:08:51:52 +0100] "GET /images/img_ico_pilot.jpg HTTP/1.1" 304 - "-" "Googlebot-Image/1.0"
66.249.72.121 - - [16/Nov/2011:08:54:04 +0100] "GET /quiz/css/calendar/xc2_default.css HTTP/1.1" 200 6787 "http://manager.itsquizz.com/quiz/pilot?service=accessQuestionnaire&idQuiz=59&key=2010429418" "Mozilla/5.0 (compatible; Googlebot/2.1; +http://www.google.com/bot.html)"
66.249.72.121 - - [16/Nov/2011:08:54:05 +0100] "GET /quiz/css/company/itsok/exec_27.css HTTP/1.1" 200 2182 "http://manager.itsquizz.com/quiz/pilot?service=accessQuestionnaire&idQuiz=59&key=2010429418" "Mozilla/5.0 (compatible; Googlebot/2.1; +http://www.google.com/bot.html)"
66.249.72.121 - - [16/Nov/2011:08:54:05 +0100] "GET /quiz/scripts/labelSubmit_fr.js HTTP/1.1" 200 585 "http://manager.itsquizz.com/quiz/pilot?service=accessQuestionnaire&idQuiz=59&key=2010429418" "Mozilla/5.0 (compatible; Googlebot/2.1; +http://www.google.com/bot.html)"
66.249.72.121 - - [16/Nov/2011:08:54:06 +0100] "GET /quiz/scripts/dhtmlgoodies_slider.js HTTP/1.1" 200 5330 "http://manager.itsquizz.com/quiz/pilot?service=accessQuestionnaire&idQuiz=59&key=2010429418" "Mozilla/5.0 (compatible; Googlebot/2.1; +http://www.google.com/bot.html)"
66.249.72.121 - - [16/Nov/2011:08:54:10 +0100] "GET /quiz/images/company/itsok/headerLogoImg_27 HTTP/1.1" 200 27267 "http://manager.itsquizz.com/quiz/pilot?service=accessQuestionnaire&idQuiz=59&key=2010429418" "Mozilla/5.0 (compatible; Googlebot/2.1; +http://www.google.com/bot.html)"
66.249.72.87 - - [16/Nov/2011:09:01:09 +0100] "GET /pg_form1.php HTTP/1.1" 200 645 "-" "Mozilla/5.0 (compatible; Googlebot/2.1; +http://www.google.com/bot.html)"
95.108.249.30 - - [16/Nov/2011:09:02:43 +0100] "GET /robots.txt HTTP/1.1" 404 390 "-" "Mozilla/5.0 (compatible; YandexBot/3.0; +http://yandex.com/bots)"
114.80.93.73 - - [16/Nov/2011:09:13:34 +0100] "GET / HTTP/1.0" 302 394 "-" "Mozilla/4.0 (compatible; MSIE 6.0; Windows NT 5.1; SV1; .NET CLR 1.1.4322;TencentTraveler)"
114.80.93.73 - - [16/Nov/2011:09:13:43 +0100] "GET /enquete/ HTTP/1.0" 200 10284 "-" "Mozilla/4.0 (compatible; MSIE 6.0; Windows NT 5.1; SV1; .NET CLR 1.1.4322;TencentTraveler)"
208.80.194.28 - - [16/Nov/2011:09:18:42 +0100] "GET / HTTP/1.0" 200 13136 "-" "Mozilla/4.0 (compatible; MSIE 6.0; AOL 9.0; Windows NT 5.1; SV1; .NET CLR 1.0.3705; .NET CLR 1.1.4322; Media Center PC 4.0; .NET CLR 2.0.50727; Creative ZENcast v1.02.08)"
124.115.5.11 - - [16/Nov/2011:09:20:36 +0100] "GET / HTTP/1.0" 302 394 "-" "Mozilla/4.0 (compatible; MSIE 6.0; Windows NT 5.1; SV1; .NET CLR 1.1.4322;TencentTraveler)"
124.115.5.11 - - [16/Nov/2011:09:20:41 +0100] "GET /enquete/ HTTP/1.0" 200 10284 "-" "Mozilla/4.0 (compatible; MSIE 6.0; Windows NT 5.1; SV1; .NET CLR 1.1.4322;TencentTraveler)"
80.11.149.210 - - [16/Nov/2011:09:22:37 +0100] "GET /quiz/pilot?service=accessQuestionnaire&idQuiz=146&key=7650035784 HTTP/1.1" 200 800 "-" "Mozilla/5.0 (Windows; U; Windows NT 5.1; fr; rv:1.9.1.9) Gecko/20100315 Firefox/3.5.9"
80.11.149.210 - - [16/Nov/2011:09:22:37 +0100] "GET /quiz/css/company/cnrs/exec_56.css HTTP/1.1" 200 2357 "https://manager.itsquizz.com/quiz/pilot?service=accessQuestionnaire&idQuiz=146&key=7650035784" "Mozilla/5.0 (Windows; U; Windows NT 5.1; fr; rv:1.9.1.9) Gecko/20100315 Firefox/3.5.9"
80.11.149.210 - - [16/Nov/2011:09:22:37 +0100] "GET /quiz/images/bt_ok_off.gif HTTP/1.1" 200 169 "https://manager.itsquizz.com/quiz/pilot?service=accessQuestionnaire&idQuiz=146&key=7650035784" "Mozilla/5.0 (Windows; U; Windows NT 5.1; fr; rv:1.9.1.9) Gecko/20100315 Firefox/3.5.9"
80.11.149.210 - - [16/Nov/2011:09:22:37 +0100] "GET /quiz/images/company/cnrs/headerLogoImg_56 HTTP/1.1" 200 67304 "https://manager.itsquizz.com/quiz/css/company/cnrs/exec_56.css" "Mozilla/5.0 (Windows; U; Windows NT 5.1; fr; rv:1.9.1.9) Gecko/20100315 Firefox/3.5.9"
80.11.149.210 - - [16/Nov/2011:09:22:37 +0100] "GET /favicon.ico HTTP/1.1" 404 313 "-" "Mozilla/5.0 (Windows; U; Windows NT 5.1; fr; rv:1.9.1.9) Gecko/20100315 Firefox/3.5.9"
80.11.149.210 - - [16/Nov/2011:09:22:40 +0100] "GET /favicon.ico HTTP/1.1" 404 313 "-" "Mozilla/5.0 (Windows; U; Windows NT 5.1; fr; rv:1.9.1.9) Gecko/20100315 Firefox/3.5.9"
80.11.149.210 - - [16/Nov/2011:09:22:47 +0100] "POST /quiz/pilot HTTP/1.1" 200 3873 "https://manager.itsquizz.com/quiz/pilot?service=accessQuestionnaire&idQuiz=146&key=7650035784" "Mozilla/5.0 (Windows; U; Windows NT 5.1; fr; rv:1.9.1.9) Gecko/20100315 Firefox/3.5.9"
80.11.149.210 - - [16/Nov/2011:09:22:47 +0100] "GET /quiz/css/calendar/xc2_default.css HTTP/1.1" 200 6787 "https://manager.itsquizz.com/quiz/pilot" "Mozilla/5.0 (Windows; U; Windows NT 5.1; fr; rv:1.9.1.9) Gecko/20100315 Firefox/3.5.9"
80.11.149.210 - - [16/Nov/2011:09:22:47 +0100] "GET /quiz/scripts/calendar/xc2_default_fr.js HTTP/1.1" 200 7889 "https://manager.itsquizz.com/quiz/pilot" "Mozilla/5.0 (Windows; U; Windows NT 5.1; fr; rv:1.9.1.9) Gecko/20100315 Firefox/3.5.9"
80.11.149.210 - - [16/Nov/2011:09:22:47 +0100] "GET /quiz/images/company/cnrs/validatePass.js HTTP/1.1" 200 4415 "https://manager.itsquizz.com/quiz/pilot" "Mozilla/5.0 (Windows; U; Windows NT 5.1; fr; rv:1.9.1.9) Gecko/20100315 Firefox/3.5.9"
80.11.149.210 - - [16/Nov/2011:09:22:47 +0100] "GET /quiz/scripts/util.js HTTP/1.1" 200 9080 "https://manager.itsquizz.com/quiz/pilot" "Mozilla/5.0 (Windows; U; Windows NT 5.1; fr; rv:1.9.1.9) Gecko/20100315 Firefox/3.5.9"
80.11.149.210 - - [16/Nov/2011:09:22:47 +0100] "GET /quiz/scripts/util_window.js HTTP/1.1" 200 1122 "https://manager.itsquizz.com/quiz/pilot" "Mozilla/5.0 (Windows; U; Windows NT 5.1; fr; rv:1.9.1.9) Gecko/20100315 Firefox/3.5.9"
80.11.149.210 - - [16/Nov/2011:09:22:47 +0100] "GET /quiz/scripts/itsok_menu.js HTTP/1.1" 200 4050 "https://manager.itsquizz.com/quiz/pilot" "Mozilla/5.0 (Windows; U; Windows NT 5.1; fr; rv:1.9.1.9) Gecko/20100315 Firefox/3.5.9"
80.11.149.210 - - [16/Nov/2011:09:22:47 +0100] "GET /quiz/scripts/labelSubmit_fr.js HTTP/1.1" 200 585 "https://manager.itsquizz.com/quiz/pilot" "Mozilla/5.0 (Windows; U; Windows NT 5.1; fr; rv:1.9.1.9) Gecko/20100315 Firefox/3.5.9"
80.11.149.210 - - [16/Nov/2011:09:22:47 +0100] "GET /quiz/scripts/itsok_date.js HTTP/1.1" 200 1192 "https://manager.itsquizz.com/quiz/pilot" "Mozilla/5.0 (Windows; U; Windows NT 5.1; fr; rv:1.9.1.9) Gecko/20100315 Firefox/3.5.9"
80.11.149.210 - - [16/Nov/2011:09:22:47 +0100] "GET /quiz/scripts/dhtmlgoodies_slider.js HTTP/1.1" 200 5330 "https://manager.itsquizz.com/quiz/pilot" "Mozilla/5.0 (Windows; U; Windows NT 5.1; fr; rv:1.9.1.9) Gecko/20100315 Firefox/3.5.9"
80.11.149.210 - - [16/Nov/2011:09:22:47 +0100] "GET /quiz/scripts/itsok_form.js HTTP/1.1" 200 26467 "https://manager.itsquizz.com/quiz/pilot" "Mozilla/5.0 (Windows; U; Windows NT 5.1; fr; rv:1.9.1.9) Gecko/20100315 Firefox/3.5.9"
80.11.149.210 - - [16/Nov/2011:09:22:47 +0100] "GET /quiz/scripts/calendar/xc2_inpage.js HTTP/1.1" 200 23111 "https://manager.itsquizz.com/quiz/pilot" "Mozilla/5.0 (Windows; U; Windows NT 5.1; fr; rv:1.9.1.9) Gecko/20100315 Firefox/3.5.9"
80.11.149.210 - - [16/Nov/2011:09:22:47 +0100] "GET /quiz/scripts/conditions.js HTTP/1.1" 200 20246 "https://manager.itsquizz.com/quiz/pilot" "Mozilla/5.0 (Windows; U; Windows NT 5.1; fr; rv:1.9.1.9) Gecko/20100315 Firefox/3.5.9"
80.11.149.210 - - [16/Nov/2011:09:22:47 +0100] "GET /quiz/scripts/wz_tooltip.js HTTP/1.1" 200 16560 "https://manager.itsquizz.com/quiz/pilot" "Mozilla/5.0 (Windows; U; Windows NT 5.1; fr; rv:1.9.1.9) Gecko/20100315 Firefox/3.5.9"
80.11.149.210 - - [16/Nov/2011:09:22:47 +0100] "GET /quiz/scripts/calendar/mod_time.js HTTP/1.1" 200 3188 "https://manager.itsquizz.com/quiz/pilot" "Mozilla/5.0 (Windows; U; Windows NT 5.1; fr; rv:1.9.1.9) Gecko/20100315 Firefox/3.5.9"
123.125.71.116 - - [16/Nov/2011:09:24:51 +0100] "GET / HTTP/1.1" 200 3725 "-" "Mozilla/5.0 (compatible; Baiduspider/2.0; +http://www.baidu.com/search/spider.html)"
80.11.149.210 - - [16/Nov/2011:09:25:34 +0100] "GET /quiz/pilot?service=accessQuestionnaire&idQuiz=146&key=7650035784 HTTP/1.1" 200 800 "-" "Mozilla/5.0 (Windows; U; Windows NT 5.1; fr; rv:1.9.2.15) Gecko/20110303 Firefox/3.6.15"
80.11.149.210 - - [16/Nov/2011:09:25:35 +0100] "GET /quiz/css/company/cnrs/exec_56.css HTTP/1.1" 200 2357 "https://manager.itsquizz.com/quiz/pilot?service=accessQuestionnaire&idQuiz=146&key=7650035784" "Mozilla/5.0 (Windows; U; Windows NT 5.1; fr; rv:1.9.2.15) Gecko/20110303 Firefox/3.6.15"
80.11.149.210 - - [16/Nov/2011:09:25:36 +0100] "GET /quiz/images/bt_ok_off.gif HTTP/1.1" 200 169 "https://manager.itsquizz.com/quiz/pilot?service=accessQuestionnaire&idQuiz=146&key=7650035784" "Mozilla/5.0 (Windows; U; Windows NT 5.1; fr; rv:1.9.2.15) Gecko/20110303 Firefox/3.6.15"
80.11.149.210 - - [16/Nov/2011:09:25:36 +0100] "GET /quiz/images/company/cnrs/headerLogoImg_56 HTTP/1.1" 200 67304 "https://manager.itsquizz.com/quiz/css/company/cnrs/exec_56.css" "Mozilla/5.0 (Windows; U; Windows NT 5.1; fr; rv:1.9.2.15) Gecko/20110303 Firefox/3.6.15"
80.11.149.210 - - [16/Nov/2011:09:25:36 +0100] "GET /favicon.ico HTTP/1.1" 404 313 "-" "Mozilla/5.0 (Windows; U; Windows NT 5.1; fr; rv:1.9.2.15) Gecko/20110303 Firefox/3.6.15"
80.11.149.210 - - [16/Nov/2011:09:25:39 +0100] "GET /favicon.ico HTTP/1.1" 404 313 "-" "Mozilla/5.0 (Windows; U; Windows NT 5.1; fr; rv:1.9.2.15) Gecko/20110303 Firefox/3.6.15"
80.11.149.210 - - [16/Nov/2011:09:25:45 +0100] "POST /quiz/pilot HTTP/1.1" 200 3873 "https://manager.itsquizz.com/quiz/pilot?service=accessQuestionnaire&idQuiz=146&key=7650035784" "Mozilla/5.0 (Windows; U; Windows NT 5.1; fr; rv:1.9.2.15) Gecko/20110303 Firefox/3.6.15"
80.11.149.210 - - [16/Nov/2011:09:25:45 +0100] "GET /quiz/css/calendar/xc2_default.css HTTP/1.1" 200 6787 "https://manager.itsquizz.com/quiz/pilot" "Mozilla/5.0 (Windows; U; Windows NT 5.1; fr; rv:1.9.2.15) Gecko/20110303 Firefox/3.6.15"
80.11.149.210 - - [16/Nov/2011:09:25:45 +0100] "GET /quiz/scripts/calendar/xc2_default_fr.js HTTP/1.1" 200 7889 "https://manager.itsquizz.com/quiz/pilot" "Mozilla/5.0 (Windows; U; Windows NT 5.1; fr; rv:1.9.2.15) Gecko/20110303 Firefox/3.6.15"
